{"id":475472,"date":"2026-08-24T10:48:17","date_gmt":"2026-08-24T08:48:17","guid":{"rendered":"https:\/\/horgaszhely.hu\/hun\/termek\/quut-banana-blue-felfujhato-uszogumi-40-cm\/"},"modified":"2026-08-24T10:48:18","modified_gmt":"2026-08-24T08:48:18","slug":"quut-banana-blue-felfujhato-uszogumi-40-cm","status":"publish","type":"product","link":"https:\/\/horgaszhely.hu\/hun\/termek\/quut-banana-blue-felfujhato-uszogumi-40-cm\/","title":{"rendered":"Quut Banana Blue felf\u00fajhat\u00f3 \u00fasz\u00f3gumi (40 cm)"},"content":{"rendered":"<p>A Quut \u00fasz\u00f3gumi nagyszer\u0171 \u00e9s megb\u00edzhat\u00f3 j\u00e1t\u00e9k 18 h\u00f3napos kort\u00f3l eg\u00e9szen 4 \u00e9ves korig.\u00a0A felf\u00fajhat\u00f3 \u00fasz\u00f3gumi rengeteg sz\u00f3rakoz\u00e1st ny\u00fajt a gyerekeknek a v\u00edzben. Azoknak a gyermekeknek, akik f\u00e9lnek a v\u00edzt\u0151l, b\u00e1tors\u00e1got ad a v\u00edzi vil\u00e1gban. Az \u00fasz\u00f3gumi alkalmas \u00fasz\u00f3knak \u00e9s nem \u00fasz\u00f3knak is. Medenc\u00e9be, de ak\u00e1r a tengerbe is.\u00a0Tiszt\u00edt\u00e1s \u00e9s \u00e1pol\u00e1s:Minden haszn\u00e1lat ut\u00e1n alaposan \u00f6bl\u00edtse le, \u00e9s \u00f6sszehajt\u00e1s el\u0151tt hagyja a leveg\u0151n megsz\u00e1radni.Ne t\u00e1rolja szobah\u0151m\u00e9rs\u00e9klet alatti h\u0151m\u00e9rs\u00e9klet\u0171 helyis\u00e9gben.Minden Quut term\u00e9k biztons\u00e1gos a gyermekek sz\u00e1m\u00e1ra. BPA, ftal\u00e1tok \u00e9s latex n\u00e9lk\u00fcl k\u00e9sz\u00fclnek. Nem tartalmaznak k\u00e1ros anyagokat, \u00e9s 100% \u00fajrahasznos\u00edthat\u00f3k.M\u00e9ret: 40 cm\u00a0S\u00faly: 100 gAnyag: tart\u00f3s vinilEgyszer\u0171 szelepek.\u00a0<\/p>\n","protected":false},"excerpt":{"rendered":"<p>A Quut \u00fasz\u00f3gumi nagyszer\u0171 \u00e9s megb\u00edzhat\u00f3 j\u00e1t\u00e9k 18 h\u00f3napos kort\u00f3l eg\u00e9szen 4 \u00e9ves korig.\u00a0A felf\u00fajhat\u00f3 \u00fasz\u00f3gumi rengeteg sz\u00f3rakoz\u00e1st ny\u00fajt a gyerekeknek a v\u00edzben. Azoknak a gyermekeknek, akik f\u00e9lnek a v\u00edzt\u0151l, b\u00e1tors\u00e1got ad a v\u00edzi vil\u00e1gban. Az \u00fasz\u00f3gumi alkalmas \u00fasz\u00f3knak \u00e9s nem \u00fasz\u00f3knak is. Medenc\u00e9be, de ak\u00e1r a tengerbe is.\u00a0Tiszt\u00edt\u00e1s \u00e9s \u00e1pol\u00e1s:Minden haszn\u00e1lat ut\u00e1n alaposan \u00f6bl\u00edtse [&hellip;]<\/p>\n","protected":false},"featured_media":475473,"template":"","meta":{"_acf_changed":false},"product_brand":[],"product_cat":[62,3369],"product_tag":[],"class_list":["post-475472","product","type-product","status-publish","has-post-thumbnail","product_cat-ajandekotletek","product_cat-babaapolas-ajandekotletek","first","instock","product-type-external"],"acf":[],"_links":{"self":[{"href":"https:\/\/horgaszhely.hu\/hun\/wp-json\/wp\/v2\/product\/475472","targetHints":{"allow":["GET"]}}],"collection":[{"href":"https:\/\/horgaszhely.hu\/hun\/wp-json\/wp\/v2\/product"}],"about":[{"href":"https:\/\/horgaszhely.hu\/hun\/wp-json\/wp\/v2\/types\/product"}],"wp:featuredmedia":[{"embeddable":true,"href":"https:\/\/horgaszhely.hu\/hun\/wp-json\/wp\/v2\/media\/475473"}],"wp:attachment":[{"href":"https:\/\/horgaszhely.hu\/hun\/wp-json\/wp\/v2\/media?parent=475472"}],"wp:term":[{"taxonomy":"product_brand","embeddable":true,"href":"https:\/\/horgaszhely.hu\/hun\/wp-json\/wp\/v2\/product_brand?post=475472"},{"taxonomy":"product_cat","embeddable":true,"href":"https:\/\/horgaszhely.hu\/hun\/wp-json\/wp\/v2\/product_cat?post=475472"},{"taxonomy":"product_tag","embeddable":true,"href":"https:\/\/horgaszhely.hu\/hun\/wp-json\/wp\/v2\/product_tag?post=475472"}],"curies":[{"name":"wp","href":"https:\/\/api.w.org\/{rel}","templated":true}]}}

Quut Banana Blue felfújható úszógumi (40 cm)

<p>A Quut úszógumi nagyszerű és megbízható játék 18 hónapos kortól egészen 4 éves korig. A felfújható úszógumi rengeteg szórakozást nyújt a gyerekeknek a vízben. Azoknak a gyermekeknek, akik félnek a víztől, bátorságot ad a vízi világban. Az úszógumi alkalmas úszóknak és nem úszóknak is. Medencébe, de akár a tengerbe is. Tisztítás és ápolás:Minden használat után alaposan öblítse le, és összehajtás előtt hagyja a levegőn megszáradni.Ne tárolja szobahőmérséklet alatti hőmérsékletű helyiségben.Minden Quut termék biztonságos a gyermekek számára. BPA, ftalátok és latex nélkül készülnek. Nem tartalmaznak káros anyagokat, és 100% újrahasznosíthatók.Méret: 40 cm Súly: 100 gAnyag: tartós vinilEgyszerű szelepek. </p>

<p>A Quut úszógumi nagyszerű és megbízható játék 18 hónapos kortól egészen 4 éves korig. A felfújható úszógumi rengeteg szórakozást nyújt a gyerekeknek a vízben. Azoknak a gyermekeknek, akik félnek a víztől, bátorságot ad a vízi világban. Az úszógumi alkalmas úszóknak és nem úszóknak is. Medencébe, de akár a tengerbe is. Tisztítás és ápolás:Minden használat után alaposan öblítse [&hellip;]</p>
