{"id":475488,"date":"2026-08-24T10:48:34","date_gmt":"2026-08-24T08:48:34","guid":{"rendered":"https:\/\/horgaszhely.hu\/hun\/termek\/retro-ebresztoora\/"},"modified":"2026-08-24T10:48:35","modified_gmt":"2026-08-24T08:48:35","slug":"retro-ebresztoora","status":"publish","type":"product","link":"https:\/\/horgaszhely.hu\/hun\/termek\/retro-ebresztoora\/","title":{"rendered":"Retr\u00f3 \u00e9breszt\u0151\u00f3ra"},"content":{"rendered":"<p>Kedveli a retr\u00f3 st\u00edlust? Akkor rep\u00fclj\u00f6n vissza az id\u0151ben \u00e9s rendeljen a webshopunkb\u00f3l retr\u00f3 \u00e9breszt\u0151\u00f3r\u00e1t. D\u00edsz\u00edtse vele a h\u00e1z\u00e1t vagy a lak\u00e1s\u00e1t ezzel a st\u00edlusos kieg\u00e9sz\u00edt\u0151vel, ami kiv\u00e1rta az idej\u00e9t \u00e9s most t\u00fcrelmetlen\u00fcl v\u00e1rja, hogy \u00faj tulajdonosa legyen &#8211; ak\u00e1r \u00d6n, ak\u00e1r valaki, aki aj\u00e1nd\u00e9kba kapja \u00d6nt\u0151l. A retr\u00f3 \u00e9breszt\u0151\u00f3ra min\u0151s\u00e9gi anyagb\u00f3l k\u00e9sz\u00fcl \u00e9s az eredeti retr\u00f3 diz\u00e1jn ellen\u00e9re rengeteg innovat\u00edv funkci\u00f3t \u00e9s m\u00f3dot tartalmaz, amelyek megfelelnek a jelen kornak. Dobja fel a h\u00e1l\u00f3szob\u00e1ja vagy az eb\u00e9dl\u0151je hangulat\u00e1t \u00e9s csemp\u00e9sszen a h\u00e1ztart\u00e1s\u00e1ba bev\u00e1lt st\u00edlust.F\u00e9mb\u0151l \u00e9s m\u0171anyagb\u00f3l k\u00e9sz\u00fclM\u00e9rete: 18 x 12 x 6 cm2 x AA elemre m\u0171k\u00f6dik (a csomagol\u00e1s nem tartalmazza)\u00a0Express One h\u00e1zhoz sz\u00e1ll\u00edt\u00e1s: 1690 FtGLS sz\u00e1ll\u00edt\u00e1s CsomagPontra: 1490 FtPacketa Csomagpont \u00e9s Csomagautomata: 1090 FtUt\u00e1nv\u00e9tel: + 500 Ft20 000 forint feletti rendel\u00e9s eset\u00e9n a sz\u00e1ll\u00edt\u00e1s ingyenes.<\/p>\n","protected":false},"excerpt":{"rendered":"<p>Kedveli a retr\u00f3 st\u00edlust? Akkor rep\u00fclj\u00f6n vissza az id\u0151ben \u00e9s rendeljen a webshopunkb\u00f3l retr\u00f3 \u00e9breszt\u0151\u00f3r\u00e1t. D\u00edsz\u00edtse vele a h\u00e1z\u00e1t vagy a lak\u00e1s\u00e1t ezzel a st\u00edlusos kieg\u00e9sz\u00edt\u0151vel, ami kiv\u00e1rta az idej\u00e9t \u00e9s most t\u00fcrelmetlen\u00fcl v\u00e1rja, hogy \u00faj tulajdonosa legyen &#8211; ak\u00e1r \u00d6n, ak\u00e1r valaki, aki aj\u00e1nd\u00e9kba kapja \u00d6nt\u0151l. A retr\u00f3 \u00e9breszt\u0151\u00f3ra min\u0151s\u00e9gi anyagb\u00f3l k\u00e9sz\u00fcl \u00e9s az [&hellip;]<\/p>\n","protected":false},"featured_media":475489,"template":"","meta":{"_acf_changed":false},"product_brand":[],"product_cat":[62,1918],"product_tag":[],"class_list":["post-475488","product","type-product","status-publish","has-post-thumbnail","product_cat-ajandekotletek","product_cat-ora-ebresztoora","first","instock","product-type-external"],"acf":[],"_links":{"self":[{"href":"https:\/\/horgaszhely.hu\/hun\/wp-json\/wp\/v2\/product\/475488","targetHints":{"allow":["GET"]}}],"collection":[{"href":"https:\/\/horgaszhely.hu\/hun\/wp-json\/wp\/v2\/product"}],"about":[{"href":"https:\/\/horgaszhely.hu\/hun\/wp-json\/wp\/v2\/types\/product"}],"wp:featuredmedia":[{"embeddable":true,"href":"https:\/\/horgaszhely.hu\/hun\/wp-json\/wp\/v2\/media\/475489"}],"wp:attachment":[{"href":"https:\/\/horgaszhely.hu\/hun\/wp-json\/wp\/v2\/media?parent=475488"}],"wp:term":[{"taxonomy":"product_brand","embeddable":true,"href":"https:\/\/horgaszhely.hu\/hun\/wp-json\/wp\/v2\/product_brand?post=475488"},{"taxonomy":"product_cat","embeddable":true,"href":"https:\/\/horgaszhely.hu\/hun\/wp-json\/wp\/v2\/product_cat?post=475488"},{"taxonomy":"product_tag","embeddable":true,"href":"https:\/\/horgaszhely.hu\/hun\/wp-json\/wp\/v2\/product_tag?post=475488"}],"curies":[{"name":"wp","href":"https:\/\/api.w.org\/{rel}","templated":true}]}}

Retró ébresztőóra

<p>Kedveli a retró stílust? Akkor repüljön vissza az időben és rendeljen a webshopunkból retró ébresztőórát. Díszítse vele a házát vagy a lakását ezzel a stílusos kiegészítővel, ami kivárta az idejét és most türelmetlenül várja, hogy új tulajdonosa legyen &#8211; akár Ön, akár valaki, aki ajándékba kapja Öntől. A retró ébresztőóra minőségi anyagból készül és az eredeti retró dizájn ellenére rengeteg innovatív funkciót és módot tartalmaz, amelyek megfelelnek a jelen kornak. Dobja fel a hálószobája vagy az ebédlője hangulatát és csempésszen a háztartásába bevált stílust.Fémből és műanyagból készülMérete: 18 x 12 x 6 cm2 x AA elemre működik (a csomagolás nem tartalmazza) Express One házhoz szállítás: 1690 FtGLS szállítás CsomagPontra: 1490 FtPacketa Csomagpont és Csomagautomata: 1090 FtUtánvétel: + 500 Ft20 000 forint feletti rendelés esetén a szállítás ingyenes.</p>

<p>Kedveli a retró stílust? Akkor repüljön vissza az időben és rendeljen a webshopunkból retró ébresztőórát. Díszítse vele a házát vagy a lakását ezzel a stílusos kiegészítővel, ami kivárta az idejét és most türelmetlenül várja, hogy új tulajdonosa legyen &#8211; akár Ön, akár valaki, aki ajándékba kapja Öntől. A retró ébresztőóra minőségi anyagból készül és az [&hellip;]</p>
