{"id":475550,"date":"2026-08-24T10:50:18","date_gmt":"2026-08-24T08:50:18","guid":{"rendered":"https:\/\/horgaszhely.hu\/hun\/termek\/tikiri-safari-termeszetes-gumibol-es-biopamutbol-keszult-ragoka-mustard\/"},"modified":"2026-08-24T10:50:19","modified_gmt":"2026-08-24T08:50:19","slug":"tikiri-safari-termeszetes-gumibol-es-biopamutbol-keszult-ragoka-mustard","status":"publish","type":"product","link":"https:\/\/horgaszhely.hu\/hun\/termek\/tikiri-safari-termeszetes-gumibol-es-biopamutbol-keszult-ragoka-mustard\/","title":{"rendered":"Tikiri Safari \u2013 term\u00e9szetes gumib\u00f3l \u00e9s biopamutb\u00f3l k\u00e9sz\u00fclt r\u00e1g\u00f3ka &#8211; Mustard"},"content":{"rendered":"<p>A fogz\u00e1s sor\u00e1n jelentkez\u0151 \u00ednyf\u00e1jdalom enyh\u00edt\u00e9s\u00e9ben k\u00fcl\u00f6nf\u00e9le r\u00e1g\u00f3k\u00e1k seg\u00edthetnek. A Tikiri gyermek r\u00e1g\u00f3ka biztons\u00e1gos anyagokb\u00f3l k\u00e9sz\u00fclt, \u00e9s\u00a0seg\u00edt cs\u00f6kkenteni a gyermekek sz\u00e1j\u00e1ban jelentkez\u0151 fesz\u00fcl\u00e9st.A fogz\u00e1s id\u0151szaka stresszel, f\u00e1jdalommal \u00e9s\u00a0nyugtalans\u00e1ggal j\u00e1r. A gyermekek k\u00fcl\u00f6nf\u00e9le t\u00e1rgyakat vesznek a sz\u00e1jukba, \u00e9s\u00a0a kez\u00fckkel pr\u00f3b\u00e1lj\u00e1k enyh\u00edteni az \u00edny viszket\u00e9s\u00e9t. A r\u00e1g\u00f3k\u00e1k seg\u00edts\u00e9get ny\u00fajtanak, \u00e9s\u00a0biztons\u00e1gosan haszn\u00e1lhat\u00f3k.A Tikiri r\u00e1g\u00f3ka k\u00f6r alak\u00fa, \u00edgy a baba k\u00f6nnyen meg tudja fogni. A term\u00e9szetes gumib\u00f3l k\u00e9sz\u00fclt karik\u00e1n biopamutb\u00f3l k\u00e9sz\u00fclt f\u00fclek tal\u00e1lhat\u00f3k. A gyermek biztons\u00e1gosan a sz\u00e1j\u00e1ba veheti, gy\u0171r\u00f6getheti \u00e9s\u00a0r\u00e1gcs\u00e1lhatja \u0151ket. A muszlinpamutot z\u00f6rg\u0151 anyag t\u00f6lti ki, amely m\u00e9g ink\u00e1bb felkelti a gyermekek \u00e9rdekl\u0151d\u00e9s\u00e9t a j\u00e1t\u00e9k ir\u00e1nt.A kiv\u00e1l\u00f3 min\u0151s\u00e9g\u0171 alapanyagok haszn\u00e1lata enn\u00e9l a m\u00e1rk\u00e1n\u00e1l mag\u00e1t\u00f3l \u00e9rtet\u0151d\u0151. A karika a Hevea gumifa nedv\u00e9b\u0151l k\u00e9sz\u00fcl \u00fagy, hogy rendszeresen csak a nedv egy r\u00e9sz\u00e9t gy\u0171jtik be, \u00edgy a fa nem k\u00e1rosodik. A f\u00fclek 100% BIO organikus muszlinpamutb\u00f3l k\u00e9sz\u00fclnek, amely a vil\u00e1g egyik legfinomabb pamutsz\u00f6vete.A r\u00e1g\u00f3ka a legkisebb gyermekek \u2013 \u00fajsz\u00fcl\u00f6ttek \u00e9s\u00a0tipeg\u0151k \u2013 sz\u00e1m\u00e1ra is biztons\u00e1gos. A gyermekek kedvelik a term\u00e9szetes gumi \u00edz\u00e9t. A term\u00e9ket szigor\u00faan tesztelt\u00e9k, \u00e9s\u00a0nem tartalmaz k\u00e1ros anyagokat \u2013 BPA-t, PVC-t vagy ftal\u00e1tokat.A Tikiri term\u00e9kek a\u00a0k\u00f6rnyezet v\u00e9delm\u00e9t szem el\u0151tt tartva k\u00e9sz\u00fclnek. Sr\u00ed Lank\u00e1n, fair trade k\u00f6r\u00fclm\u00e9nyek k\u00f6z\u00f6tt gy\u00e1rtj\u00e1k \u0151ket. Tiszteletben tartj\u00e1k a k\u00f6rnyezetet, \u00e9s\u00a0hozz\u00e1j\u00e1rulnak a bolyg\u00f3 meg\u00f3v\u00e1s\u00e1hoz a k\u00f6vetkez\u0151 gener\u00e1ci\u00f3k sz\u00e1m\u00e1ra.<\/p>\n","protected":false},"excerpt":{"rendered":"<p>A fogz\u00e1s sor\u00e1n jelentkez\u0151 \u00ednyf\u00e1jdalom enyh\u00edt\u00e9s\u00e9ben k\u00fcl\u00f6nf\u00e9le r\u00e1g\u00f3k\u00e1k seg\u00edthetnek. A Tikiri gyermek r\u00e1g\u00f3ka biztons\u00e1gos anyagokb\u00f3l k\u00e9sz\u00fclt, \u00e9s\u00a0seg\u00edt cs\u00f6kkenteni a gyermekek sz\u00e1j\u00e1ban jelentkez\u0151 fesz\u00fcl\u00e9st.A fogz\u00e1s id\u0151szaka stresszel, f\u00e1jdalommal \u00e9s\u00a0nyugtalans\u00e1ggal j\u00e1r. A gyermekek k\u00fcl\u00f6nf\u00e9le t\u00e1rgyakat vesznek a sz\u00e1jukba, \u00e9s\u00a0a kez\u00fckkel pr\u00f3b\u00e1lj\u00e1k enyh\u00edteni az \u00edny viszket\u00e9s\u00e9t. A r\u00e1g\u00f3k\u00e1k seg\u00edts\u00e9get ny\u00fajtanak, \u00e9s\u00a0biztons\u00e1gosan haszn\u00e1lhat\u00f3k.A Tikiri r\u00e1g\u00f3ka k\u00f6r alak\u00fa, \u00edgy a [&hellip;]<\/p>\n","protected":false},"featured_media":475551,"template":"","meta":{"_acf_changed":false},"product_brand":[],"product_cat":[62,3369],"product_tag":[],"class_list":["post-475550","product","type-product","status-publish","has-post-thumbnail","product_cat-ajandekotletek","product_cat-babaapolas-ajandekotletek","first","instock","product-type-external"],"acf":[],"_links":{"self":[{"href":"https:\/\/horgaszhely.hu\/hun\/wp-json\/wp\/v2\/product\/475550","targetHints":{"allow":["GET"]}}],"collection":[{"href":"https:\/\/horgaszhely.hu\/hun\/wp-json\/wp\/v2\/product"}],"about":[{"href":"https:\/\/horgaszhely.hu\/hun\/wp-json\/wp\/v2\/types\/product"}],"wp:featuredmedia":[{"embeddable":true,"href":"https:\/\/horgaszhely.hu\/hun\/wp-json\/wp\/v2\/media\/475551"}],"wp:attachment":[{"href":"https:\/\/horgaszhely.hu\/hun\/wp-json\/wp\/v2\/media?parent=475550"}],"wp:term":[{"taxonomy":"product_brand","embeddable":true,"href":"https:\/\/horgaszhely.hu\/hun\/wp-json\/wp\/v2\/product_brand?post=475550"},{"taxonomy":"product_cat","embeddable":true,"href":"https:\/\/horgaszhely.hu\/hun\/wp-json\/wp\/v2\/product_cat?post=475550"},{"taxonomy":"product_tag","embeddable":true,"href":"https:\/\/horgaszhely.hu\/hun\/wp-json\/wp\/v2\/product_tag?post=475550"}],"curies":[{"name":"wp","href":"https:\/\/api.w.org\/{rel}","templated":true}]}}

Tikiri Safari – természetes gumiból és biopamutból készült rágóka &#8211; Mustard

<p>A fogzás során jelentkező ínyfájdalom enyhítésében különféle rágókák segíthetnek. A Tikiri gyermek rágóka biztonságos anyagokból készült, és segít csökkenteni a gyermekek szájában jelentkező feszülést.A fogzás időszaka stresszel, fájdalommal és nyugtalansággal jár. A gyermekek különféle tárgyakat vesznek a szájukba, és a kezükkel próbálják enyhíteni az íny viszketését. A rágókák segítséget nyújtanak, és biztonságosan használhatók.A Tikiri rágóka kör alakú, így a baba könnyen meg tudja fogni. A természetes gumiból készült karikán biopamutból készült fülek találhatók. A gyermek biztonságosan a szájába veheti, gyűrögetheti és rágcsálhatja őket. A muszlinpamutot zörgő anyag tölti ki, amely még inkább felkelti a gyermekek érdeklődését a játék iránt.A kiváló minőségű alapanyagok használata ennél a márkánál magától értetődő. A karika a Hevea gumifa nedvéből készül úgy, hogy rendszeresen csak a nedv egy részét gyűjtik be, így a fa nem károsodik. A fülek 100% BIO organikus muszlinpamutból készülnek, amely a világ egyik legfinomabb pamutszövete.A rágóka a legkisebb gyermekek – újszülöttek és tipegők – számára is biztonságos. A gyermekek kedvelik a természetes gumi ízét. A terméket szigorúan tesztelték, és nem tartalmaz káros anyagokat – BPA-t, PVC-t vagy ftalátokat.A Tikiri termékek a környezet védelmét szem előtt tartva készülnek. Srí Lankán, fair trade körülmények között gyártják őket. Tiszteletben tartják a környezetet, és hozzájárulnak a bolygó megóvásához a következő generációk számára.</p>

<p>A fogzás során jelentkező ínyfájdalom enyhítésében különféle rágókák segíthetnek. A Tikiri gyermek rágóka biztonságos anyagokból készült, és segít csökkenteni a gyermekek szájában jelentkező feszülést.A fogzás időszaka stresszel, fájdalommal és nyugtalansággal jár. A gyermekek különféle tárgyakat vesznek a szájukba, és a kezükkel próbálják enyhíteni az íny viszketését. A rágókák segítséget nyújtanak, és biztonságosan használhatók.A Tikiri rágóka kör alakú, így a [&hellip;]</p>
