{"id":475554,"date":"2026-08-24T10:50:25","date_gmt":"2026-08-24T08:50:25","guid":{"rendered":"https:\/\/horgaszhely.hu\/hun\/termek\/tommee-tippee-c2n-cumisuveg-260-ml-0m-2-darab\/"},"modified":"2026-08-24T10:50:26","modified_gmt":"2026-08-24T08:50:26","slug":"tommee-tippee-c2n-cumisuveg-260-ml-0m-2-darab","status":"publish","type":"product","link":"https:\/\/horgaszhely.hu\/hun\/termek\/tommee-tippee-c2n-cumisuveg-260-ml-0m-2-darab\/","title":{"rendered":"Tommee Tippee C2N cumis\u00fcveg 260 ml &#8211; 0M+ (2 darab)"},"content":{"rendered":"<p>A Tommee Tippee Closer to Nature cumis\u00fcveg egyedi\u00a0szilikon\u00a0etet\u0151cumival rendelkezik, amely\u00a0form\u00e1j\u00e1val \u00e9s tulajdons\u00e1gaival az anyamellet id\u00e9zi. A cumis\u00fcvegben l\u00e9v\u0151 meleg\u00a0folyad\u00e9k kellemes h\u0151m\u00e9rs\u00e9klet\u0171re meleg\u00edti az etet\u0151cumit, amelynek puha \u00e9s rugalmas v\u00e9ge\u00a0az anya mellbimb\u00f3j\u00e1ra eml\u00e9keztet.\u00cdgy a gyermek szinte nem \u00e9rez k\u00fcl\u00f6nbs\u00e9get a szoptat\u00e1s \u00e9s az ebb\u0151l a cumis\u00fcvegb\u0151l t\u00f6rt\u00e9n\u0151 etet\u00e9s k\u00f6z\u00f6tt.A cumis\u00fcveg hasf\u00e1j\u00e1s elleni kialak\u00edt\u00e1s\u00fa, az etet\u0151cumi sz\u00e9l\u00e9n tal\u00e1lhat\u00f3 kis szell\u0151z\u0151ny\u00edl\u00e1s k\u00edm\u00e9letesen biztos\u00edtja a leveg\u0151 t\u00e1voz\u00e1s\u00e1t az \u00fcvegb\u0151l, ez\u00e1ltal lehet\u0151v\u00e9 teszi a folyad\u00e9k egyenletes sz\u00edv\u00e1s\u00e1t, \u00e9s egyben cs\u00f6kkenti a hasf\u00e1j\u00e1s kock\u00e1zat\u00e1t.A csomag 2 darabot tartalmaz.Sz\u00fclet\u00e9st\u0151l alkalmas.Nem tartalmaz biszfenolt.\u0170rtartalom: 260 ml<\/p>\n","protected":false},"excerpt":{"rendered":"<p>A Tommee Tippee Closer to Nature cumis\u00fcveg egyedi\u00a0szilikon\u00a0etet\u0151cumival rendelkezik, amely\u00a0form\u00e1j\u00e1val \u00e9s tulajdons\u00e1gaival az anyamellet id\u00e9zi. A cumis\u00fcvegben l\u00e9v\u0151 meleg\u00a0folyad\u00e9k kellemes h\u0151m\u00e9rs\u00e9klet\u0171re meleg\u00edti az etet\u0151cumit, amelynek puha \u00e9s rugalmas v\u00e9ge\u00a0az anya mellbimb\u00f3j\u00e1ra eml\u00e9keztet.\u00cdgy a gyermek szinte nem \u00e9rez k\u00fcl\u00f6nbs\u00e9get a szoptat\u00e1s \u00e9s az ebb\u0151l a cumis\u00fcvegb\u0151l t\u00f6rt\u00e9n\u0151 etet\u00e9s k\u00f6z\u00f6tt.A cumis\u00fcveg hasf\u00e1j\u00e1s elleni kialak\u00edt\u00e1s\u00fa, az etet\u0151cumi sz\u00e9l\u00e9n [&hellip;]<\/p>\n","protected":false},"featured_media":475555,"template":"","meta":{"_acf_changed":false},"product_brand":[],"product_cat":[62,3369],"product_tag":[],"class_list":["post-475554","product","type-product","status-publish","has-post-thumbnail","product_cat-ajandekotletek","product_cat-babaapolas-ajandekotletek","first","instock","product-type-external"],"acf":[],"_links":{"self":[{"href":"https:\/\/horgaszhely.hu\/hun\/wp-json\/wp\/v2\/product\/475554","targetHints":{"allow":["GET"]}}],"collection":[{"href":"https:\/\/horgaszhely.hu\/hun\/wp-json\/wp\/v2\/product"}],"about":[{"href":"https:\/\/horgaszhely.hu\/hun\/wp-json\/wp\/v2\/types\/product"}],"wp:featuredmedia":[{"embeddable":true,"href":"https:\/\/horgaszhely.hu\/hun\/wp-json\/wp\/v2\/media\/475555"}],"wp:attachment":[{"href":"https:\/\/horgaszhely.hu\/hun\/wp-json\/wp\/v2\/media?parent=475554"}],"wp:term":[{"taxonomy":"product_brand","embeddable":true,"href":"https:\/\/horgaszhely.hu\/hun\/wp-json\/wp\/v2\/product_brand?post=475554"},{"taxonomy":"product_cat","embeddable":true,"href":"https:\/\/horgaszhely.hu\/hun\/wp-json\/wp\/v2\/product_cat?post=475554"},{"taxonomy":"product_tag","embeddable":true,"href":"https:\/\/horgaszhely.hu\/hun\/wp-json\/wp\/v2\/product_tag?post=475554"}],"curies":[{"name":"wp","href":"https:\/\/api.w.org\/{rel}","templated":true}]}}

Tommee Tippee C2N cumisüveg 260 ml &#8211; 0M+ (2 darab)

<p>A Tommee Tippee Closer to Nature cumisüveg egyedi szilikon etetőcumival rendelkezik, amely formájával és tulajdonságaival az anyamellet idézi. A cumisüvegben lévő meleg folyadék kellemes hőmérsékletűre melegíti az etetőcumit, amelynek puha és rugalmas vége az anya mellbimbójára emlékeztet.Így a gyermek szinte nem érez különbséget a szoptatás és az ebből a cumisüvegből történő etetés között.A cumisüveg hasfájás elleni kialakítású, az etetőcumi szélén található kis szellőzőnyílás kíméletesen biztosítja a levegő távozását az üvegből, ezáltal lehetővé teszi a folyadék egyenletes szívását, és egyben csökkenti a hasfájás kockázatát.A csomag 2 darabot tartalmaz.Születéstől alkalmas.Nem tartalmaz biszfenolt.Űrtartalom: 260 ml</p>

<p>A Tommee Tippee Closer to Nature cumisüveg egyedi szilikon etetőcumival rendelkezik, amely formájával és tulajdonságaival az anyamellet idézi. A cumisüvegben lévő meleg folyadék kellemes hőmérsékletűre melegíti az etetőcumit, amelynek puha és rugalmas vége az anya mellbimbójára emlékeztet.Így a gyermek szinte nem érez különbséget a szoptatás és az ebből a cumisüvegből történő etetés között.A cumisüveg hasfájás elleni kialakítású, az etetőcumi szélén [&hellip;]</p>
