{"id":475562,"date":"2026-08-24T10:50:33","date_gmt":"2026-08-24T08:50:33","guid":{"rendered":"https:\/\/horgaszhely.hu\/hun\/termek\/jabadabado-nyuszis-tarolokosar\/"},"modified":"2026-08-24T10:50:36","modified_gmt":"2026-08-24T08:50:36","slug":"jabadabado-nyuszis-tarolokosar","status":"publish","type":"product","link":"https:\/\/horgaszhely.hu\/hun\/termek\/jabadabado-nyuszis-tarolokosar\/","title":{"rendered":"JaBaDaBaDo nyuszis t\u00e1rol\u00f3kos\u00e1r"},"content":{"rendered":"<p>Tartson rendet a gyerekszob\u00e1ban ezzel a st\u00edlusos \u00e9s praktikus textil t\u00e1rol\u00f3kos\u00e1rral. A t\u00e1rol\u00f3kos\u00e1r ugyanilyen j\u00f3l haszn\u00e1lhat\u00f3 az el\u0151szob\u00e1ban is a gyermekek s\u00e1lainak, sapk\u00e1inak \u00e9s keszty\u0171inek t\u00e1rol\u00e1s\u00e1ra.Sz\u00e9p lakberendez\u00e9si kieg\u00e9sz\u00edt\u0151v\u00e9 is v\u00e1lhat a gyerekszob\u00e1ban. A foganty\u00fak megk\u00f6nny\u00edtik a mozgat\u00e1s\u00e1t. Ez a term\u00e9k r\u00e9szben \u00fajrahasznos\u00edtott anyagb\u00f3l k\u00e9sz\u00fclt, ez\u00e9rt a text\u00edli\u00e1k sz\u00edne enyh\u00e9n elt\u00e9rhet.Sz\u00edn: feh\u00e9rAnyag: Poli\u00e9szter 65%, \u00fajrahasznos\u00edtott pamut 35%Term\u00e9k m\u00e9rete: 40 cm x 40 cm<\/p>\n","protected":false},"excerpt":{"rendered":"<p>Tartson rendet a gyerekszob\u00e1ban ezzel a st\u00edlusos \u00e9s praktikus textil t\u00e1rol\u00f3kos\u00e1rral. A t\u00e1rol\u00f3kos\u00e1r ugyanilyen j\u00f3l haszn\u00e1lhat\u00f3 az el\u0151szob\u00e1ban is a gyermekek s\u00e1lainak, sapk\u00e1inak \u00e9s keszty\u0171inek t\u00e1rol\u00e1s\u00e1ra.Sz\u00e9p lakberendez\u00e9si kieg\u00e9sz\u00edt\u0151v\u00e9 is v\u00e1lhat a gyerekszob\u00e1ban. A foganty\u00fak megk\u00f6nny\u00edtik a mozgat\u00e1s\u00e1t. Ez a term\u00e9k r\u00e9szben \u00fajrahasznos\u00edtott anyagb\u00f3l k\u00e9sz\u00fclt, ez\u00e9rt a text\u00edli\u00e1k sz\u00edne enyh\u00e9n elt\u00e9rhet.Sz\u00edn: feh\u00e9rAnyag: Poli\u00e9szter 65%, \u00fajrahasznos\u00edtott pamut [&hellip;]<\/p>\n","protected":false},"featured_media":475563,"template":"","meta":{"_acf_changed":false},"product_brand":[],"product_cat":[62,3369],"product_tag":[],"class_list":["post-475562","product","type-product","status-publish","has-post-thumbnail","product_cat-ajandekotletek","product_cat-babaapolas-ajandekotletek","first","instock","product-type-external"],"acf":[],"_links":{"self":[{"href":"https:\/\/horgaszhely.hu\/hun\/wp-json\/wp\/v2\/product\/475562","targetHints":{"allow":["GET"]}}],"collection":[{"href":"https:\/\/horgaszhely.hu\/hun\/wp-json\/wp\/v2\/product"}],"about":[{"href":"https:\/\/horgaszhely.hu\/hun\/wp-json\/wp\/v2\/types\/product"}],"wp:featuredmedia":[{"embeddable":true,"href":"https:\/\/horgaszhely.hu\/hun\/wp-json\/wp\/v2\/media\/475563"}],"wp:attachment":[{"href":"https:\/\/horgaszhely.hu\/hun\/wp-json\/wp\/v2\/media?parent=475562"}],"wp:term":[{"taxonomy":"product_brand","embeddable":true,"href":"https:\/\/horgaszhely.hu\/hun\/wp-json\/wp\/v2\/product_brand?post=475562"},{"taxonomy":"product_cat","embeddable":true,"href":"https:\/\/horgaszhely.hu\/hun\/wp-json\/wp\/v2\/product_cat?post=475562"},{"taxonomy":"product_tag","embeddable":true,"href":"https:\/\/horgaszhely.hu\/hun\/wp-json\/wp\/v2\/product_tag?post=475562"}],"curies":[{"name":"wp","href":"https:\/\/api.w.org\/{rel}","templated":true}]}}

JaBaDaBaDo nyuszis tárolókosár

<p>Tartson rendet a gyerekszobában ezzel a stílusos és praktikus textil tárolókosárral. A tárolókosár ugyanilyen jól használható az előszobában is a gyermekek sálainak, sapkáinak és kesztyűinek tárolására.Szép lakberendezési kiegészítővé is válhat a gyerekszobában. A fogantyúk megkönnyítik a mozgatását. Ez a termék részben újrahasznosított anyagból készült, ezért a textíliák színe enyhén eltérhet.Szín: fehérAnyag: Poliészter 65%, újrahasznosított pamut 35%Termék mérete: 40 cm x 40 cm</p>

<p>Tartson rendet a gyerekszobában ezzel a stílusos és praktikus textil tárolókosárral. A tárolókosár ugyanilyen jól használható az előszobában is a gyermekek sálainak, sapkáinak és kesztyűinek tárolására.Szép lakberendezési kiegészítővé is válhat a gyerekszobában. A fogantyúk megkönnyítik a mozgatását. Ez a termék részben újrahasznosított anyagból készült, ezért a textíliák színe enyhén eltérhet.Szín: fehérAnyag: Poliészter 65%, újrahasznosított pamut [&hellip;]</p>
