{"id":475620,"date":"2026-08-24T10:52:18","date_gmt":"2026-08-24T08:52:18","guid":{"rendered":"https:\/\/horgaszhely.hu\/hun\/termek\/zoocchini-mosdokesztyu-baba-furdetesehez-vizilo\/"},"modified":"2026-08-24T10:52:18","modified_gmt":"2026-08-24T08:52:18","slug":"zoocchini-mosdokesztyu-baba-furdetesehez-vizilo","status":"publish","type":"product","link":"https:\/\/horgaszhely.hu\/hun\/termek\/zoocchini-mosdokesztyu-baba-furdetesehez-vizilo\/","title":{"rendered":"Zoocchini mosd\u00f3keszty\u0171 baba f\u00fcrdet\u00e9s\u00e9hez V\u00edzil\u00f3"},"content":{"rendered":"<p>Hogy a baba \u00e9lvezze a f\u00fcrd\u00e9st \u00e9s\u00a0a testecske mos\u00e1s\u00e1t, itt van a Zoocchini mosd\u00f3keszty\u0171 v\u00edzil\u00f3 form\u00e1ban. A vid\u00e1m \u00e1llatka sz\u00f3rakoztatja a gyermekeket, \u00e9s\u00a0\u00d6n megmoshatja vele a bab\u00e1t. A nagyobb gyermekek maguk is ki szeretn\u00e9k majd pr\u00f3b\u00e1lni, \u00edgy a f\u00fcrd\u00e9s sz\u00f3rakoz\u00e1ss\u00e1 v\u00e1lik.Az \u00e1llatka nemcsak a rendszeres f\u00fcrdet\u00e9sn\u00e9l lesz seg\u00edt\u0151, hanem biztosan haszn\u00e1t veszi a napk\u00f6zbeni kisebb balesetekn\u00e9l is, amikor le kell t\u00f6r\u00f6lni a gyermek arcocsk\u00e1j\u00e1t.A 100% pamutb\u00f3l k\u00e9sz\u00fclt finom frott\u00edr nagyon k\u00edm\u00e9letes a\u00a0gyermek b\u0151r\u00e9hez. Az \u00e1llatka kedves arckifejez\u00e9s\u00e9t a gyerekek im\u00e1dni fogj\u00e1k. A mosd\u00f3keszty\u0171t egyszer\u0171en a kez\u00e9re h\u00fazza, mint egy b\u00e1bfigur\u00e1t, \u00e9s\u00a0kezd\u0151dhet a f\u00fcrd\u0151szobai el\u0151ad\u00e1s.\u00d6sszet\u00e9tel: 100% frott\u00edr pamut, a szeg\u00e9lyek kiv\u00e9tel\u00e9vel\u00c1pol\u00e1s: Mos\u00f3g\u00e9pben moshat\u00f3, alacsony fokozaton sz\u00e1r\u00edthat\u00f3Az USA-ban tervezt\u00e9k18 h\u00f3napos korig alkalmas gyermekek sz\u00e1m\u00e1ra.\u00a0<\/p>\n","protected":false},"excerpt":{"rendered":"<p>Hogy a baba \u00e9lvezze a f\u00fcrd\u00e9st \u00e9s\u00a0a testecske mos\u00e1s\u00e1t, itt van a Zoocchini mosd\u00f3keszty\u0171 v\u00edzil\u00f3 form\u00e1ban. A vid\u00e1m \u00e1llatka sz\u00f3rakoztatja a gyermekeket, \u00e9s\u00a0\u00d6n megmoshatja vele a bab\u00e1t. A nagyobb gyermekek maguk is ki szeretn\u00e9k majd pr\u00f3b\u00e1lni, \u00edgy a f\u00fcrd\u00e9s sz\u00f3rakoz\u00e1ss\u00e1 v\u00e1lik.Az \u00e1llatka nemcsak a rendszeres f\u00fcrdet\u00e9sn\u00e9l lesz seg\u00edt\u0151, hanem biztosan haszn\u00e1t veszi a napk\u00f6zbeni kisebb [&hellip;]<\/p>\n","protected":false},"featured_media":475621,"template":"","meta":{"_acf_changed":false},"product_brand":[],"product_cat":[62,3369],"product_tag":[],"class_list":["post-475620","product","type-product","status-publish","has-post-thumbnail","product_cat-ajandekotletek","product_cat-babaapolas-ajandekotletek","first","instock","product-type-external"],"acf":[],"_links":{"self":[{"href":"https:\/\/horgaszhely.hu\/hun\/wp-json\/wp\/v2\/product\/475620","targetHints":{"allow":["GET"]}}],"collection":[{"href":"https:\/\/horgaszhely.hu\/hun\/wp-json\/wp\/v2\/product"}],"about":[{"href":"https:\/\/horgaszhely.hu\/hun\/wp-json\/wp\/v2\/types\/product"}],"wp:featuredmedia":[{"embeddable":true,"href":"https:\/\/horgaszhely.hu\/hun\/wp-json\/wp\/v2\/media\/475621"}],"wp:attachment":[{"href":"https:\/\/horgaszhely.hu\/hun\/wp-json\/wp\/v2\/media?parent=475620"}],"wp:term":[{"taxonomy":"product_brand","embeddable":true,"href":"https:\/\/horgaszhely.hu\/hun\/wp-json\/wp\/v2\/product_brand?post=475620"},{"taxonomy":"product_cat","embeddable":true,"href":"https:\/\/horgaszhely.hu\/hun\/wp-json\/wp\/v2\/product_cat?post=475620"},{"taxonomy":"product_tag","embeddable":true,"href":"https:\/\/horgaszhely.hu\/hun\/wp-json\/wp\/v2\/product_tag?post=475620"}],"curies":[{"name":"wp","href":"https:\/\/api.w.org\/{rel}","templated":true}]}}

Zoocchini mosdókesztyű baba fürdetéséhez Víziló

<p>Hogy a baba élvezze a fürdést és a testecske mosását, itt van a Zoocchini mosdókesztyű víziló formában. A vidám állatka szórakoztatja a gyermekeket, és Ön megmoshatja vele a babát. A nagyobb gyermekek maguk is ki szeretnék majd próbálni, így a fürdés szórakozássá válik.Az állatka nemcsak a rendszeres fürdetésnél lesz segítő, hanem biztosan hasznát veszi a napközbeni kisebb baleseteknél is, amikor le kell törölni a gyermek arcocskáját.A 100% pamutból készült finom frottír nagyon kíméletes a gyermek bőréhez. Az állatka kedves arckifejezését a gyerekek imádni fogják. A mosdókesztyűt egyszerűen a kezére húzza, mint egy bábfigurát, és kezdődhet a fürdőszobai előadás.Összetétel: 100% frottír pamut, a szegélyek kivételévelÁpolás: Mosógépben mosható, alacsony fokozaton száríthatóAz USA-ban tervezték18 hónapos korig alkalmas gyermekek számára. </p>

<p>Hogy a baba élvezze a fürdést és a testecske mosását, itt van a Zoocchini mosdókesztyű víziló formában. A vidám állatka szórakoztatja a gyermekeket, és Ön megmoshatja vele a babát. A nagyobb gyermekek maguk is ki szeretnék majd próbálni, így a fürdés szórakozássá válik.Az állatka nemcsak a rendszeres fürdetésnél lesz segítő, hanem biztosan hasznát veszi a napközbeni kisebb [&hellip;]</p>
