{"id":475700,"date":"2026-08-29T16:56:39","date_gmt":"2026-08-29T14:56:39","guid":{"rendered":"https:\/\/horgaszhely.hu\/hun\/termek\/ergonomikus-uloparna-memoriahabbal-es-bambuszszalakkal-komfortosabb-ules-jobb-szellozes-egyenletes-nyomaseloszlas\/"},"modified":"2026-08-29T16:58:00","modified_gmt":"2026-08-29T14:58:00","slug":"ergonomikus-uloparna-memoriahabbal-es-bambuszszalakkal-komfortosabb-ules-jobb-szellozes-egyenletes-nyomaseloszlas","status":"publish","type":"product","link":"https:\/\/horgaszhely.hu\/hun\/termek\/ergonomikus-uloparna-memoriahabbal-es-bambuszszalakkal-komfortosabb-ules-jobb-szellozes-egyenletes-nyomaseloszlas\/","title":{"rendered":"Ergonomikus \u00fcl\u0151p\u00e1rna mem\u00f3riahabbal \u00e9s bambuszsz\u00e1lakkal &#8211; komfortosabb \u00fcl\u00e9s, jobb szell\u0151z\u00e9s, egyenletes nyom\u00e1seloszl\u00e1s"},"content":{"rendered":"<p>Le\u00edr\u00e1sTulajdons\u00e1gokTartoz\u00e9kokTippek, tr\u00fckk\u00f6k<strong>\u2013 C\u00e9lzott tehermentes\u00edt\u00e9s:<\/strong> Az U-alak\u00fa ergon\u00f3miai kiv\u00e1g\u00e1s hozz\u00e1j\u00e1rul a farkcsontra nehezed\u0151 terhel\u00e9s cs\u00f6kkent\u00e9s\u00e9hez a hosszantart\u00f3 \u00fcl\u00e9s sor\u00e1n.<strong>\u2013 Helyes testtart\u00e1s t\u00e1mogat\u00e1sa:<\/strong> Kialak\u00edt\u00e1sa seg\u00edt a medence optim\u00e1lis tart\u00e1s\u00e1ban, ezzel t\u00e1mogatva a gerincoszlop k\u00e9nyelmesebb, term\u00e9szetes poz\u00edci\u00f3j\u00e1t.<strong>\u2013 Komfortosabb, f\u00f3kusz\u00e1lt munkav\u00e9gz\u00e9s:<\/strong> Az egyenletes s\u00falyeloszt\u00e1s r\u00e9v\u00e9n seg\u00edthet elker\u00fclni a korai izomf\u00e1radts\u00e1got, hozz\u00e1j\u00e1rulva a tart\u00f3s k\u00e9nyelemhez.<strong>\u2013 Pr\u00e9mium mem\u00f3riahab:<\/strong> A nagy s\u0171r\u0171s\u00e9g\u0171 bels\u0151 anyag finoman alkalmazkodik a test k\u00f6rvonal\u00e1hoz, mik\u00f6zben ellen\u00e1ll a deform\u00e1l\u00f3d\u00e1snak, \u00edgy meg\u0151rzi eredeti form\u00e1j\u00e1t.<strong>\u2013 L\u00e9legz\u0151, moshat\u00f3 huzat:<\/strong> A praktikus, j\u00f3l szell\u0151z\u0151, babmuszsz\u00e1lakat tartalmaz\u00f3 bor\u00edt\u00e1s jav\u00edtja a l\u00e9g\u00e1raml\u00e1st, a rejtett cipz\u00e1r r\u00e9v\u00e9n pedig gyorsan levehet\u0151 \u00e9s tiszt\u00edthat\u00f3.<strong>\u2013 Stabil cs\u00fasz\u00e1sg\u00e1tl\u00f3 talpr\u00e9sz:<\/strong> Az als\u00f3 fel\u00fcleten megtal\u00e1lhat\u00f3 anyag biztos\u00edtja, hogy a p\u00e1rna stabilan a hely\u00e9n maradjon.<strong>\u2013 Sz\u00edn: <\/strong>sz\u00fcrke<strong>\u2013 Anyag:<\/strong> bambuszsz\u00e1las viszk\u00f3z, poli\u00e9szter, poliuret\u00e1n hab<strong>\u2013 M\u00e9retek:<\/strong> 44 x 35 cm x 6,5 cm\u2013 1 db ergonomikus \u00fcl\u0151p\u00e1rna\u2013 1 db levehet\u0151 huzat<\/p>\n<p style=\"text-align: center;\"><em>A fentebb l\u00e1that\u00f3 vide\u00f3 kiz\u00e1r\u00f3lag a szeml\u00e9ltet\u00e9st szolg\u00e1lja, \u00e9s a term\u00e9kt\u00edpus haszn\u00e1lat\u00e1t mutatja be. Nem a sz\u00f3ban forg\u00f3 term\u00e9k l\u00e1that\u00f3 a felv\u00e9telen.<\/em><\/p>\n<p>Eleged van a k\u00e9nyelmetlen sz\u00e9kekb\u0151l, az \u00e1lland\u00f3 diszkomfort\u00e9rzetb\u0151l \u00e9s a folyamatos izzad\u00e1sb\u00f3l?Itt az ideje, hogy szintet l\u00e9pj, \u00e9s a pr\u00e9mium ergonomikus \u00fcl\u0151p\u00e1rna seg\u00edts\u00e9g\u00e9vel \u00fajj\u00e1 var\u00e1zsold a r\u00e9gi sz\u00e9kedet! A formak\u00f6vet\u0151 mem\u00f3iahab \u00e9s a l\u00e9legz\u0151 huzat stabil al\u00e1t\u00e1maszt\u00e1st ny\u00fajt a testednek, mik\u00f6zben seg\u00edti megsz\u00fcntetni az \u00e1lland\u00f3 f\u00fclledt \u00e9rz\u00e9st.Ergonomikus \u00fcl\u0151p\u00e1rnaDiszkr\u00e9t megjelen\u00e9sDr\u00e1mai megk\u00f6nnyebb\u00fcl\u00e9sMilyen el\u0151nyei vannak?<\/p>\n<ul>\n<li>Ergonomikus kialak\u00edt\u00e1s<\/li>\n<li>Pr\u00e9mium mem\u00f3riahab<\/li>\n<li>Moshat\u00f3, szell\u0151z\u0151 huzat<\/li>\n<li>Akt\u00edv gerinct\u00e1mogat\u00e1s<\/li>\n<li>Azonnali megk\u00f6nnyebb\u00fcl\u00e9s<\/li>\n<\/ul>\n<p>Rendelj m\u00e9g ma, \u00e9s legyen a sz\u00e9ked a felh\u0151tlen k\u00e9nyelem o\u00e1zisa!Megveszem<\/p>\n","protected":false},"excerpt":{"rendered":"<p>Le\u00edr\u00e1sTulajdons\u00e1gokTartoz\u00e9kokTippek, tr\u00fckk\u00f6k\u2013 C\u00e9lzott tehermentes\u00edt\u00e9s: Az U-alak\u00fa ergon\u00f3miai kiv\u00e1g\u00e1s hozz\u00e1j\u00e1rul a farkcsontra nehezed\u0151 terhel\u00e9s cs\u00f6kkent\u00e9s\u00e9hez a hosszantart\u00f3 \u00fcl\u00e9s sor\u00e1n.\u2013 Helyes testtart\u00e1s t\u00e1mogat\u00e1sa: Kialak\u00edt\u00e1sa seg\u00edt a medence optim\u00e1lis tart\u00e1s\u00e1ban, ezzel t\u00e1mogatva a gerincoszlop k\u00e9nyelmesebb, term\u00e9szetes poz\u00edci\u00f3j\u00e1t.\u2013 Komfortosabb, f\u00f3kusz\u00e1lt munkav\u00e9gz\u00e9s: Az egyenletes s\u00falyeloszt\u00e1s r\u00e9v\u00e9n seg\u00edthet elker\u00fclni a korai izomf\u00e1radts\u00e1got, hozz\u00e1j\u00e1rulva a tart\u00f3s k\u00e9nyelemhez.\u2013 Pr\u00e9mium mem\u00f3riahab: A nagy s\u0171r\u0171s\u00e9g\u0171 [&hellip;]<\/p>\n","protected":false},"featured_media":475701,"template":"","meta":{"_acf_changed":false},"product_brand":[],"product_cat":[1350,3374],"product_tag":[],"class_list":["post-475700","product","type-product","status-publish","has-post-thumbnail","product_cat-egeszseg","product_cat-home-sporteszkozok","first","instock","product-type-external"],"acf":[],"_links":{"self":[{"href":"https:\/\/horgaszhely.hu\/hun\/wp-json\/wp\/v2\/product\/475700","targetHints":{"allow":["GET"]}}],"collection":[{"href":"https:\/\/horgaszhely.hu\/hun\/wp-json\/wp\/v2\/product"}],"about":[{"href":"https:\/\/horgaszhely.hu\/hun\/wp-json\/wp\/v2\/types\/product"}],"wp:featuredmedia":[{"embeddable":true,"href":"https:\/\/horgaszhely.hu\/hun\/wp-json\/wp\/v2\/media\/475701"}],"wp:attachment":[{"href":"https:\/\/horgaszhely.hu\/hun\/wp-json\/wp\/v2\/media?parent=475700"}],"wp:term":[{"taxonomy":"product_brand","embeddable":true,"href":"https:\/\/horgaszhely.hu\/hun\/wp-json\/wp\/v2\/product_brand?post=475700"},{"taxonomy":"product_cat","embeddable":true,"href":"https:\/\/horgaszhely.hu\/hun\/wp-json\/wp\/v2\/product_cat?post=475700"},{"taxonomy":"product_tag","embeddable":true,"href":"https:\/\/horgaszhely.hu\/hun\/wp-json\/wp\/v2\/product_tag?post=475700"}],"curies":[{"name":"wp","href":"https:\/\/api.w.org\/{rel}","templated":true}]}}

Ergonomikus ülőpárna memóriahabbal és bambuszszálakkal &#8211; komfortosabb ülés, jobb szellőzés, egyenletes nyomáseloszlás

<p>LeírásTulajdonságokTartozékokTippek, trükkök<strong>– Célzott tehermentesítés:</strong> Az U-alakú ergonómiai kivágás hozzájárul a farkcsontra nehezedő terhelés csökkentéséhez a hosszantartó ülés során.<strong>– Helyes testtartás támogatása:</strong> Kialakítása segít a medence optimális tartásában, ezzel támogatva a gerincoszlop kényelmesebb, természetes pozícióját.<strong>– Komfortosabb, fókuszált munkavégzés:</strong> Az egyenletes súlyelosztás révén segíthet elkerülni a korai izomfáradtságot, hozzájárulva a tartós kényelemhez.<strong>– Prémium memóriahab:</strong> A nagy sűrűségű belső anyag finoman alkalmazkodik a test körvonalához, miközben ellenáll a deformálódásnak, így megőrzi eredeti formáját.<strong>– Lélegző, mosható huzat:</strong> A praktikus, jól szellőző, babmuszszálakat tartalmazó borítás javítja a légáramlást, a rejtett cipzár révén pedig gyorsan levehető és tisztítható.<strong>– Stabil csúszásgátló talprész:</strong> Az alsó felületen megtalálható anyag biztosítja, hogy a párna stabilan a helyén maradjon.<strong>– Szín: </strong>szürke<strong>– Anyag:</strong> bambuszszálas viszkóz, poliészter, poliuretán hab<strong>– Méretek:</strong> 44 x 35 cm x 6,5 cm– 1 db ergonomikus ülőpárna– 1 db levehető huzat</p>
<p style="text-align: center;"><em>A fentebb látható videó kizárólag a szemléltetést szolgálja, és a terméktípus használatát mutatja be. Nem a szóban forgó termék látható a felvételen.</em></p>
<p>Eleged van a kényelmetlen székekből, az állandó diszkomfortérzetből és a folyamatos izzadásból?Itt az ideje, hogy szintet lépj, és a prémium ergonomikus ülőpárna segítségével újjá varázsold a régi székedet! A formakövető memóiahab és a lélegző huzat stabil alátámasztást nyújt a testednek, miközben segíti megszüntetni az állandó fülledt érzést.Ergonomikus ülőpárnaDiszkrét megjelenésDrámai megkönnyebbülésMilyen előnyei vannak?</p>
<ul>
<li>Ergonomikus kialakítás</li>
<li>Prémium memóriahab</li>
<li>Mosható, szellőző huzat</li>
<li>Aktív gerinctámogatás</li>
<li>Azonnali megkönnyebbülés</li>
</ul>
<p>Rendelj még ma, és legyen a széked a felhőtlen kényelem oázisa!Megveszem</p>

<p>LeírásTulajdonságokTartozékokTippek, trükkök– Célzott tehermentesítés: Az U-alakú ergonómiai kivágás hozzájárul a farkcsontra nehezedő terhelés csökkentéséhez a hosszantartó ülés során.– Helyes testtartás támogatása: Kialakítása segít a medence optimális tartásában, ezzel támogatva a gerincoszlop kényelmesebb, természetes pozícióját.– Komfortosabb, fókuszált munkavégzés: Az egyenletes súlyelosztás révén segíthet elkerülni a korai izomfáradtságot, hozzájárulva a tartós kényelemhez.– Prémium memóriahab: A nagy sűrűségű [&hellip;]</p>
