{"id":475708,"date":"2026-09-06T01:00:19","date_gmt":"2026-09-05T23:00:19","guid":{"rendered":"https:\/\/horgaszhely.hu\/hun\/termek\/ruhhy-labpezsgofurdo-es-talpmasszirozo-exkluziv-otthoni-wellness-infravoros-futes-vizeses-funkcio-akupresszuras-masszazsgorgok\/"},"modified":"2026-09-06T01:00:31","modified_gmt":"2026-09-05T23:00:31","slug":"ruhhy-labpezsgofurdo-es-talpmasszirozo-exkluziv-otthoni-wellness-infravoros-futes-vizeses-funkcio-akupresszuras-masszazsgorgok","status":"publish","type":"product","link":"https:\/\/horgaszhely.hu\/hun\/termek\/ruhhy-labpezsgofurdo-es-talpmasszirozo-exkluziv-otthoni-wellness-infravoros-futes-vizeses-funkcio-akupresszuras-masszazsgorgok\/","title":{"rendered":"Ruhhy l\u00e1bpezsg\u0151f\u00fcrd\u0151 \u00e9s talpmassz\u00edroz\u00f3 &#8211; exkluz\u00edv otthoni wellness &#8211; infrav\u00f6r\u00f6s f\u0171t\u00e9s, v\u00edzes\u00e9s funkci\u00f3, akupressz\u00far\u00e1s massz\u00e1zsg\u00f6rg\u0151k"},"content":{"rendered":"<p>Le\u00edr\u00e1sTulajdons\u00e1gokTartoz\u00e9kokTippek, tr\u00fckk\u00f6k<strong>\u2013 M\u00e9rs\u00e9kli a f\u00e1radts\u00e1g\u00e9rzetet:<\/strong> A k\u00e9sz\u00fcl\u00e9k haszn\u00e1lata hat\u00e9konyan enyh\u00edti a l\u00e1bakban nap v\u00e9g\u00e9re felhalmoz\u00f3dott elnehez\u00fcl\u00e9st \u00e9s a f\u00e1radts\u00e1got.<strong>\u2013 Ment\u00e1lisan kikapcsol:<\/strong> A nyugtat\u00f3 otthoni \u201el\u00e1b\u00e1ztat\u00e1s\u201d seg\u00edt teljesen elengedni a napi stresszt \u00e9s a negat\u00edv gondolatokat.<strong>\u2013 Pezsg\u0151f\u00fcrd\u0151 funkci\u00f3:<\/strong> A tart\u00e1ly alj\u00e1b\u00f3l ki\u00e1raml\u00f3 bubor\u00e9kok l\u00e1gyan massz\u00edrozz\u00e1k a b\u0151rt \u00e9s kellemesen felpezsd\u00edtik a l\u00e1bakat.<strong>\u2013 Be\u00e9p\u00edtett massz\u00e1zsg\u00f6rg\u0151k:<\/strong> A talp alatt elhelyezked\u0151 6 darab mechanikus g\u00f6rg\u0151 a l\u00e1b mozgat\u00e1s\u00e1val \u00e1tmassz\u00edrozza a talp teljes fel\u00fclet\u00e9t.<strong>\u2013 Infrav\u00f6r\u00f6s f\u00e9ny:<\/strong> A be\u00e9p\u00edtett infrav\u00f6r\u00f6s technol\u00f3gia gyeng\u00e9d, m\u00e9lyrehat\u00f3 meleget bocs\u00e1t ki, amely k\u00f6zvetlen\u00fcl \u00e1tj\u00e1rja a talp \u00e9s a l\u00e1bfej sz\u00f6veteit.<strong>\u2013 \u00c1ll\u00edthat\u00f3 v\u00edzh\u0151m\u00e9rs\u00e9klet:<\/strong> A l\u00e1bpezsg\u0151f\u00fcrd\u0151 rendszere 35 \u00e9s 48 fok k\u00f6z\u00f6tt az \u00e1ltalad k\u00edv\u00e1nt h\u0151m\u00e9rs\u00e9kletre meleg\u00edti a vizet, a termoszt\u00e1tnak k\u00f6sz\u00f6nhet\u0151en pedig nem hagyja azt kih\u0171lni.<strong>\u2013 Es\u0151ztet\u0151 funkci\u00f3:<\/strong> A tart\u00e1ly fels\u0151 r\u00e9sz\u00e9b\u0151l folyamatosan le\u00f6ml\u0151 meleg v\u00edzsug\u00e1r k\u00fcl\u00f6n massz\u00edrozza \u00e9s melegen tartja a l\u00e1bfejet.<strong>\u2013 K\u00f6nnyed kezel\u00e9s:<\/strong> A be\u00e9p\u00edtett kerekekkel a g\u00e9p k\u00f6nnyen mozgathat\u00f3, a leereszt\u0151 dug\u00f3 kih\u00faz\u00e1s\u00e1val a v\u00edz pedig m\u00e1sodpercek alatt ki\u00fcr\u00edthet\u0151.<strong>\u2013 Sz\u00edn: <\/strong>fekete<strong>\u2013 Anyag: <\/strong>ABS, PP, szilikon, vas<strong>\u2013 \u0170rtartalom:<\/strong> 13 liter<strong>\u2013 H\u0151m\u00e9rs\u00e9klet-tartom\u00e1ny:<\/strong> 35-48 \u00b0C<strong>\u2013 Fesz\u00fclts\u00e9g:<\/strong> 230 V<strong>\u2013 Teljes\u00edtm\u00e9ny:<\/strong> 550 W<strong>\u2013 M\u00e9retek:<\/strong> 36 x 31 x 32 cm<strong>\u2013 S\u00faly:<\/strong> 3,55 kg<b>\u2013 M\u00e1rka: <\/b>Ruhhy\u2013 Ruhhy l\u00e1bpezsg\u0151f\u00fcrd\u0151\u2013 Massz\u00e1zsg\u00f6rg\u0151k\u2013 Haszn\u00e1lati \u00fatmutat\u00f3<\/p>\n<p style=\"text-align: center\"><em>Az fentebb l\u00e1that\u00f3 vide\u00f3k kiz\u00e1r\u00f3lag a szeml\u00e9ltet\u00e9st szolg\u00e1lj\u00e1k, \u00e9s a k\u00e9sz\u00fcl\u00e9kt\u00edpus m\u0171k\u00f6d\u00e9si elv\u00e9t mutatj\u00e1k be. Nem a sz\u00f3ban forg\u00f3 term\u00e9k l\u00e1that\u00f3 a felv\u00e9teleken.<\/em><\/p>\n<p>Az eg\u00e9sz napos munka \u00e9s stressz est\u00e9nk\u00e9nt neked is \u00f3lomk\u00e9nt nehezedik a l\u00e1badra?A Ruhhy l\u00e1bpezsg\u0151f\u00fcrd\u0151t az\u00e9rt alkottuk meg, hogy ez a neh\u00e9zs\u00e9g egyetlen gombnyom\u00e1ssal elsz\u00e1lljon. Az \u00e1lland\u00f3, selymes melegs\u00e9g, a finom pezsg\u00e9s \u00e9s a m\u00e9ly massz\u00e1zs \u00e1tj\u00e1rja a f\u00e1radt pontokat, \u00edgy nemcsak a tested k\u00f6nnyebb\u00fcl meg, hanem az elm\u00e9d is teljesen elcsendesedik.Ruhhy l\u00e1bpezsg\u0151f\u00fcrd\u0151Egyetlen \u00e9rint\u00e9sTeljes \u00fajj\u00e1sz\u00fclet\u00e9sMilyen el\u0151nyei vannak?<\/p>\n<ul>\n<li>Hat\u00e9kony fesz\u00fclts\u00e9gold\u00e1s k\u00edv\u00fcl-bel\u00fcl<\/li>\n<li>Pezsg\u0151f\u00fcrd\u0151- \u00e9s v\u00edzes\u00e9sfunkci\u00f3<\/li>\n<li>Be\u00e9p\u00edtett massz\u00edroz\u00f3 g\u00f6rg\u0151k<\/li>\n<li>Szem\u00e9lyre szabhat\u00f3 h\u0151m\u00e9rs\u00e9klet<\/li>\n<li>K\u00f6nnyed kezel\u00e9s \u00e9s t\u00e1rol\u00e1s<\/li>\n<\/ul>\n<p>Rendelj m\u00e9g ma, \u00e9s \u00e9ld \u00e1t a pr\u00e9mium wellness \u00e9lm\u00e9nyt otthonodban!Megveszem<\/p>\n","protected":false},"excerpt":{"rendered":"<p>Le\u00edr\u00e1sTulajdons\u00e1gokTartoz\u00e9kokTippek, tr\u00fckk\u00f6k\u2013 M\u00e9rs\u00e9kli a f\u00e1radts\u00e1g\u00e9rzetet: A k\u00e9sz\u00fcl\u00e9k haszn\u00e1lata hat\u00e9konyan enyh\u00edti a l\u00e1bakban nap v\u00e9g\u00e9re felhalmoz\u00f3dott elnehez\u00fcl\u00e9st \u00e9s a f\u00e1radts\u00e1got.\u2013 Ment\u00e1lisan kikapcsol: A nyugtat\u00f3 otthoni \u201el\u00e1b\u00e1ztat\u00e1s\u201d seg\u00edt teljesen elengedni a napi stresszt \u00e9s a negat\u00edv gondolatokat.\u2013 Pezsg\u0151f\u00fcrd\u0151 funkci\u00f3: A tart\u00e1ly alj\u00e1b\u00f3l ki\u00e1raml\u00f3 bubor\u00e9kok l\u00e1gyan massz\u00edrozz\u00e1k a b\u0151rt \u00e9s kellemesen felpezsd\u00edtik a l\u00e1bakat.\u2013 Be\u00e9p\u00edtett massz\u00e1zsg\u00f6rg\u0151k: A talp [&hellip;]<\/p>\n","protected":false},"featured_media":475709,"template":"","meta":{"_acf_changed":false},"product_brand":[],"product_cat":[1350,3374],"product_tag":[],"class_list":["post-475708","product","type-product","status-publish","has-post-thumbnail","product_cat-egeszseg","product_cat-home-sporteszkozok","first","instock","product-type-external"],"acf":[],"_links":{"self":[{"href":"https:\/\/horgaszhely.hu\/hun\/wp-json\/wp\/v2\/product\/475708","targetHints":{"allow":["GET"]}}],"collection":[{"href":"https:\/\/horgaszhely.hu\/hun\/wp-json\/wp\/v2\/product"}],"about":[{"href":"https:\/\/horgaszhely.hu\/hun\/wp-json\/wp\/v2\/types\/product"}],"wp:featuredmedia":[{"embeddable":true,"href":"https:\/\/horgaszhely.hu\/hun\/wp-json\/wp\/v2\/media\/475709"}],"wp:attachment":[{"href":"https:\/\/horgaszhely.hu\/hun\/wp-json\/wp\/v2\/media?parent=475708"}],"wp:term":[{"taxonomy":"product_brand","embeddable":true,"href":"https:\/\/horgaszhely.hu\/hun\/wp-json\/wp\/v2\/product_brand?post=475708"},{"taxonomy":"product_cat","embeddable":true,"href":"https:\/\/horgaszhely.hu\/hun\/wp-json\/wp\/v2\/product_cat?post=475708"},{"taxonomy":"product_tag","embeddable":true,"href":"https:\/\/horgaszhely.hu\/hun\/wp-json\/wp\/v2\/product_tag?post=475708"}],"curies":[{"name":"wp","href":"https:\/\/api.w.org\/{rel}","templated":true}]}}

Ruhhy lábpezsgőfürdő és talpmasszírozó &#8211; exkluzív otthoni wellness &#8211; infravörös fűtés, vízesés funkció, akupresszúrás masszázsgörgők

<p>LeírásTulajdonságokTartozékokTippek, trükkök<strong>– Mérsékli a fáradtságérzetet:</strong> A készülék használata hatékonyan enyhíti a lábakban nap végére felhalmozódott elnehezülést és a fáradtságot.<strong>– Mentálisan kikapcsol:</strong> A nyugtató otthoni „lábáztatás” segít teljesen elengedni a napi stresszt és a negatív gondolatokat.<strong>– Pezsgőfürdő funkció:</strong> A tartály aljából kiáramló buborékok lágyan masszírozzák a bőrt és kellemesen felpezsdítik a lábakat.<strong>– Beépített masszázsgörgők:</strong> A talp alatt elhelyezkedő 6 darab mechanikus görgő a láb mozgatásával átmasszírozza a talp teljes felületét.<strong>– Infravörös fény:</strong> A beépített infravörös technológia gyengéd, mélyreható meleget bocsát ki, amely közvetlenül átjárja a talp és a lábfej szöveteit.<strong>– Állítható vízhőmérséklet:</strong> A lábpezsgőfürdő rendszere 35 és 48 fok között az általad kívánt hőmérsékletre melegíti a vizet, a termosztátnak köszönhetően pedig nem hagyja azt kihűlni.<strong>– Esőztető funkció:</strong> A tartály felső részéből folyamatosan leömlő meleg vízsugár külön masszírozza és melegen tartja a lábfejet.<strong>– Könnyed kezelés:</strong> A beépített kerekekkel a gép könnyen mozgatható, a leeresztő dugó kihúzásával a víz pedig másodpercek alatt kiüríthető.<strong>– Szín: </strong>fekete<strong>– Anyag: </strong>ABS, PP, szilikon, vas<strong>– Űrtartalom:</strong> 13 liter<strong>– Hőmérséklet-tartomány:</strong> 35-48 °C<strong>– Feszültség:</strong> 230 V<strong>– Teljesítmény:</strong> 550 W<strong>– Méretek:</strong> 36 x 31 x 32 cm<strong>– Súly:</strong> 3,55 kg<b>– Márka: </b>Ruhhy– Ruhhy lábpezsgőfürdő– Masszázsgörgők– Használati útmutató</p>
<p style="text-align: center"><em>Az fentebb látható videók kizárólag a szemléltetést szolgálják, és a készüléktípus működési elvét mutatják be. Nem a szóban forgó termék látható a felvételeken.</em></p>
<p>Az egész napos munka és stressz esténként neked is ólomként nehezedik a lábadra?A Ruhhy lábpezsgőfürdőt azért alkottuk meg, hogy ez a nehézség egyetlen gombnyomással elszálljon. Az állandó, selymes melegség, a finom pezsgés és a mély masszázs átjárja a fáradt pontokat, így nemcsak a tested könnyebbül meg, hanem az elméd is teljesen elcsendesedik.Ruhhy lábpezsgőfürdőEgyetlen érintésTeljes újjászületésMilyen előnyei vannak?</p>
<ul>
<li>Hatékony feszültségoldás kívül-belül</li>
<li>Pezsgőfürdő- és vízesésfunkció</li>
<li>Beépített masszírozó görgők</li>
<li>Személyre szabható hőmérséklet</li>
<li>Könnyed kezelés és tárolás</li>
</ul>
<p>Rendelj még ma, és éld át a prémium wellness élményt otthonodban!Megveszem</p>

<p>LeírásTulajdonságokTartozékokTippek, trükkök– Mérsékli a fáradtságérzetet: A készülék használata hatékonyan enyhíti a lábakban nap végére felhalmozódott elnehezülést és a fáradtságot.– Mentálisan kikapcsol: A nyugtató otthoni „lábáztatás” segít teljesen elengedni a napi stresszt és a negatív gondolatokat.– Pezsgőfürdő funkció: A tartály aljából kiáramló buborékok lágyan masszírozzák a bőrt és kellemesen felpezsdítik a lábakat.– Beépített masszázsgörgők: A talp [&hellip;]</p>
