{"id":475809,"date":"2026-08-29T17:01:22","date_gmt":"2026-08-29T15:01:22","guid":{"rendered":"https:\/\/horgaszhely.hu\/hun\/termek\/malatec-memoriahabos-derektamasz-gerincbantalmak-ellen-a-helyes-testtartasert-a-tokeletes-kenyelemert\/"},"modified":"2026-08-29T17:01:59","modified_gmt":"2026-08-29T15:01:59","slug":"malatec-memoriahabos-derektamasz-gerincbantalmak-ellen-a-helyes-testtartasert-a-tokeletes-kenyelemert","status":"publish","type":"product","link":"https:\/\/horgaszhely.hu\/hun\/termek\/malatec-memoriahabos-derektamasz-gerincbantalmak-ellen-a-helyes-testtartasert-a-tokeletes-kenyelemert\/","title":{"rendered":"Malatec mem\u00f3riahabos der\u00e9kt\u00e1masz &#8211; gerincb\u00e1ntalmak ellen, a helyes testtart\u00e1s\u00e9rt, a t\u00f6k\u00e9letes k\u00e9nyelem\u00e9rt"},"content":{"rendered":"<p>Le\u00edr\u00e1sTulajdons\u00e1gokTartoz\u00e9kokTippek, tr\u00fckk\u00f6kAz eg\u00e9sz napos \u00fcl\u00e9s nem kell, hogy kimer\u00edt\u0151 \u00e9s f\u00e1jdalmas legyen. A Malatec mem\u00f3riahabos der\u00e9kt\u00e1masz olyan \u00e9rz\u00e9st ad, mintha a h\u00e1tadat l\u00e1thatatlan k\u00e9z tartan\u00e1 meg, stabilan, m\u00e9gis gyeng\u00e9den. Nem csup\u00e1n k\u00e9nyelmet \u00edg\u00e9r, hanem hossz\u00fa t\u00e1v\u00fa t\u00e1mogat\u00e1st a gerincednek \u00e9s izmaidnak. Most l\u00e1ssuk, mi teszi igaz\u00e1n k\u00fcl\u00f6nlegess\u00e9 ezt a pr\u00e9mium darabot!<strong>A mem\u00f3riahabos der\u00e9kt\u00e1masz tulajdons\u00e1gai<\/strong><strong>\u2013 Helyes testtart\u00e1s t\u00e1mogat\u00e1sa:<\/strong> Ergonomikus kialak\u00edt\u00e1sa \u00e1ltal seg\u00edt megtartani a gerinc term\u00e9szetes g\u00f6rb\u00fclet\u00e9t, cs\u00f6kkentve a fesz\u00fclts\u00e9get.<strong>\u2013 F\u00e1jdalomcsillap\u00edt\u00e1s \u00e9s megel\u0151z\u00e9s:<\/strong> Enyh\u00edtheti a der\u00e9kf\u00e1jdalmat, m\u00e9rs\u00e9kli a hossz\u00fa \u00fcl\u00e9s okozta terhel\u00e9st.<strong>\u2013 Nyugodtabb k\u00f6z\u00e9rzet:<\/strong> Tehermentes\u00edti a h\u00e1t izmait, \u00edgy hosszabb ideig tudsz k\u00e9nyelmesen \u00fclni vagy nyugodtan utazni.<strong>\u2013 Pr\u00e9mium mem\u00f3riahab:<\/strong> Alkalmazkodik a tested form\u00e1j\u00e1hoz, mindig visszanyeri alakj\u00e1t, \u00e9s szem\u00e9lyre szabott t\u00e1maszt biztos\u00edt.<strong>\u2013 L\u00e9g\u00e1tereszt\u0151 huzat:<\/strong> Szell\u0151s anyaga megakad\u00e1lyozza az izzad\u00e1st, \u00edgy a ny\u00e1ri melegben is k\u00e9nyelmes marad.<strong>\u2013 K\u00f6nnyen tiszt\u00edthat\u00f3:<\/strong> Rejtett cipz\u00e1ras huzata egyszer\u0171en levehet\u0151 \u00e9s moshat\u00f3.<strong>\u2013 Kompakt, k\u00f6nnyen hordozhat\u00f3:<\/strong> Alig f\u00e9l kg s\u00faly\u00e1b\u00f3l \u00e9s kis m\u00e9ret\u00e9b\u0151l fakad\u00f3an b\u00e1rhov\u00e1 magaddal viheted, egyszer\u0171en t\u00e1rolhatod.<strong>Rendelj most \u00e9s ker\u00fclj k\u00f6zelebb a friss, komfortos mindennapokhoz!<\/strong><strong>\u2013 Sz\u00edn:<\/strong> fekete \u00e9s k\u00e9k<strong>\u2013 Anyag:<\/strong> poli\u00e9szter, nejlon, PC, PP<strong>\u2013 P\u00e1rna t\u00f6ltet:<\/strong> mem\u00f3riahab<strong>\u2013 M\u00e9ret:<\/strong> 23 x 13 x 46 cm<b>\u2013 S\u00faly:<\/b> 0,41 kg<b>\u2013 Csomag s\u00falya:\u00a0<\/b>0,50 kg<strong>\u2013 M\u00e1rka:<\/strong> Malatec\u2013 1 db mem\u00f3riahabos der\u00e9kt\u00e1masz\u2013 1 db hordoz\u00f3 zs\u00e1kBelef\u00e1radt\u00e1l a k\u00e9nyelmetlen sz\u00e9kekbe, a folyamatos f\u00e1jdalmakba?Szeretn\u00e9d, ha v\u00e9gre felfriss\u00fclne a h\u00e1tad \u00e9s az eg\u00e9sz napos \u00fcl\u00e9s elviselhet\u0151bb\u00e9 v\u00e1lna?Nem kell t\u00f6bb\u00e9 elfogadnod, hogy a sz\u00e9k dikt\u00e1lja, hogyan is \u00e9rzed magad nap v\u00e9g\u00e9n. A mem\u00f3riahabos der\u00e9kt\u00e1masz \u00e1tveszi a terhet, \u00e9s \u00fajra felszabad\u00edtja a h\u00e1tad. \u00c9rezni fogod, ahogy a fesz\u00fclts\u00e9g lassan old\u00f3dik, a tested ellazul, \u00e9s v\u00e9gre k\u00f6nnyedebben telik az id\u0151. Ez nem csak k\u00e9nyelmi kieg\u00e9sz\u00edt\u0151, hanem egy befektet\u00e9s a j\u00f3l\u00e9tedbe.Mem\u00f3riahabos der\u00e9kt\u00e1maszKevesebb f\u00e1jdalomT\u00f6bb k\u00e9nyelemMilyen el\u0151nyei vannak?<\/p>\n<ul>\n<li>T\u00f6k\u00e9letesen alkalmazkodik a gerinc \u00edv\u00e9hez<\/li>\n<li>Cs\u00f6kkenti a h\u00e1tra nehezed\u0151 nyom\u00e1st<\/li>\n<li>El\u0151seg\u00edti a helyes testtart\u00e1st<\/li>\n<li>Munk\u00e1hoz, pihen\u00e9shez, utaz\u00e1shoz<\/li>\n<\/ul>\n<p>Szerezd be m\u00e9g ma \u00e9s add meg a r\u00e9g\u00f3ta v\u00e1rt k\u00e9nyelmet v\u00e9gre a h\u00e1tadnak!MegveszemEz\u00e9rt fogod szeretni!A Malatec der\u00e9kt\u00e1masz 2 kiemelked\u0151 saj\u00e1toss\u00e1gaKomfortos mem\u00f3riahabRugalmasan idomul a h\u00e1tad vonal\u00e1hoz, ott biztos\u00edtva t\u00e1maszt, ahol a legnagyobb sz\u00fcks\u00e9g van r\u00e1. Egyenletesen elosztja a nyom\u00e1st, \u00edgy k\u00e9nyelmesebb\u00e9 \u00e9s tart\u00f3sabb\u00e1 teszi az \u00fcl\u00e9st.L\u00e9g\u00e1tereszt\u0151 huzatA kiv\u00e1l\u00f3 min\u0151s\u00e9g\u0171, szell\u0151z\u0151 anyag biztos\u00edtja a folyamatos l\u00e9g\u00e1raml\u00e1st, \u00edgy a p\u00e1rna a ny\u00e1ri melegben is friss, k\u00e9nyelmes \u00e9s higi\u00e9nikus marad.V\u00e1s\u00e1rl\u00f3ink visszajelz\u00e9seiNagyon k\u00e9nyelmes, szeretem. Nem mozgol\u00f3dok m\u00e1r annyit, \u00e9s a sz\u00e9kb\u0151l is kevesebbet kell fel\u00e1llnom napk\u00f6zben.M. PetraHossz\u00fa utakon nagyon j\u00f3l j\u00f6n, nem f\u00e1j az \u00fat v\u00e9g\u00e9re a derekam.BenceKevesebbet f\u00e1j a h\u00e1tam mi\u00f3ta haszn\u00e1lom.Nagyn\u00e9 IlonaPr\u00f3b\u00e1ld\u00a0ki\u00a0te\u00a0isa\u00a0mem\u00f3riahabos\u00a0der\u00e9kt\u00e1maszt!Megveszem<\/p>\n","protected":false},"excerpt":{"rendered":"<p>Le\u00edr\u00e1sTulajdons\u00e1gokTartoz\u00e9kokTippek, tr\u00fckk\u00f6kAz eg\u00e9sz napos \u00fcl\u00e9s nem kell, hogy kimer\u00edt\u0151 \u00e9s f\u00e1jdalmas legyen. A Malatec mem\u00f3riahabos der\u00e9kt\u00e1masz olyan \u00e9rz\u00e9st ad, mintha a h\u00e1tadat l\u00e1thatatlan k\u00e9z tartan\u00e1 meg, stabilan, m\u00e9gis gyeng\u00e9den. Nem csup\u00e1n k\u00e9nyelmet \u00edg\u00e9r, hanem hossz\u00fa t\u00e1v\u00fa t\u00e1mogat\u00e1st a gerincednek \u00e9s izmaidnak. Most l\u00e1ssuk, mi teszi igaz\u00e1n k\u00fcl\u00f6nlegess\u00e9 ezt a pr\u00e9mium darabot!A mem\u00f3riahabos der\u00e9kt\u00e1masz tulajdons\u00e1gai\u2013 Helyes [&hellip;]<\/p>\n","protected":false},"featured_media":475810,"template":"","meta":{"_acf_changed":false},"product_brand":[],"product_cat":[1350,3374],"product_tag":[],"class_list":["post-475809","product","type-product","status-publish","has-post-thumbnail","product_cat-egeszseg","product_cat-home-sporteszkozok","first","instock","product-type-external"],"acf":[],"_links":{"self":[{"href":"https:\/\/horgaszhely.hu\/hun\/wp-json\/wp\/v2\/product\/475809","targetHints":{"allow":["GET"]}}],"collection":[{"href":"https:\/\/horgaszhely.hu\/hun\/wp-json\/wp\/v2\/product"}],"about":[{"href":"https:\/\/horgaszhely.hu\/hun\/wp-json\/wp\/v2\/types\/product"}],"wp:featuredmedia":[{"embeddable":true,"href":"https:\/\/horgaszhely.hu\/hun\/wp-json\/wp\/v2\/media\/475810"}],"wp:attachment":[{"href":"https:\/\/horgaszhely.hu\/hun\/wp-json\/wp\/v2\/media?parent=475809"}],"wp:term":[{"taxonomy":"product_brand","embeddable":true,"href":"https:\/\/horgaszhely.hu\/hun\/wp-json\/wp\/v2\/product_brand?post=475809"},{"taxonomy":"product_cat","embeddable":true,"href":"https:\/\/horgaszhely.hu\/hun\/wp-json\/wp\/v2\/product_cat?post=475809"},{"taxonomy":"product_tag","embeddable":true,"href":"https:\/\/horgaszhely.hu\/hun\/wp-json\/wp\/v2\/product_tag?post=475809"}],"curies":[{"name":"wp","href":"https:\/\/api.w.org\/{rel}","templated":true}]}}

Malatec memóriahabos deréktámasz &#8211; gerincbántalmak ellen, a helyes testtartásért, a tökéletes kényelemért

<p>LeírásTulajdonságokTartozékokTippek, trükkökAz egész napos ülés nem kell, hogy kimerítő és fájdalmas legyen. A Malatec memóriahabos deréktámasz olyan érzést ad, mintha a hátadat láthatatlan kéz tartaná meg, stabilan, mégis gyengéden. Nem csupán kényelmet ígér, hanem hosszú távú támogatást a gerincednek és izmaidnak. Most lássuk, mi teszi igazán különlegessé ezt a prémium darabot!<strong>A memóriahabos deréktámasz tulajdonságai</strong><strong>– Helyes testtartás támogatása:</strong> Ergonomikus kialakítása által segít megtartani a gerinc természetes görbületét, csökkentve a feszültséget.<strong>– Fájdalomcsillapítás és megelőzés:</strong> Enyhítheti a derékfájdalmat, mérsékli a hosszú ülés okozta terhelést.<strong>– Nyugodtabb közérzet:</strong> Tehermentesíti a hát izmait, így hosszabb ideig tudsz kényelmesen ülni vagy nyugodtan utazni.<strong>– Prémium memóriahab:</strong> Alkalmazkodik a tested formájához, mindig visszanyeri alakját, és személyre szabott támaszt biztosít.<strong>– Légáteresztő huzat:</strong> Szellős anyaga megakadályozza az izzadást, így a nyári melegben is kényelmes marad.<strong>– Könnyen tisztítható:</strong> Rejtett cipzáras huzata egyszerűen levehető és mosható.<strong>– Kompakt, könnyen hordozható:</strong> Alig fél kg súlyából és kis méretéből fakadóan bárhová magaddal viheted, egyszerűen tárolhatod.<strong>Rendelj most és kerülj közelebb a friss, komfortos mindennapokhoz!</strong><strong>– Szín:</strong> fekete és kék<strong>– Anyag:</strong> poliészter, nejlon, PC, PP<strong>– Párna töltet:</strong> memóriahab<strong>– Méret:</strong> 23 x 13 x 46 cm<b>– Súly:</b> 0,41 kg<b>– Csomag súlya: </b>0,50 kg<strong>– Márka:</strong> Malatec– 1 db memóriahabos deréktámasz– 1 db hordozó zsákBelefáradtál a kényelmetlen székekbe, a folyamatos fájdalmakba?Szeretnéd, ha végre felfrissülne a hátad és az egész napos ülés elviselhetőbbé válna?Nem kell többé elfogadnod, hogy a szék diktálja, hogyan is érzed magad nap végén. A memóriahabos deréktámasz átveszi a terhet, és újra felszabadítja a hátad. Érezni fogod, ahogy a feszültség lassan oldódik, a tested ellazul, és végre könnyedebben telik az idő. Ez nem csak kényelmi kiegészítő, hanem egy befektetés a jólétedbe.Memóriahabos deréktámaszKevesebb fájdalomTöbb kényelemMilyen előnyei vannak?</p>
<ul>
<li>Tökéletesen alkalmazkodik a gerinc ívéhez</li>
<li>Csökkenti a hátra nehezedő nyomást</li>
<li>Elősegíti a helyes testtartást</li>
<li>Munkához, pihenéshez, utazáshoz</li>
</ul>
<p>Szerezd be még ma és add meg a régóta várt kényelmet végre a hátadnak!MegveszemEzért fogod szeretni!A Malatec deréktámasz 2 kiemelkedő sajátosságaKomfortos memóriahabRugalmasan idomul a hátad vonalához, ott biztosítva támaszt, ahol a legnagyobb szükség van rá. Egyenletesen elosztja a nyomást, így kényelmesebbé és tartósabbá teszi az ülést.Légáteresztő huzatA kiváló minőségű, szellőző anyag biztosítja a folyamatos légáramlást, így a párna a nyári melegben is friss, kényelmes és higiénikus marad.Vásárlóink visszajelzéseiNagyon kényelmes, szeretem. Nem mozgolódok már annyit, és a székből is kevesebbet kell felállnom napközben.M. PetraHosszú utakon nagyon jól jön, nem fáj az út végére a derekam.BenceKevesebbet fáj a hátam mióta használom.Nagyné IlonaPróbáld ki te isa memóriahabos deréktámaszt!Megveszem</p>

<p>LeírásTulajdonságokTartozékokTippek, trükkökAz egész napos ülés nem kell, hogy kimerítő és fájdalmas legyen. A Malatec memóriahabos deréktámasz olyan érzést ad, mintha a hátadat láthatatlan kéz tartaná meg, stabilan, mégis gyengéden. Nem csupán kényelmet ígér, hanem hosszú távú támogatást a gerincednek és izmaidnak. Most lássuk, mi teszi igazán különlegessé ezt a prémium darabot!A memóriahabos deréktámasz tulajdonságai– Helyes [&hellip;]</p>
