{"id":475858,"date":"2026-08-29T17:03:19","date_gmt":"2026-08-29T15:03:19","guid":{"rendered":"https:\/\/horgaszhely.hu\/hun\/termek\/umbro-masszazsgolyo-kompakt-megoldas-izomfajdalmak-gorcsok-es-stressz-ellen-360-fokban-forgo-masszirozofej\/"},"modified":"2026-08-29T17:03:31","modified_gmt":"2026-08-29T15:03:31","slug":"umbro-masszazsgolyo-kompakt-megoldas-izomfajdalmak-gorcsok-es-stressz-ellen-360-fokban-forgo-masszirozofej","status":"publish","type":"product","link":"https:\/\/horgaszhely.hu\/hun\/termek\/umbro-masszazsgolyo-kompakt-megoldas-izomfajdalmak-gorcsok-es-stressz-ellen-360-fokban-forgo-masszirozofej\/","title":{"rendered":"Umbro massz\u00e1zsgoly\u00f3 &#8211; Kompakt megold\u00e1s izomf\u00e1jdalmak, g\u00f6rcs\u00f6k \u00e9s stressz ellen &#8211; 360 fokban forg\u00f3 massz\u00edroz\u00f3fej"},"content":{"rendered":"<p>Le\u00edr\u00e1sTulajdons\u00e1gokTartoz\u00e9kokTippek, tr\u00fckk\u00f6kAzok a r\u00f6vid, p\u00e1r perces pihen\u0151k is sz\u00e1m\u00edtanak, amikor egy kicsit lelassulhatsz. Ez a fantasztikus massz\u00e1zsgoly\u00f3 nem csak az izmaidat laz\u00edtja el, hanem m\u00e9g a legnagyobb rohan\u00e1s k\u00f6zep\u00e9n is seg\u00edti a relax\u00e1l\u00e1sod \u00e9s felt\u00f6lt\u0151d\u00e9sed. Haszn\u00e1ld tudatosan, \u00e9s \u00e9rezni fogod, mennyit adhat a sok kis apr\u00f3 mozdulat. Most megmutatjuk, hogyan teszi mindezt egyszer\u0171en \u00e9s hat\u00e9konyan!<strong>Az Umbro massz\u00e1zsgoly\u00f3 tulajdons\u00e1gai<\/strong><strong>\u2013 Gyorsabb fel\u00e9p\u00fcl\u00e9s:<\/strong> A fokozott v\u00e9r\u00e1raml\u00e1s seg\u00edthet az izmok oxig\u00e9n- \u00e9s t\u00e1panyagell\u00e1t\u00e1s\u00e1ban, \u00edgy hamarabb elm\u00falhat a gyullad\u00e1s, a merevs\u00e9g \u00e9s a f\u00e1radts\u00e1g.<strong>\u2013 F\u00f3kusz\u00e1lt kezel\u00e9s:<\/strong> Prec\u00edzen c\u00e9lozhat\u00f3 vele a f\u00e1jdalmas izomcsom\u00f3, nem terheli feleslegesen a k\u00f6rnyez\u0151 sz\u00f6veteket.<strong>\u2013 Ellaz\u00edt \u00e9s megnyugtat:<\/strong> Seg\u00edthet levezetni a napi stresszt \u00e9s ellaz\u00edtani a fesz\u00fclt izmokat.<strong>\u2013 B\u00e1rmely testr\u00e9szen alkalmazhat\u00f3:<\/strong> A nyakt\u00f3l kiindulva eg\u00e9szen a tark\u00f3n, h\u00e1ton, karokon, der\u00e9kon, combokon \u00e9s a v\u00e1dli izmain \u00e1t szinte minden testr\u00e9szedet \u00e1tmassz\u00edrozhatod vele.<strong>\u2013 Ergonomikus kialak\u00edt\u00e1s:<\/strong> B\u00e1rmekkora is a kezed, t\u00f6k\u00e9letesen illik majd a form\u00e1j\u00e1hoz, nem cs\u00faszik, nem f\u00e1rasztja a tenyered.<strong>\u2013 Kompakt kialak\u00edt\u00e1s:<\/strong> Kis m\u00e9ter\u00e9n\u00e9l \u00e9s k\u00f6nny\u0171 s\u00faly\u00e1n\u00e1l fogva mindig n\u00e1lad lehet \u00e9s ak\u00e1r otthon, ak\u00e1r az irod\u00e1ban, vagy ak\u00e1r utaz\u00e1s alatt is, b\u00e1rmikor el\u0151veheted.<strong>4 tipp az eredm\u00e9nyes haszn\u00e1lathoz<\/strong>\u2013 <strong>Ne nyomd t\u00fal er\u0151sen<\/strong>, a massz\u00e1zsgoly\u00f3 saj\u00e1t s\u00falya is el\u00e9g lehet.\u2013 <strong>K\u00f6rk\u00f6r\u00f6sen mozgasd<\/strong>, \u00edgy hat\u00e9konyabb lesz a massz\u00edroz\u00e1s.\u2013 <strong>L\u00e9legezz m\u00e9lyen<\/strong>, ez seg\u00edti az ellazul\u00e1st.\u2013 <strong>Haszn\u00e1ld megel\u0151z\u00e9sre is<\/strong>, ne csak kialakult f\u00e1jdalom eset\u00e9n.<strong>Szerezd be m\u00e9g ma \u00e9s vedd fel a harcot a makacs izomf\u00e1jdalmakkal!<\/strong><strong>\u2013 Sz\u00edn:<\/strong> sz\u00fcrke<strong>\u2013 Anyag:<\/strong> m\u0171anyag<strong>\u2013 M\u00e9ret:<\/strong> 6,5 cm (\u00e1tm\u00e9r\u0151) x 5,4 cm (magass\u00e1g)<strong>\u2013 Goly\u00f3 \u00e1tm\u00e9r\u0151je:<\/strong> 5 cm<strong>\u2013 S\u00faly:<\/strong> ~0,13 kg<strong>\u2013 Csomag m\u00e9rete:<\/strong> 11 x 6,5 x 14 cm<strong>\u2013 M\u00e1rka:<\/strong> Umbro\u2013 1 db massz\u00e1zsgoly\u00f3Megel\u00e9gelted a folyamatos g\u00f6rcs\u00f6ket, h\u00faz\u00f3d\u00e1sokat, egy\u00e9b f\u00e1jdalmakat?Szeretn\u00e9d, ha v\u00e9gre ism\u00e9t olajozottan, f\u00e1jdalmak n\u00e9lk\u00fcl mozgathatn\u00e1d testr\u00e9szeid?Nem kell, hogy a makacs f\u00e1jdalom eg\u00e9sz nap a nyomodban j\u00e1rjon. A pr\u00e9mium massz\u00e1zsgoly\u00f3 el\u00e9g lehet ahhoz, hogy a tested \u00fajra felszabaduljon. Csak p\u00e1r perc, n\u00e9h\u00e1ny g\u00f6rd\u00fcl\u00e9s \u00e9s r\u00f6gt\u00f6n j\u00f6n a v\u00e1rva v\u00e1rt megk\u00f6nnyebb\u00fcl\u00e9s. A c\u00e9lzott kezel\u00e9s \u00e1ltal b\u00facs\u00fat inthetsz a gy\u00f6tr\u0151 izomb\u00e1ntalmaknak \u00e9s a napod visszat\u00e9rhet a megszokott ritmus\u00e1ba.Umbro massz\u00e1zsgoly\u00f3Profi massz\u0151r a t\u00e1sk\u00e1dbanMilyen el\u0151nyei vannak?<\/p>\n<ul>\n<li>360 fokban forg\u00f3 massz\u00e1zsfej<\/li>\n<li>Kis m\u00e9ret, k\u00f6nny\u0171 hordozhat\u00f3s\u00e1g<\/li>\n<li>Az izmok m\u00e9lyebb r\u00e9tegeit is el\u00e9rheti<\/li>\n<li>Stresszcs\u00f6kkent\u00e9s, g\u00f6rcsold\u00e1s, izomlaz\u00edt\u00e1s<\/li>\n<\/ul>\n<p>Rendelj most a nyugodt, f\u00e1jdalommentes mindennapokhoz!MegveszemEz\u00e9rt fogod szeretni a term\u00e9ket!A massz\u00e1zsgoly\u00f3 k\u00e9t legfontosabb saj\u00e1toss\u00e1ga360 fokban forg\u00f3 fejA massz\u00e1zsgoly\u00f3 feje minden ir\u00e1nyban szabadon forog, \u00edgy folyamatos, egyenletes nyom\u00e1st biztos\u00edt. Ennek k\u00f6vetkezt\u00e9ben k\u00f6nnyebben el\u00e9ri a m\u00e9lyebb izomr\u00e9tegeket is.Kompakt m\u00e9retMind\u00f6ssze 6,5 cm-es \u00e1tm\u00e9r\u0151j\u00e9nek \u00e9s 5,4 cm-es magass\u00e1g\u00e1nak k\u00f6sz\u00f6nhet\u0151en gond n\u00e9lk\u00fcl elf\u00e9r a t\u00e1sk\u00e1dban, keszty\u0171tart\u00f3dban, de m\u00e9g a zsebedben is, \u00edgy mindig k\u00e9zn\u00e9l lehet probl\u00e9ma eset\u00e9n.V\u00e1s\u00e1rl\u00f3ink visszajelz\u00e9seiNagyon j\u00f3. Csak el\u0151kapom, h\u00fazok-tolok p\u00e1rat a combomon \u00e9s m\u00e1ris jobb. Hasznos kis tal\u00e1lm\u00e1ny. :)TeriSajnos koromn\u00e1l fogva valahol mindig f\u00e1j, de ez a mini massz\u00edroz\u00f3 mindig seg\u00edt rajtam.Gy\u00f6ngyiEnnyi p\u00e9nz\u00e9rt meg\u00e9rte. Amilyen egyszer\u0171, olyan hasznos.M. K\u00e1lm\u00e1nA nyakam folyton be\u00e1ll, de ezzel a &#8222;cuccal&#8221; p\u00e1r perc alatt enyh\u00fcl a merevs\u00e9g.Nagy ZsoltPr\u00f3b\u00e1ld\u00a0ki\u00a0te\u00a0isa\u00a0nyugtat\u00f3\u00a0hat\u00e1s\u00fa\u00a0Umbro\u00a0massz\u00e1zsgoly\u00f3t!Megveszem<\/p>\n","protected":false},"excerpt":{"rendered":"<p>Le\u00edr\u00e1sTulajdons\u00e1gokTartoz\u00e9kokTippek, tr\u00fckk\u00f6kAzok a r\u00f6vid, p\u00e1r perces pihen\u0151k is sz\u00e1m\u00edtanak, amikor egy kicsit lelassulhatsz. Ez a fantasztikus massz\u00e1zsgoly\u00f3 nem csak az izmaidat laz\u00edtja el, hanem m\u00e9g a legnagyobb rohan\u00e1s k\u00f6zep\u00e9n is seg\u00edti a relax\u00e1l\u00e1sod \u00e9s felt\u00f6lt\u0151d\u00e9sed. Haszn\u00e1ld tudatosan, \u00e9s \u00e9rezni fogod, mennyit adhat a sok kis apr\u00f3 mozdulat. Most megmutatjuk, hogyan teszi mindezt egyszer\u0171en \u00e9s hat\u00e9konyan!Az [&hellip;]<\/p>\n","protected":false},"featured_media":475859,"template":"","meta":{"_acf_changed":false},"product_brand":[],"product_cat":[1350,3374],"product_tag":[],"class_list":["post-475858","product","type-product","status-publish","has-post-thumbnail","product_cat-egeszseg","product_cat-home-sporteszkozok","first","instock","product-type-external"],"acf":[],"_links":{"self":[{"href":"https:\/\/horgaszhely.hu\/hun\/wp-json\/wp\/v2\/product\/475858","targetHints":{"allow":["GET"]}}],"collection":[{"href":"https:\/\/horgaszhely.hu\/hun\/wp-json\/wp\/v2\/product"}],"about":[{"href":"https:\/\/horgaszhely.hu\/hun\/wp-json\/wp\/v2\/types\/product"}],"wp:featuredmedia":[{"embeddable":true,"href":"https:\/\/horgaszhely.hu\/hun\/wp-json\/wp\/v2\/media\/475859"}],"wp:attachment":[{"href":"https:\/\/horgaszhely.hu\/hun\/wp-json\/wp\/v2\/media?parent=475858"}],"wp:term":[{"taxonomy":"product_brand","embeddable":true,"href":"https:\/\/horgaszhely.hu\/hun\/wp-json\/wp\/v2\/product_brand?post=475858"},{"taxonomy":"product_cat","embeddable":true,"href":"https:\/\/horgaszhely.hu\/hun\/wp-json\/wp\/v2\/product_cat?post=475858"},{"taxonomy":"product_tag","embeddable":true,"href":"https:\/\/horgaszhely.hu\/hun\/wp-json\/wp\/v2\/product_tag?post=475858"}],"curies":[{"name":"wp","href":"https:\/\/api.w.org\/{rel}","templated":true}]}}

Umbro masszázsgolyó &#8211; Kompakt megoldás izomfájdalmak, görcsök és stressz ellen &#8211; 360 fokban forgó masszírozófej

<p>LeírásTulajdonságokTartozékokTippek, trükkökAzok a rövid, pár perces pihenők is számítanak, amikor egy kicsit lelassulhatsz. Ez a fantasztikus masszázsgolyó nem csak az izmaidat lazítja el, hanem még a legnagyobb rohanás közepén is segíti a relaxálásod és feltöltődésed. Használd tudatosan, és érezni fogod, mennyit adhat a sok kis apró mozdulat. Most megmutatjuk, hogyan teszi mindezt egyszerűen és hatékonyan!<strong>Az Umbro masszázsgolyó tulajdonságai</strong><strong>– Gyorsabb felépülés:</strong> A fokozott véráramlás segíthet az izmok oxigén- és tápanyagellátásában, így hamarabb elmúlhat a gyulladás, a merevség és a fáradtság.<strong>– Fókuszált kezelés:</strong> Precízen célozható vele a fájdalmas izomcsomó, nem terheli feleslegesen a környező szöveteket.<strong>– Ellazít és megnyugtat:</strong> Segíthet levezetni a napi stresszt és ellazítani a feszült izmokat.<strong>– Bármely testrészen alkalmazható:</strong> A nyaktól kiindulva egészen a tarkón, háton, karokon, derékon, combokon és a vádli izmain át szinte minden testrészedet átmasszírozhatod vele.<strong>– Ergonomikus kialakítás:</strong> Bármekkora is a kezed, tökéletesen illik majd a formájához, nem csúszik, nem fárasztja a tenyered.<strong>– Kompakt kialakítás:</strong> Kis méterénél és könnyű súlyánál fogva mindig nálad lehet és akár otthon, akár az irodában, vagy akár utazás alatt is, bármikor előveheted.<strong>4 tipp az eredményes használathoz</strong>– <strong>Ne nyomd túl erősen</strong>, a masszázsgolyó saját súlya is elég lehet.– <strong>Körkörösen mozgasd</strong>, így hatékonyabb lesz a masszírozás.– <strong>Lélegezz mélyen</strong>, ez segíti az ellazulást.– <strong>Használd megelőzésre is</strong>, ne csak kialakult fájdalom esetén.<strong>Szerezd be még ma és vedd fel a harcot a makacs izomfájdalmakkal!</strong><strong>– Szín:</strong> szürke<strong>– Anyag:</strong> műanyag<strong>– Méret:</strong> 6,5 cm (átmérő) x 5,4 cm (magasság)<strong>– Golyó átmérője:</strong> 5 cm<strong>– Súly:</strong> ~0,13 kg<strong>– Csomag mérete:</strong> 11 x 6,5 x 14 cm<strong>– Márka:</strong> Umbro– 1 db masszázsgolyóMegelégelted a folyamatos görcsöket, húzódásokat, egyéb fájdalmakat?Szeretnéd, ha végre ismét olajozottan, fájdalmak nélkül mozgathatnád testrészeid?Nem kell, hogy a makacs fájdalom egész nap a nyomodban járjon. A prémium masszázsgolyó elég lehet ahhoz, hogy a tested újra felszabaduljon. Csak pár perc, néhány gördülés és rögtön jön a várva várt megkönnyebbülés. A célzott kezelés által búcsút inthetsz a gyötrő izombántalmaknak és a napod visszatérhet a megszokott ritmusába.Umbro masszázsgolyóProfi masszőr a táskádbanMilyen előnyei vannak?</p>
<ul>
<li>360 fokban forgó masszázsfej</li>
<li>Kis méret, könnyű hordozhatóság</li>
<li>Az izmok mélyebb rétegeit is elérheti</li>
<li>Stresszcsökkentés, görcsoldás, izomlazítás</li>
</ul>
<p>Rendelj most a nyugodt, fájdalommentes mindennapokhoz!MegveszemEzért fogod szeretni a terméket!A masszázsgolyó két legfontosabb sajátossága360 fokban forgó fejA masszázsgolyó feje minden irányban szabadon forog, így folyamatos, egyenletes nyomást biztosít. Ennek következtében könnyebben eléri a mélyebb izomrétegeket is.Kompakt méretMindössze 6,5 cm-es átmérőjének és 5,4 cm-es magasságának köszönhetően gond nélkül elfér a táskádban, kesztyűtartódban, de még a zsebedben is, így mindig kéznél lehet probléma esetén.Vásárlóink visszajelzéseiNagyon jó. Csak előkapom, húzok-tolok párat a combomon és máris jobb. Hasznos kis találmány. :)TeriSajnos koromnál fogva valahol mindig fáj, de ez a mini masszírozó mindig segít rajtam.GyöngyiEnnyi pénzért megérte. Amilyen egyszerű, olyan hasznos.M. KálmánA nyakam folyton beáll, de ezzel a &#8222;cuccal&#8221; pár perc alatt enyhül a merevség.Nagy ZsoltPróbáld ki te isa nyugtató hatású Umbro masszázsgolyót!Megveszem</p>

<p>LeírásTulajdonságokTartozékokTippek, trükkökAzok a rövid, pár perces pihenők is számítanak, amikor egy kicsit lelassulhatsz. Ez a fantasztikus masszázsgolyó nem csak az izmaidat lazítja el, hanem még a legnagyobb rohanás közepén is segíti a relaxálásod és feltöltődésed. Használd tudatosan, és érezni fogod, mennyit adhat a sok kis apró mozdulat. Most megmutatjuk, hogyan teszi mindezt egyszerűen és hatékonyan!Az [&hellip;]</p>
