{"id":475914,"date":"2026-08-29T17:04:39","date_gmt":"2026-08-29T15:04:39","guid":{"rendered":"https:\/\/horgaszhely.hu\/hun\/termek\/3-az-1-ben-motivacios-kulacs-szett-bpa-mentes-2l-900ml-300ml-fekete\/"},"modified":"2026-08-29T17:05:19","modified_gmt":"2026-08-29T15:05:19","slug":"3-az-1-ben-motivacios-kulacs-szett-bpa-mentes-2l-900ml-300ml-fekete","status":"publish","type":"product","link":"https:\/\/horgaszhely.hu\/hun\/termek\/3-az-1-ben-motivacios-kulacs-szett-bpa-mentes-2l-900ml-300ml-fekete\/","title":{"rendered":"3 az 1-ben motiv\u00e1ci\u00f3s kulacs szett &#8211; BPA-mentes &#8211; 2L\/900ML\/300ML &#8211; fekete"},"content":{"rendered":"<p>Le\u00edr\u00e1sTulajdons\u00e1gokTartoz\u00e9kokTippek, tr\u00fckk\u00f6kA motiv\u00e1ci\u00f3s kulacs szett nem csup\u00e1n egy palack: egy <strong>inspir\u00e1l\u00f3 t\u00e1rs, amely minden kortyn\u00e1l vigy\u00e1z r\u00e1d \u00e9s figyel arra, hogy a szervezeted friss legyen \u00e9s hidrat\u00e1lt<\/strong>. Ergonomikus kialak\u00edt\u00e1sa, motiv\u00e1ci\u00f3s \u00fczenetei \u00e9s egyedi megjelen\u00e9se garant\u00e1lja, hogy a rendszeres folyad\u00e9kp\u00f3tl\u00e1s ne legyen k\u00e9nyszer, hanem egy \u00faj szok\u00e1s, amely lend\u00fcletben tart a mindennapok sor\u00e1n.<strong>A BPA-mentes motiv\u00e1ci\u00f3s kulacs szett el\u0151ny\u00f6s tulajdons\u00e1gai<\/strong><strong>\u2013 Modern \u00e9s letisztult megjelen\u00e9s:<\/strong> Az eleg\u00e1ns fekete diz\u00e1jn \u00e9s az arany feliratok pr\u00e9mium \u00e9rzetet keltenek, \u00edgy a kulacs nemcsak praktikus, hanem st\u00edlusos kieg\u00e9sz\u00edt\u0151 is edz\u00e9shez, munk\u00e1hoz vagy utaz\u00e1shoz.<strong>\u2013 Ergonomikus kialak\u00edt\u00e1s:<\/strong> Fog\u00e1sa k\u00f6nnyed, t\u00f6k\u00e9letesen illeszkedik kezed form\u00e1j\u00e1hoz.<strong>\u2013 Motiv\u00e1l\u00f3 feliratok \u00e9s m\u00e9r\u0151sk\u00e1la:<\/strong> A kulacs inspir\u00e1l\u00f3 \u00fczenetei, valamint a pontos m\u00e9r\u0151sk\u00e1la \u00f6szt\u00f6n\u00f6znek \u00e9s seg\u00edtenek a napi folyad\u00e9kp\u00f3tl\u00e1sod sor\u00e1n.<strong>\u2013 Sziv\u00e1rg\u00e1smentes \u00e9s strapab\u00edr\u00f3 kialak\u00edt\u00e1s:<\/strong> A meger\u0151s\u00edtett z\u00e1rszerkezet \u00e9s a massz\u00edv v\u00e1z garant\u00e1lja, hogy minden egyes ml folyad\u00e9k a kulacsban maradjon.<strong>\u2013 BPA-mentes anyaghaszn\u00e1lat:\u00a0<\/strong>K\u00e1rosanyag-mentes \u00f6sszet\u00e9tel + tart\u00f3s polikarbon\u00e1t \u00e9s polipropil\u00e9n anyag, amely hossz\u00fa t\u00e1von is tiszta, friss vizet biztos\u00edt.<strong>\u2013 H\u00e1romf\u00e9le m\u00f3don ihatsz bel\u0151le:<\/strong> Sz\u00edv\u00f3sz\u00e1llal, vagy an\u00e9lk\u00fcl, illetve a kupakot letekerve, a sz\u00e9lesebb sz\u00e1jny\u00edl\u00e1son kereszt\u00fcl is ihatsz.<strong>3 az 1-ben<\/strong>Egy szett, h\u00e1rom m\u00e9ret, minden helyzetre! A 2L-es palack edz\u00e9sekhez, a 900 ml-es munk\u00e1hoz vagy kir\u00e1ndul\u00e1shoz, a 300 ml-es pedig \u00fatk\u00f6zben is k\u00e9zn\u00e9l van. R\u00e1ad\u00e1sul egym\u00e1sba helyezhet\u0151k a k\u00f6nny\u0171 t\u00e1rol\u00e1s\u00e9rt!<strong>Rendelj most \u00e9s felejtsd el a rendszeres szomj\u00fas\u00e1got!<\/strong>\u2013 <strong>Sz\u00edn:<\/strong> fekete\u2013 <strong>Anyag:<\/strong> m\u0171anyag (polipropil\u00e9n+polikarbon\u00e1t)\u2013 Cseppmentes kupak\u2013 Kivehet\u0151 sz\u00edv\u00f3sz\u00e1l\u2013 Foganty\u00fa\u2013 3 db kulacs egy csomagban<strong>\u2013 M\u00e9retek \u00e9s \u0171rtartalom:<\/strong><\/p>\n<ul>\n<li><strong>2 literes kulacs:<\/strong>\n<ul>\n<li>Magass\u00e1g: 34 cm<\/li>\n<li>\u00c1tm\u00e9r\u0151: 10,5 cm<\/li>\n<\/ul>\n<\/li>\n<li><strong>900 milliliteres kulacs:<\/strong>\n<ul>\n<li>Magass\u00e1g: 26 cm<\/li>\n<li>\u00c1tm\u00e9r\u0151: 7 cm<\/li>\n<\/ul>\n<\/li>\n<li><strong>300 milliliteres kulacs:<\/strong>\n<ul>\n<li>Magass\u00e1g: 20,5 cm<\/li>\n<li>\u00c1tm\u00e9r\u0151: 4,5 cm<\/li>\n<\/ul>\n<\/li>\n<\/ul>\n<p>\u2013 3 db BPA-mentes motiv\u00e1ci\u00f3s kulacs 2l, 900ml \u00e9s 300ml \u0171rtartalommal\u2013 3 db cseppmentes kupak\u2013 3 db sz\u00edv\u00f3sz\u00e1lHidrat\u00e1lj st\u00edlusosan!\u00c9lj okosan \u00e9s energikusan!A pr\u00e9mium kulacs szett nem csak a folyad\u00e9kp\u00f3tl\u00e1sban seg\u00edt, hanem inspir\u00e1l \u00e9s val\u00f3di eleganci\u00e1t biztos\u00edt a mindennapok sor\u00e1n!Exkluz\u00edv motiv\u00e1ci\u00f3s kulacs szett &#8211; feketeSt\u00edlusos megjelen\u00e9sErgonomikus tervez\u00e9sMilyen el\u0151nyei vannak?<\/p>\n<ul>\n<li>Massz\u00edv anyag<\/li>\n<li>Cseppmentes kupak<\/li>\n<li>Extra motiv\u00e1ci\u00f3<\/li>\n<\/ul>\n<p>Rendelj m\u00e9g ma \u00e9s l\u00e9pj be a st\u00edlusos hidrat\u00e1l\u00e1s vil\u00e1g\u00e1ba!MegveszemEz\u00e9rt fogod szeretni a term\u00e9ket!Lentebb olvashatod a motiv\u00e1ci\u00f3s kulacs legf\u0151bb saj\u00e1toss\u00e1gaitMotiv\u00e1ci\u00f3 minden kortyn\u00e1lA kulacs oldal\u00e1n tal\u00e1lhat\u00f3 inspir\u00e1l\u00f3 \u00fczenetek folyamatosan eml\u00e9keztetnek a c\u00e9ljaidra \u00e9s plusz lend\u00fcletet adnak a sz\u00fcrke h\u00e9tk\u00f6znapokban.Pr\u00e9mium diz\u00e1jnA fekete matt k\u00fcls\u0151 \u00e9s az apr\u00f3l\u00e9kos tervez\u00e9s egyedi megjelen\u00e9st k\u00f6lcs\u00f6n\u00f6znek. A kulacs egyszerre innovat\u00edv \u00e9s eleg\u00e1ns, \u00edgy t\u00f6k\u00e9letes t\u00e1rs a mindennapokban.V\u00e1s\u00e1rl\u00f3ink visszajelz\u00e9seiSokszor leejtettem m\u00e1r, de semmi baja. A sk\u00e1l\u00e1z\u00e1s \u00e9s a motiv\u00e1ci\u00f3s sz\u00f6vegek pedig k\u00fcl\u00f6n tetszenek.M. BenceIm\u00e1dom a minimalista design-t \u00e9s azt, hogy k\u00f6nnyen illeszkedik a kezemhez.Varg\u00e1n\u00e9 D\u00f3riMindenkinek jut egy a csal\u00e1dba. Nagyon szeretj\u00fck, rendelni fogunk m\u00e9g egy szettet.\u00c1gnesT\u00e9nyleg seg\u00edt, sokkal t\u00f6bbet iszom mi\u00f3ta megvettem, \u00e9s jobban is \u00e9rzem magam.J\u00f3zsefPr\u00f3b\u00e1ld\u00a0ki\u00a0te\u00a0isaz\u00a0exkluz\u00edv\u00a0megjelen\u00e9s\u0171\u00a0motiv\u00e1ci\u00f3s\u00a0kulacs\u00a0szettet!Megveszem<\/p>\n","protected":false},"excerpt":{"rendered":"<p>Le\u00edr\u00e1sTulajdons\u00e1gokTartoz\u00e9kokTippek, tr\u00fckk\u00f6kA motiv\u00e1ci\u00f3s kulacs szett nem csup\u00e1n egy palack: egy inspir\u00e1l\u00f3 t\u00e1rs, amely minden kortyn\u00e1l vigy\u00e1z r\u00e1d \u00e9s figyel arra, hogy a szervezeted friss legyen \u00e9s hidrat\u00e1lt. Ergonomikus kialak\u00edt\u00e1sa, motiv\u00e1ci\u00f3s \u00fczenetei \u00e9s egyedi megjelen\u00e9se garant\u00e1lja, hogy a rendszeres folyad\u00e9kp\u00f3tl\u00e1s ne legyen k\u00e9nyszer, hanem egy \u00faj szok\u00e1s, amely lend\u00fcletben tart a mindennapok sor\u00e1n.A BPA-mentes motiv\u00e1ci\u00f3s kulacs [&hellip;]<\/p>\n","protected":false},"featured_media":475915,"template":"","meta":{"_acf_changed":false},"product_brand":[],"product_cat":[1350,3374],"product_tag":[],"class_list":["post-475914","product","type-product","status-publish","has-post-thumbnail","product_cat-egeszseg","product_cat-home-sporteszkozok","first","instock","product-type-external"],"acf":[],"_links":{"self":[{"href":"https:\/\/horgaszhely.hu\/hun\/wp-json\/wp\/v2\/product\/475914","targetHints":{"allow":["GET"]}}],"collection":[{"href":"https:\/\/horgaszhely.hu\/hun\/wp-json\/wp\/v2\/product"}],"about":[{"href":"https:\/\/horgaszhely.hu\/hun\/wp-json\/wp\/v2\/types\/product"}],"wp:featuredmedia":[{"embeddable":true,"href":"https:\/\/horgaszhely.hu\/hun\/wp-json\/wp\/v2\/media\/475915"}],"wp:attachment":[{"href":"https:\/\/horgaszhely.hu\/hun\/wp-json\/wp\/v2\/media?parent=475914"}],"wp:term":[{"taxonomy":"product_brand","embeddable":true,"href":"https:\/\/horgaszhely.hu\/hun\/wp-json\/wp\/v2\/product_brand?post=475914"},{"taxonomy":"product_cat","embeddable":true,"href":"https:\/\/horgaszhely.hu\/hun\/wp-json\/wp\/v2\/product_cat?post=475914"},{"taxonomy":"product_tag","embeddable":true,"href":"https:\/\/horgaszhely.hu\/hun\/wp-json\/wp\/v2\/product_tag?post=475914"}],"curies":[{"name":"wp","href":"https:\/\/api.w.org\/{rel}","templated":true}]}}

3 az 1-ben motivációs kulacs szett &#8211; BPA-mentes &#8211; 2L/900ML/300ML &#8211; fekete

<p>LeírásTulajdonságokTartozékokTippek, trükkökA motivációs kulacs szett nem csupán egy palack: egy <strong>inspiráló társ, amely minden kortynál vigyáz rád és figyel arra, hogy a szervezeted friss legyen és hidratált</strong>. Ergonomikus kialakítása, motivációs üzenetei és egyedi megjelenése garantálja, hogy a rendszeres folyadékpótlás ne legyen kényszer, hanem egy új szokás, amely lendületben tart a mindennapok során.<strong>A BPA-mentes motivációs kulacs szett előnyös tulajdonságai</strong><strong>– Modern és letisztult megjelenés:</strong> Az elegáns fekete dizájn és az arany feliratok prémium érzetet keltenek, így a kulacs nemcsak praktikus, hanem stílusos kiegészítő is edzéshez, munkához vagy utazáshoz.<strong>– Ergonomikus kialakítás:</strong> Fogása könnyed, tökéletesen illeszkedik kezed formájához.<strong>– Motiváló feliratok és mérőskála:</strong> A kulacs inspiráló üzenetei, valamint a pontos mérőskála ösztönöznek és segítenek a napi folyadékpótlásod során.<strong>– Szivárgásmentes és strapabíró kialakítás:</strong> A megerősített zárszerkezet és a masszív váz garantálja, hogy minden egyes ml folyadék a kulacsban maradjon.<strong>– BPA-mentes anyaghasználat: </strong>Károsanyag-mentes összetétel + tartós polikarbonát és polipropilén anyag, amely hosszú távon is tiszta, friss vizet biztosít.<strong>– Háromféle módon ihatsz belőle:</strong> Szívószállal, vagy anélkül, illetve a kupakot letekerve, a szélesebb szájnyíláson keresztül is ihatsz.<strong>3 az 1-ben</strong>Egy szett, három méret, minden helyzetre! A 2L-es palack edzésekhez, a 900 ml-es munkához vagy kiránduláshoz, a 300 ml-es pedig útközben is kéznél van. Ráadásul egymásba helyezhetők a könnyű tárolásért!<strong>Rendelj most és felejtsd el a rendszeres szomjúságot!</strong>– <strong>Szín:</strong> fekete– <strong>Anyag:</strong> műanyag (polipropilén+polikarbonát)– Cseppmentes kupak– Kivehető szívószál– Fogantyú– 3 db kulacs egy csomagban<strong>– Méretek és űrtartalom:</strong></p>
<ul>
<li><strong>2 literes kulacs:</strong>
<ul>
<li>Magasság: 34 cm</li>
<li>Átmérő: 10,5 cm</li>
</ul>
</li>
<li><strong>900 milliliteres kulacs:</strong>
<ul>
<li>Magasság: 26 cm</li>
<li>Átmérő: 7 cm</li>
</ul>
</li>
<li><strong>300 milliliteres kulacs:</strong>
<ul>
<li>Magasság: 20,5 cm</li>
<li>Átmérő: 4,5 cm</li>
</ul>
</li>
</ul>
<p>– 3 db BPA-mentes motivációs kulacs 2l, 900ml és 300ml űrtartalommal– 3 db cseppmentes kupak– 3 db szívószálHidratálj stílusosan!Élj okosan és energikusan!A prémium kulacs szett nem csak a folyadékpótlásban segít, hanem inspirál és valódi eleganciát biztosít a mindennapok során!Exkluzív motivációs kulacs szett &#8211; feketeStílusos megjelenésErgonomikus tervezésMilyen előnyei vannak?</p>
<ul>
<li>Masszív anyag</li>
<li>Cseppmentes kupak</li>
<li>Extra motiváció</li>
</ul>
<p>Rendelj még ma és lépj be a stílusos hidratálás világába!MegveszemEzért fogod szeretni a terméket!Lentebb olvashatod a motivációs kulacs legfőbb sajátosságaitMotiváció minden kortynálA kulacs oldalán található inspiráló üzenetek folyamatosan emlékeztetnek a céljaidra és plusz lendületet adnak a szürke hétköznapokban.Prémium dizájnA fekete matt külső és az aprólékos tervezés egyedi megjelenést kölcsönöznek. A kulacs egyszerre innovatív és elegáns, így tökéletes társ a mindennapokban.Vásárlóink visszajelzéseiSokszor leejtettem már, de semmi baja. A skálázás és a motivációs szövegek pedig külön tetszenek.M. BenceImádom a minimalista design-t és azt, hogy könnyen illeszkedik a kezemhez.Vargáné DóriMindenkinek jut egy a családba. Nagyon szeretjük, rendelni fogunk még egy szettet.ÁgnesTényleg segít, sokkal többet iszom mióta megvettem, és jobban is érzem magam.JózsefPróbáld ki te isaz exkluzív megjelenésű motivációs kulacs szettet!Megveszem</p>

<p>LeírásTulajdonságokTartozékokTippek, trükkökA motivációs kulacs szett nem csupán egy palack: egy inspiráló társ, amely minden kortynál vigyáz rád és figyel arra, hogy a szervezeted friss legyen és hidratált. Ergonomikus kialakítása, motivációs üzenetei és egyedi megjelenése garantálja, hogy a rendszeres folyadékpótlás ne legyen kényszer, hanem egy új szokás, amely lendületben tart a mindennapok során.A BPA-mentes motivációs kulacs [&hellip;]</p>
