{"id":475957,"date":"2026-08-29T17:05:49","date_gmt":"2026-08-29T15:05:49","guid":{"rendered":"https:\/\/horgaszhely.hu\/hun\/termek\/shiatsu-masszazsparna-a-gyotro-stressz-es-a-makacs-mozgasszervi-fajdalmak-ellen\/"},"modified":"2026-08-29T17:06:16","modified_gmt":"2026-08-29T15:06:16","slug":"shiatsu-masszazsparna-a-gyotro-stressz-es-a-makacs-mozgasszervi-fajdalmak-ellen","status":"publish","type":"product","link":"https:\/\/horgaszhely.hu\/hun\/termek\/shiatsu-masszazsparna-a-gyotro-stressz-es-a-makacs-mozgasszervi-fajdalmak-ellen\/","title":{"rendered":"Shiatsu massz\u00e1zsp\u00e1rna a gy\u00f6tr\u0151 stressz \u00e9s a makacs mozg\u00e1sszervi f\u00e1jdalmak ellen"},"content":{"rendered":"<p>Le\u00edr\u00e1sTulajdons\u00e1gokTartoz\u00e9kokTippek, tr\u00fckk\u00f6k<strong>Engedd, hogy a mindennapi fesz\u00fclts\u00e9g elsz\u00e1lljon bel\u0151led, hagyd, hogy a shiatsu massz\u00e1zsp\u00e1rna ereje \u00e1tj\u00e1rja minden egyes sejted!\u00a0<\/strong>K\u00fczdj b\u00e1rmilyen mozg\u00e1sszervi probl\u00e9m\u00e1val a nyakadt\u00f3l a l\u00e1badig, ez az egyed\u00fcl\u00e1ll\u00f3 k\u00e9sz\u00fcl\u00e9k seg\u00edt\u0151 kezet ny\u00fajt neked teljes fel\u00e9p\u00fcl\u00e9sedig. S\u0151t ahogy testedben csillap\u00edtja a f\u00e1jdalmat, elm\u00e9dben \u00fagy \u0171zi el a k\u00ednz\u00f3 stresszt \u00e9s lelki b\u00e1ntalmakat.<strong>MI AZ A SHIATSU MASSZ\u00c1ZS?<\/strong>A shiatsu ter\u00e1pia egy\u00e9b massz\u00e1zsfajt\u00e1kkal ellent\u00e9tben azokra a nyom\u00e1spontokra, meridi\u00e1nokra f\u00f3kusz\u00e1l, amelyeket a t\u00e1vol-keleti orvosl\u00e1sban energiacsatorn\u00e1knak tekintenek. Ezek stimul\u00e1l\u00e1sa <strong>kiegyens\u00falyozza vagy feloldja az energia\u00e1raml\u00e1st, jav\u00edtja a v\u00e9r- \u00e9s nyirokkering\u00e9st.<\/strong>Egy <strong>2019-es tanulm\u00e1ny szerint, ha a shiatsut kombin\u00e1ljuk a der\u00e9kf\u00e1j\u00e1s szok\u00e1sos kezel\u00e9s\u00e9vel, akkor r\u00f6viddel a kezel\u00e9st k\u00f6vet\u0151en enyh\u00fclnek a panaszok<\/strong>, \u00edgy az \u00e9letmin\u0151s\u00e9g is. Ez m\u00e9g azonban nem minden. Vegy\u00fck sorra, hogy milyen j\u00f3t\u00e9kony hat\u00e1sokkal lehet r\u00e1d, ha egy olyan k\u00e9sz\u00fcl\u00e9ket haszn\u00e1lsz, amely ezen az elven alapszik.<strong>A SHIATSU MASSZ\u00c1ZSP\u00c1RNA POZIT\u00cdV HAT\u00c1SAI<\/strong>A <strong>shiatsu massz\u00e1zsp\u00e1rna hat\u00e1ssal van a testi \u00e9s a ment\u00e1lis eg\u00e9szs\u00e9gedre is<\/strong>. L\u00e1ssuk is, hogy milyen ter\u00fcleteken sz\u00e1m\u00edthatsz pozit\u00edv v\u00e1ltoz\u00e1sra:<\/p>\n<ul>\n<li>cs\u00f6kkenteni a stresszt \u00e9s a fesz\u00fclts\u00e9get<\/li>\n<li>el\u0151seg\u00edti a relax\u00e1ci\u00f3s \u00e1llapotot \u00e9s a ment\u00e1lis nyugalmat<\/li>\n<li>enyh\u00edti az izom- \u00e9s \u00edz\u00fcleti b\u00e1ntalmakat<\/li>\n<li>seg\u00edt a kr\u00f3nikus f\u00e1jdalmak kezel\u00e9s\u00e9ben<\/li>\n<li>fokozza a v\u00e9r- \u00e9s nyirokkering\u00e9st<\/li>\n<li>jav\u00edtja az \u00e1ltal\u00e1nos eg\u00e9szs\u00e9get, a test m\u0171k\u00f6d\u00e9s\u00e9t<\/li>\n<li>helyre\u00e1ll\u00edtja az energiaegyens\u00falyt a testben, jav\u00edtva ezzel a vitalit\u00e1st \u00e9s az \u00e1ltal\u00e1nos k\u00f6z\u00e9rzetet<\/li>\n<li>megsz\u0171nteti az em\u00e9szt\u00e9si probl\u00e9m\u00e1kat<\/li>\n<li>seg\u00edts\u00e9get ny\u00fajt az alv\u00e1szavarok kezel\u00e9s\u00e9ben<\/li>\n<\/ul>\n<p><strong>EL\u0150NY\u00d6S TULAJDONS\u00c1GAI<\/strong>A massz\u00e1zsp\u00e1rn\u00e1nak t\u00f6bb fantasztikus tulajdons\u00e1ga is van.<strong>\u2013 2-f\u00e9le \u00fczemm\u00f3d:<\/strong> A k\u00e9sz\u00fcl\u00e9ket k\u00e9tf\u00e9lek\u00e9ppen is haszn\u00e1lhatod. Az egyik \u00fczemm\u00f3d a massz\u00e1zs, a m\u00e1sik pedig a pihentet\u00e9s. Massz\u00e1zs m\u0171k\u00f6d\u00e9si m\u00f3dban a goly\u00f3k centrifug\u00e1lisan forognak \u00e9s a f\u0171t\u0151l\u00e1mp\u00e1k is bekapcsolnak. Pihentet\u00e9s m\u00f3dban a goly\u00f3k centripet\u00e1lisan forognak.<strong>\u2013 F\u0171t\u0151funkci\u00f3:<\/strong> Meleget \u00e1raszt\u00f3 funkci\u00f3ja nem csak kellemes, de igen hasznos is. H\u0151 hat\u00e1s\u00e1ra az izmaid k\u00f6nnyebben ellazulnak, ez\u00e1ltal hat\u00e9konyabb\u00e1 v\u00e1lik a massz\u00e1zs is. Menstru\u00e1ci\u00f3s f\u00e1jdalmak eset\u00e9n ennek a funkci\u00f3nak az alkalmaz\u00e1sa kifejezetten aj\u00e1nlott.<strong>\u2013 B\u00e1rhol \u00e9s b\u00e1rmikor alkalmazhatod:<\/strong> A p\u00e1rn\u00e1t egy standart szivargy\u00fajt\u00f3hoz vagy h\u00e1l\u00f3zathoz csatlakoztatva is haszn\u00e1lhatod.\u00a0 Ennek k\u00f6sz\u00f6nhet\u0151en, b\u00e1rhol \u00e9s b\u00e1rmikor, ak\u00e1r utaz\u00e1s k\u00f6zben is a rendelkez\u00e9sedre \u00e1ll.<strong>\u2013 R\u00f6gz\u00edt\u0151p\u00e1nt:<\/strong> H\u00e1toldal\u00e1n egy praktikus sz\u00edj tal\u00e1lhat\u00f3, ami lehet\u0151v\u00e9 teszi a r\u00f6gz\u00edt\u00e9s\u00e9t egy sz\u00e9khez vagy \u00fcl\u00e9shez. Ez\u00e1ltal k\u00f6nnyed\u00e9n fix\u00e1lhatod a sz\u00e1modra legmegfelel\u0151bb poz\u00edci\u00f3ban.<strong>\u2013\u00a0 Kiemelked\u0151 min\u0151s\u00e9g:<\/strong> Anyag\u00e1t tekintve is emeli a k\u00e9nyelem \u00e9rz\u00e9s\u00e9t, ugyanis pr\u00e9mium min\u0151s\u00e9g\u0171 \u00f6ko-b\u0151rb\u0151l \u00e9s l\u00e9legz\u0151 h\u00e1l\u00f3b\u00f3l k\u00e9sz\u00fclt.<strong>\u2013 K\u00f6nny\u0171 karbantart\u00e1s:<\/strong> Tiszt\u00edt\u00e1sa gyerekj\u00e1t\u00e9k, hiszen cipz\u00e1ras kialak\u00edt\u00e1st kapott. Ennek k\u00f6sz\u00f6nhet\u0151en pillanatok alatt elt\u00e1vol\u00edthatod a v\u00e9d\u0151huzatot k\u00e9sz\u00fcl\u00e9kr\u0151l. Egy nedves ronggyal el\u00e9g \u00e1tt\u00f6r\u00f6lni, majd hagyni megsz\u00e1radni.<strong>HASZN\u00c1LATA<\/strong>Dugd be a megfelel\u0151 adaptert att\u00f3l f\u00fcgg\u0151en, hogy otthonodban vagy aut\u00f3dban haszn\u00e1lod. A k\u00e9sz\u00fcl\u00e9k kapcsol\u00f3j\u00e1val tudod kiv\u00e1lasztani az I. vagy a II. \u00fczemm\u00f3dot. Az I. m\u00f3dra kapcsolva a massz\u00e1zs \u00fczemm\u00f3d aktiv\u00e1l\u00f3dik. Ilyenkor a goly\u00f3k centrifug\u00e1lisan forognak \u00e9s a f\u0171t\u0151l\u00e1mp\u00e1k is m\u0171k\u00f6d\u00e9sbe l\u00e9pnek. A II. m\u00f3dra kapcsolva a pihentet\u00e9s \u00fczemm\u00f3dot v\u00e1laszthatod. A goly\u00f3k ekkor centripet\u00e1lisan forognak. A k\u00edv\u00e1nt funkci\u00f3 kiv\u00e1laszt\u00e1sa ut\u00e1n d\u0151lj neki, vagy helyezd a regener\u00e1lni k\u00edv\u00e1nt testr\u00e9szre. <strong>\u00c1ltal\u00e1ban napi 1-2 alkalommal t\u00f6rt\u00e9n\u0151 15 perces kezel\u00e9s elegend\u0151 lehet.<\/strong><strong>FIZIKAI JELLEMZ\u0150I<\/strong>A massz\u00e1zsp\u00e1rna fekete sz\u00edn\u0171, amely <strong>2 be\u00e9p\u00edtett massz\u00e1zsfejjel, fejenk\u00e9nt 2-2 massz\u00e1zsgoly\u00f3val rendelkezik<\/strong>. Anyaga <strong>kiv\u00e1l\u00f3 min\u0151s\u00e9g\u0171 \u00f6ko-b\u0151r<\/strong>, valamint l\u00e9g\u00e1tereszt\u0151 h\u00e1l\u00f3. K\u00e9tf\u00e9le \u00fczemm\u00f3dban \u00e9s f\u0171t\u0151funkci\u00f3val haszn\u00e1lhat\u00f3. Teljes\u00edtm\u00e9nye 24 W, m\u00e9rete 30x20x10 cm. S\u00falya 1,187 kg.<strong>Rendeld meg a shiatsu massz\u00e1zsp\u00e1rn\u00e1t \u00e9s \u00e9lvezd a luxus massz\u00e1zs\u00e9lm\u00e9nyt b\u00e1rmikor, amikor sz\u00fcks\u00e9ged van r\u00e1!<\/strong>\u2013 Sz\u00edn: fekete\u2013 Anyag: \u00f6ko-b\u0151r + l\u00e9g\u00e1tereszt\u0151 h\u00e1l\u00f3\u2013 Massz\u00edroz\u00f3 motorok sz\u00e1ma: 2 db\u2013 Motorokon l\u00e9v\u0151 fejek sz\u00e1ma: 2-2 db\u2013 \u00dczemm\u00f3dok sz\u00e1ma: 2 db\u2013 Infra f\u0171t\u00e9s: igen\u2013 Teljes\u00edtm\u00e9ny: 24 W\u2013 M\u00e9retek:<\/p>\n<ul>\n<li>sz\u00e9less\u00e9g: 30 cm<\/li>\n<li>hossz\u00fas\u00e1g: 20 cm<\/li>\n<li>m\u00e9lys\u00e9g: 10 cm<\/li>\n<\/ul>\n<p>\u2013 S\u00faly: 1,187 kg\u2013 1 db shiatsu massz\u00e1zsp\u00e1rna\u2013 1 db h\u00e1l\u00f3zati csatlakoz\u00f3\u2013 1 db szivargy\u00fajt\u00f3 adapterT\u00f6bb energia, kevesebb stressz!Nyugtasd meg a lelked, tedd mozg\u00e9konny\u00e1 ism\u00e9t tested!A shiatsu massz\u00e1zsp\u00e1rna elhozza otthonodba egy relax\u00e1l\u00f3 hossz\u00fa h\u00e9tv\u00e9ge komplex \u00e9lm\u00e9ny\u00e9t. Sokoldal\u00fa hat\u00e1sa r\u00e9v\u00e9n \u00faj \u00e9letet lehet a be\u00e1llt nyakadba, sajg\u00f3 derekadba, elm\u00e9det pedig felfr<\/p>\n","protected":false},"excerpt":{"rendered":"<p>Le\u00edr\u00e1sTulajdons\u00e1gokTartoz\u00e9kokTippek, tr\u00fckk\u00f6kEngedd, hogy a mindennapi fesz\u00fclts\u00e9g elsz\u00e1lljon bel\u0151led, hagyd, hogy a shiatsu massz\u00e1zsp\u00e1rna ereje \u00e1tj\u00e1rja minden egyes sejted!\u00a0K\u00fczdj b\u00e1rmilyen mozg\u00e1sszervi probl\u00e9m\u00e1val a nyakadt\u00f3l a l\u00e1badig, ez az egyed\u00fcl\u00e1ll\u00f3 k\u00e9sz\u00fcl\u00e9k seg\u00edt\u0151 kezet ny\u00fajt neked teljes fel\u00e9p\u00fcl\u00e9sedig. S\u0151t ahogy testedben csillap\u00edtja a f\u00e1jdalmat, elm\u00e9dben \u00fagy \u0171zi el a k\u00ednz\u00f3 stresszt \u00e9s lelki b\u00e1ntalmakat.MI AZ A SHIATSU MASSZ\u00c1ZS?A [&hellip;]<\/p>\n","protected":false},"featured_media":475958,"template":"","meta":{"_acf_changed":false},"product_brand":[],"product_cat":[1350,3374],"product_tag":[],"class_list":["post-475957","product","type-product","status-publish","has-post-thumbnail","product_cat-egeszseg","product_cat-home-sporteszkozok","first","instock","product-type-external"],"acf":[],"_links":{"self":[{"href":"https:\/\/horgaszhely.hu\/hun\/wp-json\/wp\/v2\/product\/475957","targetHints":{"allow":["GET"]}}],"collection":[{"href":"https:\/\/horgaszhely.hu\/hun\/wp-json\/wp\/v2\/product"}],"about":[{"href":"https:\/\/horgaszhely.hu\/hun\/wp-json\/wp\/v2\/types\/product"}],"wp:featuredmedia":[{"embeddable":true,"href":"https:\/\/horgaszhely.hu\/hun\/wp-json\/wp\/v2\/media\/475958"}],"wp:attachment":[{"href":"https:\/\/horgaszhely.hu\/hun\/wp-json\/wp\/v2\/media?parent=475957"}],"wp:term":[{"taxonomy":"product_brand","embeddable":true,"href":"https:\/\/horgaszhely.hu\/hun\/wp-json\/wp\/v2\/product_brand?post=475957"},{"taxonomy":"product_cat","embeddable":true,"href":"https:\/\/horgaszhely.hu\/hun\/wp-json\/wp\/v2\/product_cat?post=475957"},{"taxonomy":"product_tag","embeddable":true,"href":"https:\/\/horgaszhely.hu\/hun\/wp-json\/wp\/v2\/product_tag?post=475957"}],"curies":[{"name":"wp","href":"https:\/\/api.w.org\/{rel}","templated":true}]}}

Shiatsu masszázspárna a gyötrő stressz és a makacs mozgásszervi fájdalmak ellen

<p>LeírásTulajdonságokTartozékokTippek, trükkök<strong>Engedd, hogy a mindennapi feszültség elszálljon belőled, hagyd, hogy a shiatsu masszázspárna ereje átjárja minden egyes sejted! </strong>Küzdj bármilyen mozgásszervi problémával a nyakadtól a lábadig, ez az egyedülálló készülék segítő kezet nyújt neked teljes felépülésedig. Sőt ahogy testedben csillapítja a fájdalmat, elmédben úgy űzi el a kínzó stresszt és lelki bántalmakat.<strong>MI AZ A SHIATSU MASSZÁZS?</strong>A shiatsu terápia egyéb masszázsfajtákkal ellentétben azokra a nyomáspontokra, meridiánokra fókuszál, amelyeket a távol-keleti orvoslásban energiacsatornáknak tekintenek. Ezek stimulálása <strong>kiegyensúlyozza vagy feloldja az energiaáramlást, javítja a vér- és nyirokkeringést.</strong>Egy <strong>2019-es tanulmány szerint, ha a shiatsut kombináljuk a derékfájás szokásos kezelésével, akkor röviddel a kezelést követően enyhülnek a panaszok</strong>, így az életminőség is. Ez még azonban nem minden. Vegyük sorra, hogy milyen jótékony hatásokkal lehet rád, ha egy olyan készüléket használsz, amely ezen az elven alapszik.<strong>A SHIATSU MASSZÁZSPÁRNA POZITÍV HATÁSAI</strong>A <strong>shiatsu masszázspárna hatással van a testi és a mentális egészségedre is</strong>. Lássuk is, hogy milyen területeken számíthatsz pozitív változásra:</p>
<ul>
<li>csökkenteni a stresszt és a feszültséget</li>
<li>elősegíti a relaxációs állapotot és a mentális nyugalmat</li>
<li>enyhíti az izom- és ízületi bántalmakat</li>
<li>segít a krónikus fájdalmak kezelésében</li>
<li>fokozza a vér- és nyirokkeringést</li>
<li>javítja az általános egészséget, a test működését</li>
<li>helyreállítja az energiaegyensúlyt a testben, javítva ezzel a vitalitást és az általános közérzetet</li>
<li>megszűnteti az emésztési problémákat</li>
<li>segítséget nyújt az alvászavarok kezelésében</li>
</ul>
<p><strong>ELŐNYÖS TULAJDONSÁGAI</strong>A masszázspárnának több fantasztikus tulajdonsága is van.<strong>– 2-féle üzemmód:</strong> A készüléket kétféleképpen is használhatod. Az egyik üzemmód a masszázs, a másik pedig a pihentetés. Masszázs működési módban a golyók centrifugálisan forognak és a fűtőlámpák is bekapcsolnak. Pihentetés módban a golyók centripetálisan forognak.<strong>– Fűtőfunkció:</strong> Meleget árasztó funkciója nem csak kellemes, de igen hasznos is. Hő hatására az izmaid könnyebben ellazulnak, ezáltal hatékonyabbá válik a masszázs is. Menstruációs fájdalmak esetén ennek a funkciónak az alkalmazása kifejezetten ajánlott.<strong>– Bárhol és bármikor alkalmazhatod:</strong> A párnát egy standart szivargyújtóhoz vagy hálózathoz csatlakoztatva is használhatod.  Ennek köszönhetően, bárhol és bármikor, akár utazás közben is a rendelkezésedre áll.<strong>– Rögzítőpánt:</strong> Hátoldalán egy praktikus szíj található, ami lehetővé teszi a rögzítését egy székhez vagy üléshez. Ezáltal könnyedén fixálhatod a számodra legmegfelelőbb pozícióban.<strong>–  Kiemelkedő minőség:</strong> Anyagát tekintve is emeli a kényelem érzését, ugyanis prémium minőségű öko-bőrből és lélegző hálóból készült.<strong>– Könnyű karbantartás:</strong> Tisztítása gyerekjáték, hiszen cipzáras kialakítást kapott. Ennek köszönhetően pillanatok alatt eltávolíthatod a védőhuzatot készülékről. Egy nedves ronggyal elég áttörölni, majd hagyni megszáradni.<strong>HASZNÁLATA</strong>Dugd be a megfelelő adaptert attól függően, hogy otthonodban vagy autódban használod. A készülék kapcsolójával tudod kiválasztani az I. vagy a II. üzemmódot. Az I. módra kapcsolva a masszázs üzemmód aktiválódik. Ilyenkor a golyók centrifugálisan forognak és a fűtőlámpák is működésbe lépnek. A II. módra kapcsolva a pihentetés üzemmódot választhatod. A golyók ekkor centripetálisan forognak. A kívánt funkció kiválasztása után dőlj neki, vagy helyezd a regenerálni kívánt testrészre. <strong>Általában napi 1-2 alkalommal történő 15 perces kezelés elegendő lehet.</strong><strong>FIZIKAI JELLEMZŐI</strong>A masszázspárna fekete színű, amely <strong>2 beépített masszázsfejjel, fejenként 2-2 masszázsgolyóval rendelkezik</strong>. Anyaga <strong>kiváló minőségű öko-bőr</strong>, valamint légáteresztő háló. Kétféle üzemmódban és fűtőfunkcióval használható. Teljesítménye 24 W, mérete 30x20x10 cm. Súlya 1,187 kg.<strong>Rendeld meg a shiatsu masszázspárnát és élvezd a luxus masszázsélményt bármikor, amikor szükséged van rá!</strong>– Szín: fekete– Anyag: öko-bőr + légáteresztő háló– Masszírozó motorok száma: 2 db– Motorokon lévő fejek száma: 2-2 db– Üzemmódok száma: 2 db– Infra fűtés: igen– Teljesítmény: 24 W– Méretek:</p>
<ul>
<li>szélesség: 30 cm</li>
<li>hosszúság: 20 cm</li>
<li>mélység: 10 cm</li>
</ul>
<p>– Súly: 1,187 kg– 1 db shiatsu masszázspárna– 1 db hálózati csatlakozó– 1 db szivargyújtó adapterTöbb energia, kevesebb stressz!Nyugtasd meg a lelked, tedd mozgékonnyá ismét tested!A shiatsu masszázspárna elhozza otthonodba egy relaxáló hosszú hétvége komplex élményét. Sokoldalú hatása révén új életet lehet a beállt nyakadba, sajgó derekadba, elmédet pedig felfr</p>

<p>LeírásTulajdonságokTartozékokTippek, trükkökEngedd, hogy a mindennapi feszültség elszálljon belőled, hagyd, hogy a shiatsu masszázspárna ereje átjárja minden egyes sejted! Küzdj bármilyen mozgásszervi problémával a nyakadtól a lábadig, ez az egyedülálló készülék segítő kezet nyújt neked teljes felépülésedig. Sőt ahogy testedben csillapítja a fájdalmat, elmédben úgy űzi el a kínzó stresszt és lelki bántalmakat.MI AZ A SHIATSU MASSZÁZS?A [&hellip;]</p>
