{"id":475980,"date":"2026-08-29T17:06:26","date_gmt":"2026-08-29T15:06:26","guid":{"rendered":"https:\/\/horgaszhely.hu\/hun\/termek\/onmelegito-masszazspisztoly-fej-a-makacs-fajdalmak-ellen-a-gyorsabb-regeneracioert\/"},"modified":"2026-08-29T17:06:47","modified_gmt":"2026-08-29T15:06:47","slug":"onmelegito-masszazspisztoly-fej-a-makacs-fajdalmak-ellen-a-gyorsabb-regeneracioert","status":"publish","type":"product","link":"https:\/\/horgaszhely.hu\/hun\/termek\/onmelegito-masszazspisztoly-fej-a-makacs-fajdalmak-ellen-a-gyorsabb-regeneracioert\/","title":{"rendered":"\u00d6nmeleg\u00edt\u0151 massz\u00e1zspisztoly fej a makacs f\u00e1jdalmak ellen, a gyorsabb regener\u00e1ci\u00f3\u00e9rt"},"content":{"rendered":"<p>Le\u00edr\u00e1sTulajdons\u00e1gokTartoz\u00e9kokTippek, tr\u00fckk\u00f6k<strong>Relax\u00e1ci\u00f3, f\u00e1jdalomcsillap\u00edt\u00e1s \u00e9s k\u00e9nyelem. Ez az \u00f6nmeleg\u00edt\u0151 massz\u00e1zspisztoly fej minden k\u00f6r\u00fclm\u00e9nyek k\u00f6zt felemel\u0151 \u00e9rz\u00e9st biztos\u00edt neked!<\/strong><strong>\u00c9rdekess\u00e9g:<\/strong> Tudtad, hogy az emberek m\u00e1r \u0151sid\u0151k \u00f3ta alkalmazz\u00e1k a massz\u00e1zst, azonban senki sem tudja meghat\u00e1rozni azt, hogy honnan is ered a technik\u00e1ja? A legkor\u00e1bbi \u00edr\u00e1sos feljegyz\u00e9sek K\u00edn\u00e1b\u00f3l sz\u00e1rmaznak ie. 2700-b\u00f3l, teh\u00e1t m\u00e1r ezekben az id\u0151kben is tiszt\u00e1ban voltak a massz\u00e1zs p\u00e1ratlanul j\u00f3t\u00e9kony \u00e9lettani hat\u00e1saival.Azt is tudt\u00e1k, hogy az izmok ellaz\u00edt\u00e1s\u00e1hoz \u00e9s regener\u00e1ci\u00f3j\u00e1hoz jav\u00edtani kell a f\u00e1jdalmas ter\u00fclet v\u00e9r-, oxig\u00e9n, \u00e9s t\u00e1panyagell\u00e1t\u00e1s\u00e1t. Ezt pedig a massz\u00e1zs erej\u00e9vel, valamint az ellazul\u00e1shoz sz\u00fcks\u00e9ges meleggel \u00e9rt\u00e9k el. Most te is megtapasztalhatod ezt a hat\u00e1st modern k\u00f6nt\u00f6sbe b\u00fajtatva, m\u00e9gpedig fantasztikus massz\u00e1zspisztoly fej\u00fcnk seg\u00edts\u00e9g\u00e9vel.<strong>AZ \u00d6NMELEG\u00cdT\u0150 MASSZ\u00c1ZSPISZTOLY FEJ J\u00d3T\u00c9KONY HAT\u00c1SAI<\/strong>Al\u00e1bb olvashatod azokat a hat\u00e1sokat, amelyek miatt k\u00e9ts\u00e9gk\u00edv\u00fcl megszereted majd ezt a massz\u00e1zsfejet:\u2013 meleg\u00edt\u0151 hat\u00e1s\u00e1nak k\u00f6sz\u00f6nhet\u0151en izmaid k\u00f6nnyebben ellazulnak\u2013 cs\u00f6kkenti vagy megsz\u00fcnteti az izom \u00e9s \u00edz\u00fcleti f\u00e1jdalmakat, izomg\u00f6rcs\u00f6ket\u2013 kevesebb es\u00e9llyel alakul ki izoml\u00e1zad\u2013 gy\u00f3gy\u00edrt jelenthet a mozg\u00e1sszervi betegs\u00e9gekre\u2013 jav\u00edtja a v\u00e9rkering\u00e9sed\u2013 friss\u00edti, \u00e9l\u00e9nk\u00edti a tested \u00e9s a lelked\u2013 er\u0151s\u00edti az immunrendszeredet\u2013 b\u0151r\u00f6d puh\u00e1bb, ez\u00e1ltal fiatalosabb lehet\u2013 hat\u00e9konyan cs\u00f6kkenti a stressz-szintedet\u2013 jobb alv\u00e1st biztos\u00edt<strong>EL\u0150NY\u00d6S TULAJDONS\u00c1GAI<\/strong>Ezeket a szuper tulajdons\u00e1gokat te is \u00e9lvezheted egyt\u0151l-egyig:<strong>\u2013 \u00c1ll\u00edthat\u00f3 h\u0151fokozatok:<\/strong> A be\u00e9p\u00edtett f\u0171t\u0151cs\u00facs j\u00f3volt\u00e1b\u00f3l h\u00e1rom f\u0171t\u00e9si m\u00f3d k\u00f6z\u00fcl v\u00e1laszthatod ki a sz\u00e1modra legide\u00e1lisabbat. Az I. \u00fczemm\u00f3d 44 fokon, a II. m\u00f3d 56 fokon, m\u00edg a III. m\u00f3d ak\u00e1r 61 fokon ny\u00fajt k\u00e9nyelmes meleget.<strong>\u2013 Sz\u00e9les k\u00f6r\u0171 kompatibilit\u00e1s:<\/strong> Az \u00f6sszes MALATEC massz\u00e1zspisztollyal haszn\u00e1lhatod a fejet, tov\u00e1bb\u00e1 egy\u00e9b term\u00e9kekkel is. 1,2 cm-es r\u00f6gz\u00edt\u00e9si \u00e1tm\u00e9r\u0151vel rendelkezik, ami biztos\u00edtja a t\u00f6k\u00e9letes illeszked\u00e9st az aktu\u00e1lis k\u00e9sz\u00fcl\u00e9kedhez.<strong>\u2013 Vibr\u00e1ci\u00f3:<\/strong> A vibr\u00e1ci\u00f3s funkci\u00f3 \u00e1ltal t\u00f6k\u00e9letes massz\u00e1zs\u00e9lm\u00e9nyben lehet r\u00e9szed. Ellaz\u00edt, feloldja az izmaid g\u00f6rcs\u00f6ss\u00e9g\u00e9t, \u00e9l\u00e9nk\u00edti a tested \u00e9s a lelked.<strong>\u2013 Be\u00e9p\u00edtett akkumul\u00e1tor:<\/strong> Egy er\u0151s, be\u00e9p\u00edtett 900 mAh-s akkumul\u00e1torral rendelkezik a massz\u00edroz\u00f3 fej, amit a csomagban tal\u00e1lhat\u00f3 USB-C t\u00f6lt\u0151k\u00e1bellel b\u00e1rhol \u00e9s b\u00e1rmikor fel tudsz t\u00f6lteni.<strong>ALKALMAZ\u00c1SA<\/strong>A massz\u00edroz\u00f3g\u00e9phez val\u00f3 r\u00f6gz\u00edt\u00e9st k\u00f6vet\u0151en nincs m\u00e1s dolgod csak laz\u00edts, add \u00e1t magad a luxus \u00e9s k\u00e9nyelem \u00e9lvezet\u00e9nek! A f\u0171t\u00e9st a be\/ki gomb megnyom\u00e1s\u00e1val ind\u00edthatod be. Amennyiben \u00fczemm\u00f3dot szeretn\u00e9l v\u00e1ltani, akkor ism\u00e9teld meg a folyamatot, majd v\u00e1rj nagyj\u00e1b\u00f3l 5 percet a fej felmeleged\u00e9s\u00e9ig!<strong>FIZIKAI JELLEMZ\u0150I<\/strong>Az eszk\u00f6z anyaga massz\u00edv f\u00e9m + PP, amelybe egy 900 mAh er\u0151ss\u00e9g\u0171 akkumul\u00e1tor ker\u00fclt be\u00e9p\u00edt\u00e9sre. Sz\u00edne fekete \u00e9s ez\u00fcst, m\u00e9retei pedig 5,5\u00d77 cm. A csatlakoz\u00f3 \u00e1tm\u00e9r\u0151je 1,2 cm, s\u00falya mind\u00f6ssze 86 g. A csomag s\u00falya 115 g.<strong>V\u00e1laszd az eg\u00e9szs\u00e9get \u00e9s a k\u00e9nyelmet, legyen neked is egy t\u00f6k\u00e9letes, \u00f6nmeleg\u00edt\u0151s massz\u00e1zsfejed!<\/strong>\u2013 Sz\u00edn: ez\u00fcst + fekete\u2013 Anyag: PP + f\u00e9m\u2013 3 f\u0171t\u00e9si fokozat\u2013 Be\u00e9p\u00edtett akkumul\u00e1tor (900 mAh)\u2013 M\u00e9retek: 5,5 x 7 cm\u2013 S\u00faly: 86 gramm\u2013 Csomag s\u00falya: 115 gramm\u2013 1 db massz\u00e1zspisztoly fej\u2013 1 db USB-C t\u00f6lt\u0151k\u00e1belJ\u00f3l j\u00f6nne egy kis plusz meleg \u00e9s extra komfort a massz\u00e1zs sor\u00e1n?A lehet\u0151 leggyorsabban v\u00e9get vetn\u00e9l a mindennapos izomf\u00e1jdalmadnak \u00e9s a kellemetlen izoml\u00e1znak?A MALATEC massz\u00e1zspisztoly fej egyed\u00fcl\u00e1ll\u00f3 h\u00e1rmas hat\u00e1sa r\u00e9v\u00e9n t\u00f6k\u00e9letesen ellaz\u00edtja az izmaidat \u00e9s a m\u00e9lyrehat\u00f3 vibr\u00e1ci\u00f3s massz\u00e1zs \u00e1ltal r\u00f6vid id\u0151n bel\u00fcl visszaadja neked a f\u00e1jdalmak n\u00e9lk\u00fcli, \u00f6r\u00f6mteli mozg\u00e1ssal t\u00f6lt\u00f6tt mindennapokat!\u00d6nmeleg\u00edt\u0151 massz\u00e1zspisztoly fejLetisztult designM\u00e9lyrehat\u00f3 massz\u00e1zsMilyen el\u0151nyei vannak?<\/p>\n<ul>\n<li>\u00c1ll\u00edthat\u00f3 h\u0151m\u00e9rs\u00e9kleti fokozatok<\/li>\n<li>Univerz\u00e1lis felhaszn\u00e1l\u00e1s<\/li>\n<li>Be\u00e9p\u00edtett akkumul\u00e1tor<\/li>\n<\/ul>\n<p>Szerezd be m\u00e9g ma \u00e9s ints b\u00facs\u00fat gyorsan a gy\u00f6tr\u0151 f\u00e1jdalomnak!MegveszemEz\u00e9rt fogod szeretni a term\u00e9ket!Az al\u00e1bb olvashat\u00f3 tulajdons\u00e1gok garant\u00e1ltan elnyerik majd tetsz\u00e9sedMeleg\u00edt\u0151 funkci\u00f3A be\u00e9p\u00edtett akkunak k\u00f6sz\u00f6nhet\u0151en a tested helyett saj\u00e1t maga oldja meg a meleg\u00edt\u00e9st. A kellemes meleg \u00e9s az er\u0151teljes, f\u00e1jdalomcsillap\u00edt\u00f3 massz\u00e1zs garant\u00e1lt az els\u0151 perct\u0151l kezdve.Sz\u00e9lesk\u00f6r\u0171 kompatibilit\u00e1sA fej az \u00f6sszes MALATEC m\u00e1rk\u00e1j\u00fa massz\u00e1zspisztolyhoz felhaszn\u00e1lhat\u00f3. Azonban hasonl\u00f3 csatlakoz\u00e1ssal lett ell\u00e1tva, mint a piacon megtal\u00e1lhat\u00f3 fejek, \u00edgy j\u00f3 es\u00e9llyel a legt\u00f6bb pisztollyal kompatibilis.V\u00e1s\u00e1rl\u00f3ink visszajelz\u00e9seiT\u00f6k\u00e9letesen kimassz\u00edrozta a f\u00e1jdalmat a combomb\u00f3l, az extra meleg miatt pedig majdnem elaludtam, olyan kellemes \u00e9rz\u00e9s volt.AndiEr\u0151s \u00e9s egyben k\u00f6nnyed, legal\u00e1bbis a l\u00e1bamat k\u00f6nnyebbnek \u00e9rzem a haszn\u00e1lat ut\u00e1n. Maga a fej is strap\u00e1s, ezt onnan tudom, hogy el\u00e9g magasr\u00f3l leejtettem \u00e9s semmi baja. A meleg\u00edt\u0151 funkci\u00f3r\u00f3l \u00e9s arr\u00f3l, hogy az olcs\u00f3, m\u00e1rka n\u00e9lk\u00fcli g\u00e9pemhez is t\u00f6k\u00e9letesen illett, arr\u00f3l ne is besz\u00e9lj\u00fcnk. :)B. Szil\u00e1rdOlcs\u00f3, egyszer\u0171 a haszn\u00e1lata, j\u00f3l \u00e1tmassz\u00edroz \u00e9s a f\u00e1jd<\/p>\n","protected":false},"excerpt":{"rendered":"<p>Le\u00edr\u00e1sTulajdons\u00e1gokTartoz\u00e9kokTippek, tr\u00fckk\u00f6kRelax\u00e1ci\u00f3, f\u00e1jdalomcsillap\u00edt\u00e1s \u00e9s k\u00e9nyelem. Ez az \u00f6nmeleg\u00edt\u0151 massz\u00e1zspisztoly fej minden k\u00f6r\u00fclm\u00e9nyek k\u00f6zt felemel\u0151 \u00e9rz\u00e9st biztos\u00edt neked!\u00c9rdekess\u00e9g: Tudtad, hogy az emberek m\u00e1r \u0151sid\u0151k \u00f3ta alkalmazz\u00e1k a massz\u00e1zst, azonban senki sem tudja meghat\u00e1rozni azt, hogy honnan is ered a technik\u00e1ja? A legkor\u00e1bbi \u00edr\u00e1sos feljegyz\u00e9sek K\u00edn\u00e1b\u00f3l sz\u00e1rmaznak ie. 2700-b\u00f3l, teh\u00e1t m\u00e1r ezekben az id\u0151kben is tiszt\u00e1ban voltak [&hellip;]<\/p>\n","protected":false},"featured_media":475981,"template":"","meta":{"_acf_changed":false},"product_brand":[],"product_cat":[1350,3374],"product_tag":[],"class_list":["post-475980","product","type-product","status-publish","has-post-thumbnail","product_cat-egeszseg","product_cat-home-sporteszkozok","first","instock","product-type-external"],"acf":[],"_links":{"self":[{"href":"https:\/\/horgaszhely.hu\/hun\/wp-json\/wp\/v2\/product\/475980","targetHints":{"allow":["GET"]}}],"collection":[{"href":"https:\/\/horgaszhely.hu\/hun\/wp-json\/wp\/v2\/product"}],"about":[{"href":"https:\/\/horgaszhely.hu\/hun\/wp-json\/wp\/v2\/types\/product"}],"wp:featuredmedia":[{"embeddable":true,"href":"https:\/\/horgaszhely.hu\/hun\/wp-json\/wp\/v2\/media\/475981"}],"wp:attachment":[{"href":"https:\/\/horgaszhely.hu\/hun\/wp-json\/wp\/v2\/media?parent=475980"}],"wp:term":[{"taxonomy":"product_brand","embeddable":true,"href":"https:\/\/horgaszhely.hu\/hun\/wp-json\/wp\/v2\/product_brand?post=475980"},{"taxonomy":"product_cat","embeddable":true,"href":"https:\/\/horgaszhely.hu\/hun\/wp-json\/wp\/v2\/product_cat?post=475980"},{"taxonomy":"product_tag","embeddable":true,"href":"https:\/\/horgaszhely.hu\/hun\/wp-json\/wp\/v2\/product_tag?post=475980"}],"curies":[{"name":"wp","href":"https:\/\/api.w.org\/{rel}","templated":true}]}}

Önmelegítő masszázspisztoly fej a makacs fájdalmak ellen, a gyorsabb regenerációért

<p>LeírásTulajdonságokTartozékokTippek, trükkök<strong>Relaxáció, fájdalomcsillapítás és kényelem. Ez az önmelegítő masszázspisztoly fej minden körülmények közt felemelő érzést biztosít neked!</strong><strong>Érdekesség:</strong> Tudtad, hogy az emberek már ősidők óta alkalmazzák a masszázst, azonban senki sem tudja meghatározni azt, hogy honnan is ered a technikája? A legkorábbi írásos feljegyzések Kínából származnak ie. 2700-ból, tehát már ezekben az időkben is tisztában voltak a masszázs páratlanul jótékony élettani hatásaival.Azt is tudták, hogy az izmok ellazításához és regenerációjához javítani kell a fájdalmas terület vér-, oxigén, és tápanyagellátását. Ezt pedig a masszázs erejével, valamint az ellazuláshoz szükséges meleggel érték el. Most te is megtapasztalhatod ezt a hatást modern köntösbe bújtatva, mégpedig fantasztikus masszázspisztoly fejünk segítségével.<strong>AZ ÖNMELEGÍTŐ MASSZÁZSPISZTOLY FEJ JÓTÉKONY HATÁSAI</strong>Alább olvashatod azokat a hatásokat, amelyek miatt kétségkívül megszereted majd ezt a masszázsfejet:– melegítő hatásának köszönhetően izmaid könnyebben ellazulnak– csökkenti vagy megszünteti az izom és ízületi fájdalmakat, izomgörcsöket– kevesebb eséllyel alakul ki izomlázad– gyógyírt jelenthet a mozgásszervi betegségekre– javítja a vérkeringésed– frissíti, élénkíti a tested és a lelked– erősíti az immunrendszeredet– bőröd puhább, ezáltal fiatalosabb lehet– hatékonyan csökkenti a stressz-szintedet– jobb alvást biztosít<strong>ELŐNYÖS TULAJDONSÁGAI</strong>Ezeket a szuper tulajdonságokat te is élvezheted egytől-egyig:<strong>– Állítható hőfokozatok:</strong> A beépített fűtőcsúcs jóvoltából három fűtési mód közül választhatod ki a számodra legideálisabbat. Az I. üzemmód 44 fokon, a II. mód 56 fokon, míg a III. mód akár 61 fokon nyújt kényelmes meleget.<strong>– Széles körű kompatibilitás:</strong> Az összes MALATEC masszázspisztollyal használhatod a fejet, továbbá egyéb termékekkel is. 1,2 cm-es rögzítési átmérővel rendelkezik, ami biztosítja a tökéletes illeszkedést az aktuális készülékedhez.<strong>– Vibráció:</strong> A vibrációs funkció által tökéletes masszázsélményben lehet részed. Ellazít, feloldja az izmaid görcsösségét, élénkíti a tested és a lelked.<strong>– Beépített akkumulátor:</strong> Egy erős, beépített 900 mAh-s akkumulátorral rendelkezik a masszírozó fej, amit a csomagban található USB-C töltőkábellel bárhol és bármikor fel tudsz tölteni.<strong>ALKALMAZÁSA</strong>A masszírozógéphez való rögzítést követően nincs más dolgod csak lazíts, add át magad a luxus és kényelem élvezetének! A fűtést a be/ki gomb megnyomásával indíthatod be. Amennyiben üzemmódot szeretnél váltani, akkor ismételd meg a folyamatot, majd várj nagyjából 5 percet a fej felmelegedéséig!<strong>FIZIKAI JELLEMZŐI</strong>Az eszköz anyaga masszív fém + PP, amelybe egy 900 mAh erősségű akkumulátor került beépítésre. Színe fekete és ezüst, méretei pedig 5,5×7 cm. A csatlakozó átmérője 1,2 cm, súlya mindössze 86 g. A csomag súlya 115 g.<strong>Válaszd az egészséget és a kényelmet, legyen neked is egy tökéletes, önmelegítős masszázsfejed!</strong>– Szín: ezüst + fekete– Anyag: PP + fém– 3 fűtési fokozat– Beépített akkumulátor (900 mAh)– Méretek: 5,5 x 7 cm– Súly: 86 gramm– Csomag súlya: 115 gramm– 1 db masszázspisztoly fej– 1 db USB-C töltőkábelJól jönne egy kis plusz meleg és extra komfort a masszázs során?A lehető leggyorsabban véget vetnél a mindennapos izomfájdalmadnak és a kellemetlen izomláznak?A MALATEC masszázspisztoly fej egyedülálló hármas hatása révén tökéletesen ellazítja az izmaidat és a mélyreható vibrációs masszázs által rövid időn belül visszaadja neked a fájdalmak nélküli, örömteli mozgással töltött mindennapokat!Önmelegítő masszázspisztoly fejLetisztult designMélyreható masszázsMilyen előnyei vannak?</p>
<ul>
<li>Állítható hőmérsékleti fokozatok</li>
<li>Univerzális felhasználás</li>
<li>Beépített akkumulátor</li>
</ul>
<p>Szerezd be még ma és ints búcsút gyorsan a gyötrő fájdalomnak!MegveszemEzért fogod szeretni a terméket!Az alább olvasható tulajdonságok garantáltan elnyerik majd tetszésedMelegítő funkcióA beépített akkunak köszönhetően a tested helyett saját maga oldja meg a melegítést. A kellemes meleg és az erőteljes, fájdalomcsillapító masszázs garantált az első perctől kezdve.Széleskörű kompatibilitásA fej az összes MALATEC márkájú masszázspisztolyhoz felhasználható. Azonban hasonló csatlakozással lett ellátva, mint a piacon megtalálható fejek, így jó eséllyel a legtöbb pisztollyal kompatibilis.Vásárlóink visszajelzéseiTökéletesen kimasszírozta a fájdalmat a combomból, az extra meleg miatt pedig majdnem elaludtam, olyan kellemes érzés volt.AndiErős és egyben könnyed, legalábbis a lábamat könnyebbnek érzem a használat után. Maga a fej is strapás, ezt onnan tudom, hogy elég magasról leejtettem és semmi baja. A melegítő funkcióról és arról, hogy az olcsó, márka nélküli gépemhez is tökéletesen illett, arról ne is beszéljünk. :)B. SzilárdOlcsó, egyszerű a használata, jól átmasszíroz és a fájd</p>

<p>LeírásTulajdonságokTartozékokTippek, trükkökRelaxáció, fájdalomcsillapítás és kényelem. Ez az önmelegítő masszázspisztoly fej minden körülmények közt felemelő érzést biztosít neked!Érdekesség: Tudtad, hogy az emberek már ősidők óta alkalmazzák a masszázst, azonban senki sem tudja meghatározni azt, hogy honnan is ered a technikája? A legkorábbi írásos feljegyzések Kínából származnak ie. 2700-ból, tehát már ezekben az időkben is tisztában voltak [&hellip;]</p>
