{"id":475984,"date":"2026-09-06T01:00:48","date_gmt":"2026-09-05T23:00:48","guid":{"rendered":"https:\/\/horgaszhely.hu\/hun\/termek\/kompresszios-vadliszorito-a-konnyed-tehermentes-labakert\/"},"modified":"2026-09-06T01:00:50","modified_gmt":"2026-09-05T23:00:50","slug":"kompresszios-vadliszorito-a-konnyed-tehermentes-labakert","status":"publish","type":"product","link":"https:\/\/horgaszhely.hu\/hun\/termek\/kompresszios-vadliszorito-a-konnyed-tehermentes-labakert\/","title":{"rendered":"Kompresszi\u00f3s v\u00e1dliszor\u00edt\u00f3 a k\u00f6nnyed, tehermentes l\u00e1bak\u00e9rt"},"content":{"rendered":"<p>Le\u00edr\u00e1sTulajdons\u00e1gokTartoz\u00e9kok<strong>S\u00e9t\u00e1lj, fuss, t\u00far\u00e1zz boldogan \u00e9s k\u00f6nnyed\u00e9n, ne hagyd, hogy a sajg\u00f3 l\u00e1bad elvegye az \u00f6r\u00f6mteli mozg\u00e1s \u00f6r\u00f6m\u00e9t! A kompresszi\u00f3s v\u00e1dliszor\u00edt\u00f3 hatalmas seg\u00edts\u00e9gedre lesz ebben, hozz\u00e1j\u00e1rul ahhoz, hogy ism\u00e9t teljes \u00e9leted legyen!<\/strong>K\u00fclsej\u00e9t tekintve egyszer\u0171, \u201cbel\u00fcl\u201d azonban egy olyan h\u00e1rmas hat\u00e1s rejlik, amely hadat \u00fczen a napjaidat megkeser\u00edt\u0151 szenved\u00e9snek! <strong>A kompresszi\u00f3, valamint a szor\u00edt\u00f3 \u00e1ltal adott plusz meleg ellaz\u00edtja a merev izmokat, ezen fel\u00fcl fokozza a v\u00e9rkering\u00e9st, \u00edgy felgyors\u00edtva a gy\u00f3gyul\u00e1st \u00e9s a regener\u00e1ci\u00f3t.<\/strong> A rugalmas anyag pedig <strong>stabil tart\u00e1st ad az izmoknak<\/strong>, ez\u00e1ltal megel\u0151zve a j\u00f6v\u0151beli h\u00faz\u00f3d\u00e1sokat, z\u00faz\u00f3d\u00e1sokat.<strong>A V\u00c1DLISZOR\u00cdT\u00d3 EL\u0150NY\u00d6S TULAJDONS\u00c1GAI<\/strong><strong>\u2013 Nincs sz\u00fcks\u00e9g gy\u00f3gyszerekre:<\/strong> A v\u00e1dliszor\u00edt\u00f3 \u00f6nmag\u00e1ban visszaadhatja a szabad mozg\u00e1sod. Seg\u00edts\u00e9g\u00e9vel gyorsabban elm\u00falhatnak f\u00e1jdalmaid, j\u00e1r\u00e1s k\u00f6zben leveszi a terhel\u00e9st l\u00e1badr\u00f3l, valamint seg\u00edt elker\u00fclni az esetleges s\u00e9r\u00fcl\u00e9seket.<strong>\u2013 K\u00e9nyelmes viselet:\u00a0<\/strong>A rugalmas anyag\u00e1nak k\u00f6sz\u00f6nhet\u0151en t\u00f6k\u00e9letesen illeszkedik vonalaidhoz, \u00edgy alig \u00e9rzed, hogy rajtad van. A plusz meleg \u00e9s az optim\u00e1lis szell\u0151z\u00e9s extra komfort\u00e9rzeted ad, s\u0151t ut\u00f3bbi seg\u00edt elker\u00fclni a fert\u0151z\u00e9sek, sebek kialakul\u00e1s\u00e1t.<strong>\u2013 Univerz\u00e1lis m\u00e9ret:<\/strong> A term\u00e9k \u00fagynevezett \u201cegym\u00e9retes\u201d, \u00edgy lehetsz n\u0151, f\u00e9rfi, gyermek, feln\u0151tt a v\u00e1dliszor\u00edt\u00f3t m\u00e9rett\u0151l f\u00fcggetlen\u00fcl haszn\u00e1lhatod.<strong>\u2013 Egyszer\u0171 haszn\u00e1lat:<\/strong> Nem sz\u00fcks\u00e9ges f\u0171z\u00e9si technik\u00e1kat megtanulnod, k\u00f6t\u00f6zn\u00f6d \u00e9s t\u00e9p\u0151z\u00e1rakkal bajl\u00f3dnod. Csak h\u00fazd a v\u00e1dlidra, \u00f6lt\u00f6zz fel \u00e9s bele is v\u00e1ghatsz aktu\u00e1lis teend\u0151dbe.<strong>\u2013 K\u00f6nnyed tiszt\u00edt\u00e1s:<\/strong> Szappanos, vagy mos\u00f3szeres langyos v\u00edzben \u00f6bl\u00edtsd el, majd hagyd sz\u00e1radni. Nincs sz\u00fcks\u00e9g mos\u00f3g\u00e9pre a tiszt\u00edt\u00e1shoz, 2 perc alatt elt\u00fcntetheted r\u00f3la a szennyez\u0151d\u00e9seket.<strong>HASZN\u00c1LATA<\/strong>Egyszer\u0171, mint az egyszeregy. Amire kifejezetten figyelj, hogy a kezed \u00e9s az adott fel\u00fcletet tiszt\u00edtsd meg az esetleges fert\u0151z\u00e9sek \u00e9s sebek elker\u00fcl\u00e9s\u00e9nek \u00e9rdek\u00e9ben. Ezt k\u00f6vet\u0151en h\u00fazd fel a v\u00e1dlidra, majd arra a ruhanem\u0171t. Fontos, hogy ne cser\u00e9ld fel a sorrendet! Amint ezzel k\u00e9szen vagy, indulhat is a s\u00e9ta, fut\u00e1s vagy a gyalogos bev\u00e1s\u00e1rl\u00f3 t\u00fara!<strong>Szerezd be m\u00e9g ma \u00e9s sz\u00e1molj le a k\u00ednz\u00f3 f\u00e1jdalmakkal!<\/strong>\u2013 Sz\u00edn: k\u00e9k\u2013 M\u00e9ret: univerz\u00e1lis\u2013 2 db v\u00e1dliszor\u00edt\u00f3Szeretn\u00e9l k\u00f6nnyedebben, f\u00e1jdalmak n\u00e9lk\u00fcl mozogni?Elfelejten\u00e9d a makacs gyullad\u00e1sokat, h\u00faz\u00f3d\u00e1sokat \u00e9s egy\u00e9b izomb\u00e1ntalmakat?Ez a k\u00edv\u00fclr\u0151l egyszer\u0171 kin\u00e9zet\u0171, \u00e1m bel\u00fcl ann\u00e1l nagyobb er\u0151vel rendelkez\u0151 v\u00e1dliszor\u00edt\u00f3 \u00faj \u00e9letet lehel l\u00e1badba. Seg\u00edts\u00e9g\u00e9vel elfelejtheted a l\u00e9p\u00e9senk\u00e9nti felszisszen\u00e9st, megel\u0151zheted a tov\u00e1bbi s\u00e9r\u00fcl\u00e9seket \u00e9s elviselhet\u0151bb\u00e9 teheted a kialakult izoml\u00e1zat.Kompresszi\u00f3s v\u00e1dliszor\u00edt\u00f3Komfortos viselet\u00c9szrev\u00e9tlen haszn\u00e1latMilyen el\u0151nyei vannak?<\/p>\n<ul>\n<li>Er\u0151s tart\u00e1st biztos\u00edt<\/li>\n<li>Cs\u00f6kkenti a f\u00e1jdalmakat<\/li>\n<li>Megel\u0151zi a s\u00e9r\u00fcl\u00e9seket<\/li>\n<\/ul>\n<p>Szerezd be most a f\u00e1jdalmak n\u00e9lk\u00fcli mindennapokhoz!MegveszemEz\u00e9rt fogod szeretni a term\u00e9ket!Lentebb tal\u00e1lod meg a v\u00e1dliszor\u00edt\u00f3 k\u00e9t legfontosabb tulajdons\u00e1g\u00e1tStabil r\u00f6gz\u00edt\u00e9sAnyaga rugalmas \u00e9s egyben massz\u00edv, ez\u00e1ltal pedig stabil tart\u00e1st ad az adott testr\u00e9szednek, ak\u00e1rcsak egy cip\u0151 a l\u00e1bfejednek.Egyszer\u0171 alkalmaz\u00e1sNem sz\u00fcks\u00e9ges k\u00f6t\u00f6zn\u00f6d, f\u0171z\u0151ket \u00e9s t\u00e9p\u0151z\u00e1rakat alkalmaznod. Csak h\u00fazd fel a l\u00e1badra, ak\u00e1r egy k\u00e9zzel \u00e9s m\u00e1r kezdheted is a napot.V\u00e1s\u00e1rl\u00f3ink visszajelz\u00e9seiM\u00e1r az els\u0151 nap v\u00e9g\u00e9re sokkal jobban \u00e9reztem magam, nem f\u00e1jt a l\u00e1bam. R\u00e1ad\u00e1sul szinte nem is \u00e9rzem, hogy rajtam van olyan k\u00e9nyelmes.Zolt\u00e1nHossz\u00fa \u00e9vekig sportoltam versenyszer\u0171en, \u00edgy nem ismeretlenek sz\u00e1momra ezek az eszk\u00f6z\u00f6k. Legink\u00e1bb a s\u00e9r\u00fcl\u00e9sek megel\u0151z\u00e9sek\u00e9nt haszn\u00e1lom, mert j\u00f3l egyben tartja az izmaimat. Egy-egy hossz\u00fa nap ut\u00e1n pedig kev\u00e9sb\u00e9 \u00e9rzem leterheltnek a l\u00e1bam.H. AntalEgy csukl\u00f3szor\u00edt\u00f3val \u00e9s egy t\u00e9rdv\u00e9d\u0151vel egy\u00fctt v\u00e1s\u00e1roltam. Mind bev\u00e1lt, kev\u00e9sb\u00e9 f\u00e1jnak az izmaim \u00edz\u00fcleteim, amely sajnos a koromn\u00e1l fogva egyre gyakrabban jelentkezett.K. ViolaPr\u00f3b\u00e1ld\u00a0ki\u00a0te\u00a0isa\u00a0kompresszi\u00f3s\u00a0v\u00e1dliszor\u00edt\u00f3t!Megveszem<\/p>\n","protected":false},"excerpt":{"rendered":"<p>Le\u00edr\u00e1sTulajdons\u00e1gokTartoz\u00e9kokS\u00e9t\u00e1lj, fuss, t\u00far\u00e1zz boldogan \u00e9s k\u00f6nnyed\u00e9n, ne hagyd, hogy a sajg\u00f3 l\u00e1bad elvegye az \u00f6r\u00f6mteli mozg\u00e1s \u00f6r\u00f6m\u00e9t! A kompresszi\u00f3s v\u00e1dliszor\u00edt\u00f3 hatalmas seg\u00edts\u00e9gedre lesz ebben, hozz\u00e1j\u00e1rul ahhoz, hogy ism\u00e9t teljes \u00e9leted legyen!K\u00fclsej\u00e9t tekintve egyszer\u0171, \u201cbel\u00fcl\u201d azonban egy olyan h\u00e1rmas hat\u00e1s rejlik, amely hadat \u00fczen a napjaidat megkeser\u00edt\u0151 szenved\u00e9snek! A kompresszi\u00f3, valamint a szor\u00edt\u00f3 \u00e1ltal adott plusz [&hellip;]<\/p>\n","protected":false},"featured_media":475985,"template":"","meta":{"_acf_changed":false},"product_brand":[],"product_cat":[1350,3374],"product_tag":[],"class_list":["post-475984","product","type-product","status-publish","has-post-thumbnail","product_cat-egeszseg","product_cat-home-sporteszkozok","first","instock","product-type-external"],"acf":[],"_links":{"self":[{"href":"https:\/\/horgaszhely.hu\/hun\/wp-json\/wp\/v2\/product\/475984","targetHints":{"allow":["GET"]}}],"collection":[{"href":"https:\/\/horgaszhely.hu\/hun\/wp-json\/wp\/v2\/product"}],"about":[{"href":"https:\/\/horgaszhely.hu\/hun\/wp-json\/wp\/v2\/types\/product"}],"wp:featuredmedia":[{"embeddable":true,"href":"https:\/\/horgaszhely.hu\/hun\/wp-json\/wp\/v2\/media\/475985"}],"wp:attachment":[{"href":"https:\/\/horgaszhely.hu\/hun\/wp-json\/wp\/v2\/media?parent=475984"}],"wp:term":[{"taxonomy":"product_brand","embeddable":true,"href":"https:\/\/horgaszhely.hu\/hun\/wp-json\/wp\/v2\/product_brand?post=475984"},{"taxonomy":"product_cat","embeddable":true,"href":"https:\/\/horgaszhely.hu\/hun\/wp-json\/wp\/v2\/product_cat?post=475984"},{"taxonomy":"product_tag","embeddable":true,"href":"https:\/\/horgaszhely.hu\/hun\/wp-json\/wp\/v2\/product_tag?post=475984"}],"curies":[{"name":"wp","href":"https:\/\/api.w.org\/{rel}","templated":true}]}}

Kompressziós vádliszorító a könnyed, tehermentes lábakért

<p>LeírásTulajdonságokTartozékok<strong>Sétálj, fuss, túrázz boldogan és könnyedén, ne hagyd, hogy a sajgó lábad elvegye az örömteli mozgás örömét! A kompressziós vádliszorító hatalmas segítségedre lesz ebben, hozzájárul ahhoz, hogy ismét teljes életed legyen!</strong>Külsejét tekintve egyszerű, “belül” azonban egy olyan hármas hatás rejlik, amely hadat üzen a napjaidat megkeserítő szenvedésnek! <strong>A kompresszió, valamint a szorító által adott plusz meleg ellazítja a merev izmokat, ezen felül fokozza a vérkeringést, így felgyorsítva a gyógyulást és a regenerációt.</strong> A rugalmas anyag pedig <strong>stabil tartást ad az izmoknak</strong>, ezáltal megelőzve a jövőbeli húzódásokat, zúzódásokat.<strong>A VÁDLISZORÍTÓ ELŐNYÖS TULAJDONSÁGAI</strong><strong>– Nincs szükség gyógyszerekre:</strong> A vádliszorító önmagában visszaadhatja a szabad mozgásod. Segítségével gyorsabban elmúlhatnak fájdalmaid, járás közben leveszi a terhelést lábadról, valamint segít elkerülni az esetleges sérüléseket.<strong>– Kényelmes viselet: </strong>A rugalmas anyagának köszönhetően tökéletesen illeszkedik vonalaidhoz, így alig érzed, hogy rajtad van. A plusz meleg és az optimális szellőzés extra komfortérzeted ad, sőt utóbbi segít elkerülni a fertőzések, sebek kialakulását.<strong>– Univerzális méret:</strong> A termék úgynevezett “egyméretes”, így lehetsz nő, férfi, gyermek, felnőtt a vádliszorítót mérettől függetlenül használhatod.<strong>– Egyszerű használat:</strong> Nem szükséges fűzési technikákat megtanulnod, kötöznöd és tépőzárakkal bajlódnod. Csak húzd a vádlidra, öltözz fel és bele is vághatsz aktuális teendődbe.<strong>– Könnyed tisztítás:</strong> Szappanos, vagy mosószeres langyos vízben öblítsd el, majd hagyd száradni. Nincs szükség mosógépre a tisztításhoz, 2 perc alatt eltüntetheted róla a szennyeződéseket.<strong>HASZNÁLATA</strong>Egyszerű, mint az egyszeregy. Amire kifejezetten figyelj, hogy a kezed és az adott felületet tisztítsd meg az esetleges fertőzések és sebek elkerülésének érdekében. Ezt követően húzd fel a vádlidra, majd arra a ruhaneműt. Fontos, hogy ne cseréld fel a sorrendet! Amint ezzel készen vagy, indulhat is a séta, futás vagy a gyalogos bevásárló túra!<strong>Szerezd be még ma és számolj le a kínzó fájdalmakkal!</strong>– Szín: kék– Méret: univerzális– 2 db vádliszorítóSzeretnél könnyedebben, fájdalmak nélkül mozogni?Elfelejtenéd a makacs gyulladásokat, húzódásokat és egyéb izombántalmakat?Ez a kívülről egyszerű kinézetű, ám belül annál nagyobb erővel rendelkező vádliszorító új életet lehel lábadba. Segítségével elfelejtheted a lépésenkénti felszisszenést, megelőzheted a további sérüléseket és elviselhetőbbé teheted a kialakult izomlázat.Kompressziós vádliszorítóKomfortos viseletÉszrevétlen használatMilyen előnyei vannak?</p>
<ul>
<li>Erős tartást biztosít</li>
<li>Csökkenti a fájdalmakat</li>
<li>Megelőzi a sérüléseket</li>
</ul>
<p>Szerezd be most a fájdalmak nélküli mindennapokhoz!MegveszemEzért fogod szeretni a terméket!Lentebb találod meg a vádliszorító két legfontosabb tulajdonságátStabil rögzítésAnyaga rugalmas és egyben masszív, ezáltal pedig stabil tartást ad az adott testrészednek, akárcsak egy cipő a lábfejednek.Egyszerű alkalmazásNem szükséges kötöznöd, fűzőket és tépőzárakat alkalmaznod. Csak húzd fel a lábadra, akár egy kézzel és már kezdheted is a napot.Vásárlóink visszajelzéseiMár az első nap végére sokkal jobban éreztem magam, nem fájt a lábam. Ráadásul szinte nem is érzem, hogy rajtam van olyan kényelmes.ZoltánHosszú évekig sportoltam versenyszerűen, így nem ismeretlenek számomra ezek az eszközök. Leginkább a sérülések megelőzéseként használom, mert jól egyben tartja az izmaimat. Egy-egy hosszú nap után pedig kevésbé érzem leterheltnek a lábam.H. AntalEgy csuklószorítóval és egy térdvédővel együtt vásároltam. Mind bevált, kevésbé fájnak az izmaim ízületeim, amely sajnos a koromnál fogva egyre gyakrabban jelentkezett.K. ViolaPróbáld ki te isa kompressziós vádliszorítót!Megveszem</p>

<p>LeírásTulajdonságokTartozékokSétálj, fuss, túrázz boldogan és könnyedén, ne hagyd, hogy a sajgó lábad elvegye az örömteli mozgás örömét! A kompressziós vádliszorító hatalmas segítségedre lesz ebben, hozzájárul ahhoz, hogy ismét teljes életed legyen!Külsejét tekintve egyszerű, “belül” azonban egy olyan hármas hatás rejlik, amely hadat üzen a napjaidat megkeserítő szenvedésnek! A kompresszió, valamint a szorító által adott plusz [&hellip;]</p>
