{"id":476030,"date":"2026-08-29T17:07:19","date_gmt":"2026-08-29T15:07:19","guid":{"rendered":"https:\/\/horgaszhely.hu\/hun\/termek\/hordozhato-ultrahangos-inhalator-a-leguti-betegsegek-kezelesehez\/"},"modified":"2026-08-29T17:07:42","modified_gmt":"2026-08-29T15:07:42","slug":"hordozhato-ultrahangos-inhalator-a-leguti-betegsegek-kezelesehez","status":"publish","type":"product","link":"https:\/\/horgaszhely.hu\/hun\/termek\/hordozhato-ultrahangos-inhalator-a-leguti-betegsegek-kezelesehez\/","title":{"rendered":"Hordozhat\u00f3 ultrahangos inhal\u00e1tor a l\u00e9g\u00fati betegs\u00e9gek kezel\u00e9s\u00e9hez"},"content":{"rendered":"<p>Le\u00edr\u00e1sTulajdons\u00e1gokTartoz\u00e9kokTippek, tr\u00fckk\u00f6kSzerezd be m\u00e9g ma az ultrahangos inhal\u00e1tor k\u00e9sz\u00fcl\u00e9k\u00fcnket \u00e9s vedd fel a harcot a makacs l\u00e9g\u00fati betegs\u00e9gekkel. Ez a kis kompakt eszk\u00f6z mindig n\u00e1lad lehet, \u00edgy a nap 24 \u00f3r\u00e1j\u00e1ban csillap\u00edthatja t\u00fcneteidet!<strong>Mi az inhal\u00e1l\u00e1s?<\/strong>Az inhal\u00e1ci\u00f3 a l\u00e9gutak p\u00e1r\u00e1s\u00edt\u00e1s\u00e1t, gy\u00f3gyszeres kezel\u00e9s\u00e9t jelenti, \u00e9s asztma, allergia, krupp, megf\u00e1z\u00e1sos, valamint egy\u00e9b l\u00e9g\u00fati megbeteged\u00e9sek sor\u00e1n az egyik leghat\u00e9konyabb, legkevesebb mell\u00e9khat\u00e1ssal j\u00e1r\u00f3 kezel\u00e9si m\u00f3dszer. Ebben az esetben a gy\u00f3gyszert mikroszkopikus r\u00e9szecsk\u00e9k form\u00e1j\u00e1ban juttatjuk le a l\u00e9gutakba, ahol ny\u00e1kold\u00f3, h\u00f6rg\u0151t\u00e1g\u00edt\u00f3 vagy tiszt\u00edt\u00f3 hat\u00e1st fejt ki, \u00edgy seg\u00edtve el\u0151 a mihamarabbi gy\u00f3gyul\u00e1st.<strong>Az ultrahangos inhal\u00e1tor m\u0171k\u00f6d\u00e9se \u00e9s j\u00f3t\u00e9kony hat\u00e1sai<\/strong>A k\u00e9sz\u00fcl\u00e9kben egy speci\u00e1lis, rezg\u0151 \u00e9s lyukacsos (mesh) ker\u00e1mia seg\u00edts\u00e9g\u00e9vel t\u00f6rt\u00e9nik az aeroszol k\u00e9pz\u00e9se. A ker\u00e1mia keltette rezg\u00e9s \u00e1thalad a k\u00f6zvet\u00edt\u0151 folyad\u00e9kon, \u00e9s apr\u00f3 mikrom\u00e9ternyi r\u00e9szekre robbantja sz\u00e9t a porlasztand\u00f3 gy\u00f3gyk\u00e9sz\u00edtm\u00e9nyt, te pedig a keletkezett aeroszolt egy speci\u00e1lis maszkon vagy pip\u00e1n kereszt\u00fcl l\u00e9legzed be.Az inhal\u00e1tor leghasznosabb tulajdons\u00e1gai a teljess\u00e9g ig\u00e9nye n\u00e9lk\u00fcl:\u2013 c\u00e9lzottan kezelhet\u0151ek vele az als\u00f3- \u00e9s fels\u0151 l\u00e9gutak\u2013 enyh\u00fcl\u00e9st hozhat eldugult, n\u00e1th\u00e1s \u00e1llapotban\u2013 m\u00e9rs\u00e9kli a k\u00f6h\u00f6g\u00e9st\u2013 pontosan adagolhat\u00f3 vele a gy\u00f3gyszer\u2013 ak\u00e1r csecsem\u0151kort\u00f3l is haszn\u00e1lhat\u00f3\u2013 nem terheli feleslegesen a gyomor- \u00e9s b\u00e9lrendszert\u2013 hossz\u00fa ideig tart a hat\u00e1sa\u2013 k\u00edm\u00e9letes, term\u00e9szetes ter\u00e1pia<strong>A term\u00e9k el\u0151ny\u00f6s tulajdons\u00e1gai<\/strong><strong>\u2013 Egyszer\u0171 hordozhat\u00f3s\u00e1g:<\/strong> K\u00f6nnyed\u00e9n elf\u00e9r a tenyeredben, valamint kis s\u00falya \u00e9s kompakt m\u00e9rete ide\u00e1liss\u00e1 teszi diszkr\u00e9t haszn\u00e1lat\u00e1t utaz\u00e1s, kir\u00e1ndul\u00e1s alkalm\u00e1val.<strong>\u2013 Csendes m\u0171k\u00f6d\u00e9s:<\/strong> A nagy frekvenci\u00e1j\u00fa, hull\u00e1mokat el\u0151\u00e1ll\u00edt\u00f3 ultrahangos technol\u00f3gi\u00e1nak k\u00f6sz\u00f6nhet\u0151en rendk\u00edv\u00fcl csendesen m\u0171k\u00f6dik, ez\u00e9rt a kisgyermekek inhal\u00e1ci\u00f3s ter\u00e1pi\u00e1j\u00e1ban is j\u00f3l alkalmazhat\u00f3.<strong>\u2013 Egygombos m\u0171k\u00f6d\u00e9s:<\/strong> A k\u00e9sz\u00fcl\u00e9ken egyetlen ki- \u00e9s bekapcsol\u00f3 gombot tal\u00e1lsz, haszn\u00e1lata nagyon egyszer\u0171.<strong>\u2013 Ide\u00e1lis porlaszt\u00f3 teljes\u00edtm\u00e9ny:<\/strong> Ez az inhal\u00e1tor kis r\u00e9szecskem\u00e9ret\u0171 (k\u00f6r\u00fclbel\u00fcl 5 um), k\u00f6nnyen felsz\u00edv\u00f3d\u00f3 r\u00e9szecsk\u00e9ket hoz l\u00e9tre, amelyek az als\u00f3bb l\u00e9gutakban is hasznosulni tudnak.<strong>\u2013 V\u00edzszint \u00e9rz\u00e9kel\u0151:<\/strong> Az eszk\u00f6z automatikusan kikapcsol, ha elfogyott bel\u0151le a folyad\u00e9k.<strong>\u2013 H\u00e1romf\u00e9le inhal\u00e1ci\u00f3s kieg\u00e9sz\u00edt\u0151:<\/strong> A gyermekek \u00e9s feln\u0151ttek sz\u00e1m\u00e1ra k\u00e9sz\u00fclt inhal\u00e1ci\u00f3s maszk mellett egy csutora is helyet kapott a csomagban, hogy mindenki az anat\u00f3miai saj\u00e1toss\u00e1gaihoz igazod\u00f3 eszk\u00f6zt tudja alkalmazni.<strong>\u00cdgy haszn\u00e1ld az inhal\u00e1tort<\/strong>1. Az els\u0151 haszn\u00e1lat el\u0151tt tiszt\u00edtsd \u00e9s sz\u00e1r\u00edtsd meg a k\u00e9sz\u00fcl\u00e9k moshat\u00f3 alkatr\u00e9szeit a gy\u00e1rt\u00f3 utas\u00edt\u00e1s\u00e1nak megfelel\u0151en!2. T\u00f6ltsd fel a tart\u00e1lyt v\u00edzzel, sz\u00fcks\u00e9g szerint add hozz\u00e1 az orvos \u00e1ltal el\u0151\u00edrt gy\u00f3gyszermennyis\u00e9get!3. Csatlakoztasd a megfelel\u0151 kieg\u00e9sz\u00edt\u0151t a toldal\u00e9khoz!4. A pipa haszn\u00e1latakor r\u00e1 kell szor\u00edtanod az ajkaidat, m\u00edg a maszk teljesen az arcra kell, hogy simuljon.5. Gyermekek eset\u00e9ben sz\u00fcl\u0151i seg\u00edts\u00e9g sz\u00fcks\u00e9ges.6. Kapcsold be a g\u00e9pet a ki\/bekapcsol\u00f3 gombbal, \u00e9s v\u00e9gezd el az inhal\u00e1ci\u00f3s kezel\u00e9st: ehhez a sz\u00e1don kereszt\u00fcl m\u00e9lyen sz\u00edvd be a leveg\u0151t, majd az orrodon kereszt\u00fcl f\u00fajd ki! Ism\u00e9teld mindaddig, m\u00edg az id\u0151z\u00edt\u0151 ki nem kapcsol vagy a gy\u00f3gyszeradag el nem fogy.7. Kapcsold ki a g\u00e9pet!8. Szedd sz\u00e9t ism\u00e9t az eszk\u00f6zt, tiszt\u00edtsd \u00e9s fert\u0151tlen\u00edtsd a le\u00edrtaknak megfelel\u0151en, majd sz\u00e1r\u00edtsd meg!<strong>Fizikai jellemz\u0151k<\/strong>A k\u00e9sz\u00fcl\u00e9k feh\u00e9r sz\u00edn\u0171, 5 cm sz\u00e9les, 4,5 cm vastag \u00e9s 12 cm magas, a v\u00edztart\u00e1ly \u0171rtartalma 10 ml. T\u00f6mege 120 g. A term\u00e9k strapab\u00edr\u00f3 ABS m\u0171anyagb\u00f3l k\u00e9sz\u00fclt, 2 db 1,5 V-os ceruzaelemmel m\u0171k\u00f6dtethet\u0151, de ha megegyez\u0151 m\u00e9ret\u0171, t\u00f6lthet\u0151 akkumul\u00e1tort teszel bele, akkor a k\u00e9sz\u00fcl\u00e9k USB csatlakoz\u00f3n kereszt\u00fcl is felt\u00f6lthet\u0151, ak\u00e1r az aut\u00f3 szivargy\u00fajt\u00f3j\u00e1r\u00f3l is. Ezzel az inhal\u00e1torral 5 mikrom\u00e9ternyi aeroszolt tudsz el\u0151\u00e1ll\u00edtani, porlaszt\u00e1si teljes\u00edtm\u00e9nye pedig 0,25 ml\/perc. A k\u00e9sz\u00fcl\u00e9k \u00e9rz\u00e9keli, amikor a folyad\u00e9k elfogy a tart\u00e1lyb\u00f3l, ekkor automatikusan kikapcsol.A csomag az eszk\u00f6z\u00f6n \u00e9s a p\u00e1r\u00e1s\u00edt\u00f3 egys\u00e9gen k\u00edv\u00fcl tartalmaz m\u00e9g egy feln\u0151tt \u00e9s egy gyermekmaszkot, egy pip\u00e1t \u00e9s egy z\u00e1r\u00f3kupakot, valamint egy adapter n\u00e9lk\u00fcli USB-k\u00e1belt a t\u00f6lt\u00e9shez.A csomagnak nem tartoz\u00e9kai a ceruzaelemek, valamint az akkumul\u00e1tor sem.<strong>Vess v\u00e9get a k\u00ednz\u00f3 k\u00f6h\u00f6g\u00e9snek, \u00e1lland\u00f3 orrfoly\u00e1snak \u00e9s bedugult f\u00fcleknek! Szerezd be m\u00e9g ma az ultrahangos inhal\u00e1tor k\u00e9sz\u00fcl\u00e9k\u00fcnket!<\/strong>\u2013 Sz\u00edn: feh\u00e9r, k\u00e9k\u2013 Anyag: ABS m\u0171anyag\u2013 M\u00e9retek:<\/p>\n<ul>\n<li>sz\u00e9less\u00e9g: 5 cm<\/li>\n<li>hossz\u00fas\u00e1g: 4,5 cm<\/li>\n<li>magass\u00e1g: 12 cm<\/li>\n<\/ul>\n<p>\u2013 T\u00e1pell\u00e1t\u00e1s: 100-240 V\u2013 Energiaforr\u00e1s: 2 db 1,5 V-os elem (nem tartoz\u00e9k)\u2013 \u00dczemi fesz\u00fclts\u00e9g: 5 V\u2013 Ultrahang frekvencia: 2,2 MHz\u2013 \u0170rtartalom: 10 ml\u2013 A porlasztott r\u00e9szecsk\u00e9k m\u00e9rete: 0,5-5 mikrom\u00e9ter\u2013 S\u00faly: 120 gramm\u2013 1 db ultrahangos inhal\u00e1tor\u2013 1 db USB k\u00e1bel (adapter n\u00e9lk\u00fcl)\u2013 1 db maszk\u2013 1 db pipaEleged van a ny\u0171g\u00f6s, leveg\u0151tlen, k\u00f6h\u00f6g\u0151s \u00e9jszak\u00e1kb\u00f3l?J\u00f3l esne \u00fajra \u00e9rezni az illatokat \u00e9s friss leveg\u0151t bel\u00e9legezni?Hordozhat\u00f3, csendes term\u00e9k\u00fcnket b\u00e1rhol \u00e9s b<\/p>\n","protected":false},"excerpt":{"rendered":"<p>Le\u00edr\u00e1sTulajdons\u00e1gokTartoz\u00e9kokTippek, tr\u00fckk\u00f6kSzerezd be m\u00e9g ma az ultrahangos inhal\u00e1tor k\u00e9sz\u00fcl\u00e9k\u00fcnket \u00e9s vedd fel a harcot a makacs l\u00e9g\u00fati betegs\u00e9gekkel. Ez a kis kompakt eszk\u00f6z mindig n\u00e1lad lehet, \u00edgy a nap 24 \u00f3r\u00e1j\u00e1ban csillap\u00edthatja t\u00fcneteidet!Mi az inhal\u00e1l\u00e1s?Az inhal\u00e1ci\u00f3 a l\u00e9gutak p\u00e1r\u00e1s\u00edt\u00e1s\u00e1t, gy\u00f3gyszeres kezel\u00e9s\u00e9t jelenti, \u00e9s asztma, allergia, krupp, megf\u00e1z\u00e1sos, valamint egy\u00e9b l\u00e9g\u00fati megbeteged\u00e9sek sor\u00e1n az egyik leghat\u00e9konyabb, [&hellip;]<\/p>\n","protected":false},"featured_media":476031,"template":"","meta":{"_acf_changed":false},"product_brand":[],"product_cat":[1350,3374],"product_tag":[],"class_list":["post-476030","product","type-product","status-publish","has-post-thumbnail","product_cat-egeszseg","product_cat-home-sporteszkozok","first","instock","product-type-external"],"acf":[],"_links":{"self":[{"href":"https:\/\/horgaszhely.hu\/hun\/wp-json\/wp\/v2\/product\/476030","targetHints":{"allow":["GET"]}}],"collection":[{"href":"https:\/\/horgaszhely.hu\/hun\/wp-json\/wp\/v2\/product"}],"about":[{"href":"https:\/\/horgaszhely.hu\/hun\/wp-json\/wp\/v2\/types\/product"}],"wp:featuredmedia":[{"embeddable":true,"href":"https:\/\/horgaszhely.hu\/hun\/wp-json\/wp\/v2\/media\/476031"}],"wp:attachment":[{"href":"https:\/\/horgaszhely.hu\/hun\/wp-json\/wp\/v2\/media?parent=476030"}],"wp:term":[{"taxonomy":"product_brand","embeddable":true,"href":"https:\/\/horgaszhely.hu\/hun\/wp-json\/wp\/v2\/product_brand?post=476030"},{"taxonomy":"product_cat","embeddable":true,"href":"https:\/\/horgaszhely.hu\/hun\/wp-json\/wp\/v2\/product_cat?post=476030"},{"taxonomy":"product_tag","embeddable":true,"href":"https:\/\/horgaszhely.hu\/hun\/wp-json\/wp\/v2\/product_tag?post=476030"}],"curies":[{"name":"wp","href":"https:\/\/api.w.org\/{rel}","templated":true}]}}

Hordozható ultrahangos inhalátor a légúti betegségek kezeléséhez

<p>LeírásTulajdonságokTartozékokTippek, trükkökSzerezd be még ma az ultrahangos inhalátor készülékünket és vedd fel a harcot a makacs légúti betegségekkel. Ez a kis kompakt eszköz mindig nálad lehet, így a nap 24 órájában csillapíthatja tüneteidet!<strong>Mi az inhalálás?</strong>Az inhaláció a légutak párásítását, gyógyszeres kezelését jelenti, és asztma, allergia, krupp, megfázásos, valamint egyéb légúti megbetegedések során az egyik leghatékonyabb, legkevesebb mellékhatással járó kezelési módszer. Ebben az esetben a gyógyszert mikroszkopikus részecskék formájában juttatjuk le a légutakba, ahol nyákoldó, hörgőtágító vagy tisztító hatást fejt ki, így segítve elő a mihamarabbi gyógyulást.<strong>Az ultrahangos inhalátor működése és jótékony hatásai</strong>A készülékben egy speciális, rezgő és lyukacsos (mesh) kerámia segítségével történik az aeroszol képzése. A kerámia keltette rezgés áthalad a közvetítő folyadékon, és apró mikrométernyi részekre robbantja szét a porlasztandó gyógykészítményt, te pedig a keletkezett aeroszolt egy speciális maszkon vagy pipán keresztül lélegzed be.Az inhalátor leghasznosabb tulajdonságai a teljesség igénye nélkül:– célzottan kezelhetőek vele az alsó- és felső légutak– enyhülést hozhat eldugult, náthás állapotban– mérsékli a köhögést– pontosan adagolható vele a gyógyszer– akár csecsemőkortól is használható– nem terheli feleslegesen a gyomor- és bélrendszert– hosszú ideig tart a hatása– kíméletes, természetes terápia<strong>A termék előnyös tulajdonságai</strong><strong>– Egyszerű hordozhatóság:</strong> Könnyedén elfér a tenyeredben, valamint kis súlya és kompakt mérete ideálissá teszi diszkrét használatát utazás, kirándulás alkalmával.<strong>– Csendes működés:</strong> A nagy frekvenciájú, hullámokat előállító ultrahangos technológiának köszönhetően rendkívül csendesen működik, ezért a kisgyermekek inhalációs terápiájában is jól alkalmazható.<strong>– Egygombos működés:</strong> A készüléken egyetlen ki- és bekapcsoló gombot találsz, használata nagyon egyszerű.<strong>– Ideális porlasztó teljesítmény:</strong> Ez az inhalátor kis részecskeméretű (körülbelül 5 um), könnyen felszívódó részecskéket hoz létre, amelyek az alsóbb légutakban is hasznosulni tudnak.<strong>– Vízszint érzékelő:</strong> Az eszköz automatikusan kikapcsol, ha elfogyott belőle a folyadék.<strong>– Háromféle inhalációs kiegészítő:</strong> A gyermekek és felnőttek számára készült inhalációs maszk mellett egy csutora is helyet kapott a csomagban, hogy mindenki az anatómiai sajátosságaihoz igazodó eszközt tudja alkalmazni.<strong>Így használd az inhalátort</strong>1. Az első használat előtt tisztítsd és szárítsd meg a készülék mosható alkatrészeit a gyártó utasításának megfelelően!2. Töltsd fel a tartályt vízzel, szükség szerint add hozzá az orvos által előírt gyógyszermennyiséget!3. Csatlakoztasd a megfelelő kiegészítőt a toldalékhoz!4. A pipa használatakor rá kell szorítanod az ajkaidat, míg a maszk teljesen az arcra kell, hogy simuljon.5. Gyermekek esetében szülői segítség szükséges.6. Kapcsold be a gépet a ki/bekapcsoló gombbal, és végezd el az inhalációs kezelést: ehhez a szádon keresztül mélyen szívd be a levegőt, majd az orrodon keresztül fújd ki! Ismételd mindaddig, míg az időzítő ki nem kapcsol vagy a gyógyszeradag el nem fogy.7. Kapcsold ki a gépet!8. Szedd szét ismét az eszközt, tisztítsd és fertőtlenítsd a leírtaknak megfelelően, majd szárítsd meg!<strong>Fizikai jellemzők</strong>A készülék fehér színű, 5 cm széles, 4,5 cm vastag és 12 cm magas, a víztartály űrtartalma 10 ml. Tömege 120 g. A termék strapabíró ABS műanyagból készült, 2 db 1,5 V-os ceruzaelemmel működtethető, de ha megegyező méretű, tölthető akkumulátort teszel bele, akkor a készülék USB csatlakozón keresztül is feltölthető, akár az autó szivargyújtójáról is. Ezzel az inhalátorral 5 mikrométernyi aeroszolt tudsz előállítani, porlasztási teljesítménye pedig 0,25 ml/perc. A készülék érzékeli, amikor a folyadék elfogy a tartályból, ekkor automatikusan kikapcsol.A csomag az eszközön és a párásító egységen kívül tartalmaz még egy felnőtt és egy gyermekmaszkot, egy pipát és egy zárókupakot, valamint egy adapter nélküli USB-kábelt a töltéshez.A csomagnak nem tartozékai a ceruzaelemek, valamint az akkumulátor sem.<strong>Vess véget a kínzó köhögésnek, állandó orrfolyásnak és bedugult füleknek! Szerezd be még ma az ultrahangos inhalátor készülékünket!</strong>– Szín: fehér, kék– Anyag: ABS műanyag– Méretek:</p>
<ul>
<li>szélesség: 5 cm</li>
<li>hosszúság: 4,5 cm</li>
<li>magasság: 12 cm</li>
</ul>
<p>– Tápellátás: 100-240 V– Energiaforrás: 2 db 1,5 V-os elem (nem tartozék)– Üzemi feszültség: 5 V– Ultrahang frekvencia: 2,2 MHz– Űrtartalom: 10 ml– A porlasztott részecskék mérete: 0,5-5 mikrométer– Súly: 120 gramm– 1 db ultrahangos inhalátor– 1 db USB kábel (adapter nélkül)– 1 db maszk– 1 db pipaEleged van a nyűgös, levegőtlen, köhögős éjszakákból?Jól esne újra érezni az illatokat és friss levegőt belélegezni?Hordozható, csendes termékünket bárhol és b</p>

<p>LeírásTulajdonságokTartozékokTippek, trükkökSzerezd be még ma az ultrahangos inhalátor készülékünket és vedd fel a harcot a makacs légúti betegségekkel. Ez a kis kompakt eszköz mindig nálad lehet, így a nap 24 órájában csillapíthatja tüneteidet!Mi az inhalálás?Az inhaláció a légutak párásítását, gyógyszeres kezelését jelenti, és asztma, allergia, krupp, megfázásos, valamint egyéb légúti megbetegedések során az egyik leghatékonyabb, [&hellip;]</p>
