{"id":476038,"date":"2026-08-29T17:07:19","date_gmt":"2026-08-29T15:07:19","guid":{"rendered":"https:\/\/horgaszhely.hu\/hun\/termek\/karcsusito-kezi-masszirozo-gep-9-masszazsfejjel\/"},"modified":"2026-08-29T17:07:52","modified_gmt":"2026-08-29T15:07:52","slug":"karcsusito-kezi-masszirozo-gep-9-masszazsfejjel","status":"publish","type":"product","link":"https:\/\/horgaszhely.hu\/hun\/termek\/karcsusito-kezi-masszirozo-gep-9-masszazsfejjel\/","title":{"rendered":"Karcs\u00fas\u00edt\u00f3 k\u00e9zi massz\u00edroz\u00f3 g\u00e9p 9 massz\u00e1zsfejjel"},"content":{"rendered":"<p>Le\u00edr\u00e1sTulajdons\u00e1gokTartoz\u00e9kokTippek, tr\u00fckk\u00f6kA kil\u00f3kkal \u00e9s zs\u00edrp\u00e1rn\u00e1kkal val\u00f3 k\u00fczdelem sokszor sz\u00e9lmalomharcnak t\u0171nik, amit nem sz\u00edvesen osztunk meg m\u00e1sokkal. Az infrav\u00f6r\u00f6s alakform\u00e1l\u00f3 massz\u00edroz\u00f3 diszkr\u00e9ten \u00e9s hat\u00e9konyan oldja meg ezeket a probl\u00e9m\u00e1kat, te pedig b\u00fcszk\u00e9n villanthatod meg\u00fajult, szuper alakodat a k\u00fclvil\u00e1ggal!<strong>Az infrav\u00f6r\u00f6s massz\u00e1zs pozit\u00edv hat\u00e1sai<\/strong>Az infrav\u00f6r\u00f6s f\u00e9ny a nap l\u00e1thatatlan sug\u00e1rspektrum\u00e1nak r\u00e9sze, ami sz\u00e1mtalan pozit\u00edv biol\u00f3giai hat\u00e1ssal b\u00edr. Legfontosabb tulajdons\u00e1ga, hogy m\u00e9lyen a sz\u00f6vetekbe hatolva felmeleg\u00edti azokat, ennek hat\u00e1s\u00e1ra javul az oxig\u00e9n- \u00e9s t\u00e1panyagell\u00e1t\u00e1suk, szervezet\u00fcnk \u00f6ngy\u00f3gy\u00edt\u00f3 mechanizmusai pedig felp\u00f6r\u00f6gnek. <strong>Az infrav\u00f6r\u00f6s kezel\u00e9ssel cs\u00f6kkenthet\u0151k a s\u00falyos, kr\u00f3nikus f\u00e1jdalmak, a k\u00e1ros gyullad\u00e1sok \u00e9s izomb\u00e1ntalmak, valamint a test \u00f6reged\u00e9s\u00e9rt nagym\u00e9rt\u00e9kben felel\u0151s oxidat\u00edv stressz is.<\/strong>Az infrav\u00f6r\u00f6s sug\u00e1rz\u00e1st a massz\u00e1zs j\u00f3t\u00e9kony hat\u00e1s\u00e1val kombin\u00e1lva a k\u00f6vetkez\u0151 pozit\u00edv v\u00e1ltoz\u00e1sokat tapasztalhatod majd:\u2013 a sepr\u0171v\u00e9n\u00e1k kialakul\u00e1sa megel\u0151zhet\u0151\u2013 enyh\u00fclnek az izomf\u00e1jdalmaid\u2013 rugalmasabb, t\u00f3nusosabb \u00e9s feszesebb lesz a tested\u2013 hat\u00e9konyan szabad\u00edt meg a felesleges zs\u00edrsz\u00f6vett\u0151l\u2013 seg\u00edti a m\u00e9reganyagok t\u00e1voz\u00e1s\u00e1t\u2013 m\u00e9rs\u00e9kl\u0151dnek a cellulitos t\u00fcneteid\u2013 ellaz\u00edt \u00e9s relax\u00e1l<strong>Az infr\u00e1s k\u00e9zi massz\u00edroz\u00f3 g\u00e9p el\u0151ny\u00f6s tulajdons\u00e1gai<\/strong>Ismerd meg jobban term\u00e9k\u00fcnket az al\u00e1bbi list\u00e1ban bemutatott egyedi tulajdons\u00e1gok \u00e1ltal:<strong>\u2013 Multifunkci\u00f3s hat\u00e9konys\u00e1g:<\/strong> Nagyszer\u0171en \u00f6tv\u00f6zi az infrav\u00f6r\u00f6s f\u00e9ny pozit\u00edv biol\u00f3giai hat\u00e1s\u00e1t a helyi massz\u00e1zs kering\u00e9st fokoz\u00f3, m\u00e9regtelen\u00edt\u0151 szuperk\u00e9pess\u00e9g\u00e9vel. Hat\u00e1sa a massz\u00e1zsfejek forg\u00f3 mozg\u00e1s\u00e1n alapul, amelyek a b\u0151r m\u00e9lyebb r\u00e9tegeibe is behatolnak, \u00e9s eredm\u00e9nyesen szabad\u00edtanak meg a felhalmoz\u00f3dott zs\u00edrt\u00f3l.<strong>\u2013 9 fajta, cser\u00e9lhet\u0151 massz\u00e1zsfej:<\/strong> Aktu\u00e1lis sz\u00fcks\u00e9gleteidnek \u00e9s a massz\u00e1zs t\u00edpus\u00e1nak megfelel\u0151en szabadon cser\u00e9lheted a nagy hat\u00e9konys\u00e1g\u00fa fejeket.<\/p>\n<ul>\n<li>A lapos massz\u00e1zsfejeket a nyak, a v\u00e1llak, a h\u00e1t, \u00e9s a l\u00e1bak massz\u00edroz\u00e1s\u00e1hoz haszn\u00e1lhatod, ahol kiv\u00e1l\u00f3an enyh\u00edtik az izomfesz\u00fclts\u00e9get is.<\/li>\n<\/ul>\n<ul>\n<li>A hull\u00e1mos fejek els\u0151sorban a m\u00e9lysz\u00f6veti massz\u00e1zshoz \u00e9s az izomtoniz\u00e1l\u00e1shoz praktikusak.<\/li>\n<\/ul>\n<ul>\n<li>A g\u00f6rg\u0151s fejek 8 speci\u00e1lis g\u00f6rg\u0151je a megereszkedett b\u0151rnek ny\u00fajtanak t\u00e1mogat\u00e1st, emellett seg\u00edtik a k\u00fcl\u00f6nb\u00f6z\u0151 kr\u00e9mek, olajok, test\u00e1pol\u00f3k m\u00e9lyebb behatol\u00e1s\u00e1t a b\u0151rbe.<\/li>\n<\/ul>\n<ul>\n<li>A speci\u00e1lis mikroh\u00e1mlaszt\u00f3 fejek elt\u00e1vol\u00edtj\u00e1k az elhalt h\u00e1msejteket \u00e9s b\u0151rkem\u00e9nyed\u00e9seket a l\u00e1badr\u00f3l.<\/li>\n<\/ul>\n<p><strong>\u2013 Pofonegyszer\u0171 haszn\u00e1lat:<\/strong> A fejek k\u00f6nnyed\u00e9n lepattinthat\u00f3k \u00e9s kicser\u00e9lhet\u0151k, a g\u00e9p be- \u00e9s kikapcsol\u00e1sa, intenzit\u00e1s\u00e1nak v\u00e1ltoztat\u00e1sa egyetlen vez\u00e9rl\u0151gombbal t\u00f6rt\u00e9nik.<strong>\u2013 Tart\u00f3ss\u00e1g:<\/strong> Kiv\u00e1l\u00f3 min\u0151s\u00e9g\u0171 anyagb\u00f3l k\u00e9sz\u00fclt. Emiatt rendk\u00edv\u00fcl strapab\u00edr\u00f3, \u00e9s a mechanikai s\u00e9r\u00fcl\u00e9seknek is ellen\u00e1ll.<strong>\u00cdgy haszn\u00e1ld a term\u00e9ket<\/strong>1. Csatlakoztasd a k\u00e1belt a h\u00e1l\u00f3zathoz!2. Tedd fel a kiv\u00e1lasztott fejet a g\u00e9p fejegys\u00e9g\u00e9re!3. A k\u00e9sz\u00fcl\u00e9k nyel\u00e9n tal\u00e1lhat\u00f3 mechanikus szab\u00e1lyz\u00f3 elforgat\u00e1s\u00e1val bekapcsolhatod az eszk\u00f6zt. Szint\u00e9n ezzel szab\u00e1lyozhatod a massz\u00e1zs er\u0151ss\u00e9g\u00e9t.4. Haladj v\u00e9gig k\u00f6rk\u00f6r\u00f6s mozdulatokkal a a massz\u00edrozand\u00f3 testfel\u00fcleten!5. Miut\u00e1n befejezted a massz\u00e1zst, kapcsold ki a g\u00e9pet!6. T\u00e1vol\u00edtsd el a fejet, \u00e9s a gy\u00e1rt\u00f3 utas\u00edt\u00e1sait betartva tiszt\u00edtsd meg azt!<strong>A k\u00e9sz\u00fcl\u00e9k fizikai jellemz\u0151i<\/strong>A g\u00e9p h\u00e1za fekete-feh\u00e9r robusztus \u00e9s elny\u0171hetetlen ABS m\u0171anyag bor\u00edt\u00e1st kapott, melyekhez 9 db cser\u00e9lhet\u0151 massz\u00e1zsfejet is tal\u00e1lsz a csomagban. A term\u00e9k 25 cm hossz\u00fa, a fej vastags\u00e1ga 16 cm, m\u00edg \u00e1tm\u00e9r\u0151je 9 cm. T\u00f6mege kb. 79 dkg, \u00e9s 175 cm-es k\u00e1bel tartozik hozz\u00e1. Teljes\u00edtm\u00e9nye 28 W, bemeneti fesz\u00fclts\u00e9ge 220 V\/50 Hz.<strong>Ne habozz, csapj le r\u00e1 m\u00e9g ma \u00e9s legy\u00e9l bomban\u0151 a strandszezonra!<\/strong>\u2013 Teljes\u00edtm\u00e9ny: 28 W\u2013 Fesz\u00fclts\u00e9g: 220V\/50 Hz\u2013 Anyaga: ABS m\u0171anyag\u2013 M\u00e9retek:<\/p>\n<ul>\n<li>hossz\u00fas\u00e1g: 25 cm<\/li>\n<li>sz\u00e9less\u00e9g: 16 cm<\/li>\n<li>m\u00e9lys\u00e9g: 9 cm<\/li>\n<\/ul>\n<p>\u2013 H\u00e1l\u00f3zati k\u00e1bel hossza: 175 cm\u2013 S\u00faly: 0,792 kg\u2013 Csomag s\u00falya: 1,16 kg\u2013 1 db massz\u00edroz\u00f3 g\u00e9p\u2013 9 db massz\u00e1zsfejMeguntad, hogy nem vagy el\u00e9gedett, amikor a t\u00fck\u00f6rbe n\u00e9zel?Szeretn\u00e9d kibontani a zs\u00edrp\u00e1rn\u00e1k alatt rejt\u0151z\u0151 karcs\u00fa testet?K\u00e9zi massz\u00edroz\u00f3 g\u00e9p\u00fcnk a seg\u00edts\u00e9g\u00e9vel l\u00e1tv\u00e1nyosan b\u00facs\u00fat inthetsz a narancsb\u0151rnek, fiatalosan meg\u00faj\u00edthatod k\u00fcls\u0151d \u00e9s centikben m\u00e9rhet\u0151 v\u00e1ltoz\u00e1st \u00e9rhetsz el. S\u0151t massz\u00e1zs k\u00f6zben ellazulhatsz \u00e9s elfelejtheted a mindennapi stresszt.Karcs\u00fas\u00edt\u00f3 k\u00e9zi massz\u00edroz\u00f3 g\u00e9pKellemes relax\u00e1ci\u00f3Hat\u00e9kony m\u00e9regtelen\u00edt\u00e9sMilyen el\u0151nyei vannak?<\/p>\n<ul>\n<li>Egyszerre meleg\u00edt \u00e9s massz\u00edroz<\/li>\n<li>F\u00e1jdalomcsillap\u00edt\u00f3, izomlaz\u00edt\u00f3 hat\u00e1s\u00fa<\/li>\n<li>Cs\u00f6kkentheti a narancsb\u0151rt<\/li>\n<\/ul>\n<p>Az \u00e1lomalakod egy karny\u00fajt\u00e1snyira van t\u0151led. Szerezd be m\u00e9g ma term\u00e9k\u00fcnket!MegveszemEz\u00e9rt fogod szeretni a term\u00e9ket!\u00d6sszeszedt\u00fck neked a k\u00e9zi massz\u00edroz\u00f3 g\u00e9p k\u00e9t legkiemelked\u0151bb tulajdons\u00e1g\u00e1t9 db massz\u00e1zsfej a b\u00e1rsonyosabb b\u0151r\u00e9rtA szettben tal\u00e1lhat\u00f3 fejek a b\u0151r m\u00e9lyebb r\u00e9teg\u00e9t\u0151l a felsz\u00edni r\u00e9tegig seg\u00edtik annak meg\u00fajul\u00e1s\u00e1t, a v\u00e9r-\u00e9s nyirokkering\u00e9sed felp\u00f6rget\u00e9s\u00e9vel. Hat\u00e1sukra sim\u00e1bb, b\u00e1rsonyosabb lesz b\u0151r\u00f6d text\u00far\u00e1ja.Infrav\u00f6r\u00f6s f\u00e9ny a meg\u00fajul\u00e1s\u00e9rtAz infrav\u00f6<\/p>\n","protected":false},"excerpt":{"rendered":"<p>Le\u00edr\u00e1sTulajdons\u00e1gokTartoz\u00e9kokTippek, tr\u00fckk\u00f6kA kil\u00f3kkal \u00e9s zs\u00edrp\u00e1rn\u00e1kkal val\u00f3 k\u00fczdelem sokszor sz\u00e9lmalomharcnak t\u0171nik, amit nem sz\u00edvesen osztunk meg m\u00e1sokkal. Az infrav\u00f6r\u00f6s alakform\u00e1l\u00f3 massz\u00edroz\u00f3 diszkr\u00e9ten \u00e9s hat\u00e9konyan oldja meg ezeket a probl\u00e9m\u00e1kat, te pedig b\u00fcszk\u00e9n villanthatod meg\u00fajult, szuper alakodat a k\u00fclvil\u00e1ggal!Az infrav\u00f6r\u00f6s massz\u00e1zs pozit\u00edv hat\u00e1saiAz infrav\u00f6r\u00f6s f\u00e9ny a nap l\u00e1thatatlan sug\u00e1rspektrum\u00e1nak r\u00e9sze, ami sz\u00e1mtalan pozit\u00edv biol\u00f3giai hat\u00e1ssal b\u00edr. Legfontosabb [&hellip;]<\/p>\n","protected":false},"featured_media":476039,"template":"","meta":{"_acf_changed":false},"product_brand":[],"product_cat":[1350,3374],"product_tag":[],"class_list":["post-476038","product","type-product","status-publish","has-post-thumbnail","product_cat-egeszseg","product_cat-home-sporteszkozok","first","instock","product-type-external"],"acf":[],"_links":{"self":[{"href":"https:\/\/horgaszhely.hu\/hun\/wp-json\/wp\/v2\/product\/476038","targetHints":{"allow":["GET"]}}],"collection":[{"href":"https:\/\/horgaszhely.hu\/hun\/wp-json\/wp\/v2\/product"}],"about":[{"href":"https:\/\/horgaszhely.hu\/hun\/wp-json\/wp\/v2\/types\/product"}],"wp:featuredmedia":[{"embeddable":true,"href":"https:\/\/horgaszhely.hu\/hun\/wp-json\/wp\/v2\/media\/476039"}],"wp:attachment":[{"href":"https:\/\/horgaszhely.hu\/hun\/wp-json\/wp\/v2\/media?parent=476038"}],"wp:term":[{"taxonomy":"product_brand","embeddable":true,"href":"https:\/\/horgaszhely.hu\/hun\/wp-json\/wp\/v2\/product_brand?post=476038"},{"taxonomy":"product_cat","embeddable":true,"href":"https:\/\/horgaszhely.hu\/hun\/wp-json\/wp\/v2\/product_cat?post=476038"},{"taxonomy":"product_tag","embeddable":true,"href":"https:\/\/horgaszhely.hu\/hun\/wp-json\/wp\/v2\/product_tag?post=476038"}],"curies":[{"name":"wp","href":"https:\/\/api.w.org\/{rel}","templated":true}]}}

Karcsúsító kézi masszírozó gép 9 masszázsfejjel

<p>LeírásTulajdonságokTartozékokTippek, trükkökA kilókkal és zsírpárnákkal való küzdelem sokszor szélmalomharcnak tűnik, amit nem szívesen osztunk meg másokkal. Az infravörös alakformáló masszírozó diszkréten és hatékonyan oldja meg ezeket a problémákat, te pedig büszkén villanthatod megújult, szuper alakodat a külvilággal!<strong>Az infravörös masszázs pozitív hatásai</strong>Az infravörös fény a nap láthatatlan sugárspektrumának része, ami számtalan pozitív biológiai hatással bír. Legfontosabb tulajdonsága, hogy mélyen a szövetekbe hatolva felmelegíti azokat, ennek hatására javul az oxigén- és tápanyagellátásuk, szervezetünk öngyógyító mechanizmusai pedig felpörögnek. <strong>Az infravörös kezeléssel csökkenthetők a súlyos, krónikus fájdalmak, a káros gyulladások és izombántalmak, valamint a test öregedésért nagymértékben felelős oxidatív stressz is.</strong>Az infravörös sugárzást a masszázs jótékony hatásával kombinálva a következő pozitív változásokat tapasztalhatod majd:– a seprűvénák kialakulása megelőzhető– enyhülnek az izomfájdalmaid– rugalmasabb, tónusosabb és feszesebb lesz a tested– hatékonyan szabadít meg a felesleges zsírszövettől– segíti a méreganyagok távozását– mérséklődnek a cellulitos tüneteid– ellazít és relaxál<strong>Az infrás kézi masszírozó gép előnyös tulajdonságai</strong>Ismerd meg jobban termékünket az alábbi listában bemutatott egyedi tulajdonságok által:<strong>– Multifunkciós hatékonyság:</strong> Nagyszerűen ötvözi az infravörös fény pozitív biológiai hatását a helyi masszázs keringést fokozó, méregtelenítő szuperképességével. Hatása a masszázsfejek forgó mozgásán alapul, amelyek a bőr mélyebb rétegeibe is behatolnak, és eredményesen szabadítanak meg a felhalmozódott zsírtól.<strong>– 9 fajta, cserélhető masszázsfej:</strong> Aktuális szükségleteidnek és a masszázs típusának megfelelően szabadon cserélheted a nagy hatékonyságú fejeket.</p>
<ul>
<li>A lapos masszázsfejeket a nyak, a vállak, a hát, és a lábak masszírozásához használhatod, ahol kiválóan enyhítik az izomfeszültséget is.</li>
</ul>
<ul>
<li>A hullámos fejek elsősorban a mélyszöveti masszázshoz és az izomtonizáláshoz praktikusak.</li>
</ul>
<ul>
<li>A görgős fejek 8 speciális görgője a megereszkedett bőrnek nyújtanak támogatást, emellett segítik a különböző krémek, olajok, testápolók mélyebb behatolását a bőrbe.</li>
</ul>
<ul>
<li>A speciális mikrohámlasztó fejek eltávolítják az elhalt hámsejteket és bőrkeményedéseket a lábadról.</li>
</ul>
<p><strong>– Pofonegyszerű használat:</strong> A fejek könnyedén lepattinthatók és kicserélhetők, a gép be- és kikapcsolása, intenzitásának változtatása egyetlen vezérlőgombbal történik.<strong>– Tartósság:</strong> Kiváló minőségű anyagból készült. Emiatt rendkívül strapabíró, és a mechanikai sérüléseknek is ellenáll.<strong>Így használd a terméket</strong>1. Csatlakoztasd a kábelt a hálózathoz!2. Tedd fel a kiválasztott fejet a gép fejegységére!3. A készülék nyelén található mechanikus szabályzó elforgatásával bekapcsolhatod az eszközt. Szintén ezzel szabályozhatod a masszázs erősségét.4. Haladj végig körkörös mozdulatokkal a a masszírozandó testfelületen!5. Miután befejezted a masszázst, kapcsold ki a gépet!6. Távolítsd el a fejet, és a gyártó utasításait betartva tisztítsd meg azt!<strong>A készülék fizikai jellemzői</strong>A gép háza fekete-fehér robusztus és elnyűhetetlen ABS műanyag borítást kapott, melyekhez 9 db cserélhető masszázsfejet is találsz a csomagban. A termék 25 cm hosszú, a fej vastagsága 16 cm, míg átmérője 9 cm. Tömege kb. 79 dkg, és 175 cm-es kábel tartozik hozzá. Teljesítménye 28 W, bemeneti feszültsége 220 V/50 Hz.<strong>Ne habozz, csapj le rá még ma és legyél bombanő a strandszezonra!</strong>– Teljesítmény: 28 W– Feszültség: 220V/50 Hz– Anyaga: ABS műanyag– Méretek:</p>
<ul>
<li>hosszúság: 25 cm</li>
<li>szélesség: 16 cm</li>
<li>mélység: 9 cm</li>
</ul>
<p>– Hálózati kábel hossza: 175 cm– Súly: 0,792 kg– Csomag súlya: 1,16 kg– 1 db masszírozó gép– 9 db masszázsfejMeguntad, hogy nem vagy elégedett, amikor a tükörbe nézel?Szeretnéd kibontani a zsírpárnák alatt rejtőző karcsú testet?Kézi masszírozó gépünk a segítségével látványosan búcsút inthetsz a narancsbőrnek, fiatalosan megújíthatod külsőd és centikben mérhető változást érhetsz el. Sőt masszázs közben ellazulhatsz és elfelejtheted a mindennapi stresszt.Karcsúsító kézi masszírozó gépKellemes relaxációHatékony méregtelenítésMilyen előnyei vannak?</p>
<ul>
<li>Egyszerre melegít és masszíroz</li>
<li>Fájdalomcsillapító, izomlazító hatású</li>
<li>Csökkentheti a narancsbőrt</li>
</ul>
<p>Az álomalakod egy karnyújtásnyira van tőled. Szerezd be még ma termékünket!MegveszemEzért fogod szeretni a terméket!Összeszedtük neked a kézi masszírozó gép két legkiemelkedőbb tulajdonságát9 db masszázsfej a bársonyosabb bőrértA szettben található fejek a bőr mélyebb rétegétől a felszíni rétegig segítik annak megújulását, a vér-és nyirokkeringésed felpörgetésével. Hatásukra simább, bársonyosabb lesz bőröd textúrája.Infravörös fény a megújulásértAz infravö</p>

<p>LeírásTulajdonságokTartozékokTippek, trükkökA kilókkal és zsírpárnákkal való küzdelem sokszor szélmalomharcnak tűnik, amit nem szívesen osztunk meg másokkal. Az infravörös alakformáló masszírozó diszkréten és hatékonyan oldja meg ezeket a problémákat, te pedig büszkén villanthatod megújult, szuper alakodat a külvilággal!Az infravörös masszázs pozitív hatásaiAz infravörös fény a nap láthatatlan sugárspektrumának része, ami számtalan pozitív biológiai hatással bír. Legfontosabb [&hellip;]</p>
