{"id":476068,"date":"2026-08-29T17:07:58","date_gmt":"2026-08-29T15:07:58","guid":{"rendered":"https:\/\/horgaszhely.hu\/hun\/termek\/vezetek-nelkuli-endoszkopos-fultisztito-keszulek-otoszkop\/"},"modified":"2026-08-29T17:08:17","modified_gmt":"2026-08-29T15:08:17","slug":"vezetek-nelkuli-endoszkopos-fultisztito-keszulek-otoszkop","status":"publish","type":"product","link":"https:\/\/horgaszhely.hu\/hun\/termek\/vezetek-nelkuli-endoszkopos-fultisztito-keszulek-otoszkop\/","title":{"rendered":"Vezet\u00e9k n\u00e9lk\u00fcli endoszk\u00f3pos f\u00fcltiszt\u00edt\u00f3 k\u00e9sz\u00fcl\u00e9k, otoszk\u00f3p"},"content":{"rendered":"<p>Le\u00edr\u00e1sTulajdons\u00e1gokTartoz\u00e9kokTippek, tr\u00fckk\u00f6k<strong>Legyen a f\u00fcled ism\u00e9t tiszta \u00e9s szennyez\u0151d\u00e9smentes, haszn\u00e1ld hozz\u00e1 az endoszk\u00f3pos f\u00fcltiszt\u00edt\u00f3 k\u00e9sz\u00fcl\u00e9ket!<\/strong> A be\u00e9p\u00edtett kamera seg\u00edts\u00e9g\u00e9vel pontosan meghat\u00e1rozhatod a lerak\u00f3d\u00e1sok hely\u00e9t, az eszk\u00f6z fej\u00e9vel pedig k\u00f6nnyed\u00e9n elt\u00e1vol\u00edthatod azokat.Azt tudtad, hogy a f\u00fcled egy igen k\u00e9nyes r\u00e9sze testednek? <strong>Az orvosok p\u00e9ld\u00e1ul hat\u00e1rozottan nem aj\u00e1nlj\u00e1k a napi f\u00fcltiszt\u00edt\u00e1st.<\/strong> Egyr\u00e9szt az\u00e9rt nem, mert \u00edgy a hall\u00f3j\u00e1rat eg\u00e9szs\u00e9g\u00e9\u00e9rt felel\u0151s <strong>f\u00fclzs\u00edr elt\u0171nhet<\/strong>, kit\u00e9ve azt a kisz\u00e1rad\u00e1snak \u00e9s a fert\u0151z\u00e9seknek. M\u00e1sr\u00e9szt a rendszeres takar\u00edt\u00e1s a hagyom\u00e1nyos f\u00fcltiszt\u00edt\u00f3kkal m\u00e9g t\u00f6bb lerak\u00f3d\u00e1shoz vezethet, \u00e9s a <strong>f\u00fcl eldugulhat<\/strong>.Azonban <strong>az sem j\u00f3, ha a megszokottn\u00e1l ritk\u00e1bban v\u00e9gzed el ezt a folyamatot<\/strong>, mondjuk \u00e9vente egy alkalommal, ugyanis <strong>f\u00fclzs\u00edrdug\u00f3 alakulhat ki, amely hall\u00e1scs\u00f6kken\u00e9shez, f\u00fclf\u00e1j\u00e1shoz \u00e9s f\u00fclz\u00fag\u00e1shoz vezethet<\/strong>.<strong>TULAJDONS\u00c1GAI<\/strong>Ahhoz, hogy megtal\u00e1ld az aranyk\u00f6z\u00e9putat \u00e9s k\u00edm\u00e9letesen, valamint hat\u00e9konyan tartsd tiszt\u00e1n hall\u00f3j\u00e1ratod, \u00e9rdemes kipr\u00f3b\u00e1lnod k\u00e9sz\u00fcl\u00e9k\u00fcnket. Tekintsd meg az al\u00e1bbi tulajdons\u00e1gait, amelyek \u00e1ltal sokkal t\u00f6bbet ny\u00fajt, mint hagyom\u00e1nyos t\u00e1rsai:<strong>\u2013 Be\u00e9p\u00edtett kamera + vil\u00e1g\u00edt\u00e1s:<\/strong> A henger alak\u00fa eszk\u00f6z v\u00e9g\u00e9n helyet kapott egy 5 MP felbont\u00e1s\u00fa kamera, valamint egy led vil\u00e1g\u00edt\u00e1s 6 db \u00e9g\u0151vel. Ennek a p\u00e1ros\u00edt\u00e1snak \u00e9s a telefonra t\u00f6rt\u00e9n\u0151 csatlakoz\u00e1snak k\u00f6sz\u00f6nhet\u0151en teljes nagys\u00e1g\u00e1ban l\u00e1thatod, milyen viszonyok uralkodnak a f\u00fcled belsej\u00e9ben.<strong>\u2013 Szilikon fej:<\/strong> A kamera el\u0151tt helyezkedik el. Puha anyag\u00e1b\u00f3l k\u00f6vetkez\u0151en nem kell att\u00f3l f\u00e9lned, hogy fels\u00e9rted a f\u00fcled \u00e9s att\u00f3l sem, hogy lev\u00e1lik r\u00f3la 1-1 kisebb darab, mint a r\u00e9gim\u00f3di eszk\u00f6z\u00f6k eset\u00e9ben. A fejek tiszt\u00e1ntart\u00e1sa is k\u00f6nnyed, \u00edgy nem kell tartanod a tov\u00e1bbfert\u0151z\u00e9st\u0151l sem.<strong>\u2013 Mobilit\u00e1s kompatibilit\u00e1s:<\/strong> Be\u00e9p\u00edtett akkumul\u00e1tor\u00e1nak k\u00f6sz\u00f6nhet\u0151en nem vagy helyhez k\u00f6tve, \u00edgy b\u00e1rhol, b\u00e1rmikor haszn\u00e1lhatod, ak\u00e1r 90 percen kereszt\u00fcl.<strong>\u2013 V\u00e9delem a k\u00f6rnyezeti hat\u00e1sok ellen:<\/strong> IP67 min\u0151s\u00edt\u00e9s\u00e9b\u0151l k\u00f6vetkez\u0151en v\u00edz\u00e1ll\u00f3 \u00e9s ellen\u00e1ll az egy\u00e9b szennyez\u0151d\u00e9seknek is.<strong>F\u00dcLTISZT\u00cdT\u00d3 HASZN\u00c1LATA<\/strong><strong>El\u0151sz\u00f6r is fontos megjegyezni, annak ellen\u00e9re, hogy ez egy otthon haszn\u00e1lhat\u00f3 eszk\u00f6z, mindig k\u00e9rd h\u00e1ziorvosod, vagy egy\u00e9b szak\u00e9rt\u0151 seg\u00edts\u00e9g\u00e9t!<\/strong>Amennyiben a telefonodon szeretn\u00e9d l\u00e1tni az \u00e9l\u0151 k\u00e9pet, t\u00f6ltsd le a k\u00e9sz\u00fcl\u00e9khez tartoz\u00f3 alkalmaz\u00e1st az oper\u00e1ci\u00f3s rendszerednek megfelel\u0151en. Ind\u00edtsd el, majd csatlakoztasd a m\u00e1r bekapcsolt otoszk\u00f3pot (eszk\u00f6z m\u00e1sik neve) mobilodhoz a be\u00e9p\u00edtett Wi-Fi port seg\u00edts\u00e9g\u00e9vel.A be\u00fczemel\u00e9s ut\u00e1n, a szilikon fejjel el\u0151re helyezd a f\u00fcledbe, majd a lehet\u0151 legnagyobb k\u00f6r\u00fcltekint\u00e9ssel p\u00e1szt\u00e1zd a hall\u00f3j\u00e1ratod. Amennyiben l\u00e1tsz egy nagyobb f\u00fclzs\u00edrcsom\u00f3t vagy egy\u00e9b szennyez\u0151d\u00e9st, a szilikon fej m\u00e9lyed\u00e9s\u00e9nek seg\u00edts\u00e9g\u00e9vel emeld ki a hely\u00e9r\u0151l, majd h\u00fazd ki az eszk\u00f6zt a f\u00fcledb\u0151l.Term\u00e9szetesen maxim\u00e1lis higi\u00e9nia mellett egy\u00e9b <strong>olyan tev\u00e9kenys\u00e9gekhez is haszn\u00e1lhat\u00f3, mint a fogak \u00e1tvizsg\u00e1l\u00e1sa, a haj \u00e9s a fejb\u0151r ellen\u0151rz\u00e9se, esetleg a h\u00e1zi\u00e1llatok sz\u0151r\u00e9nek \u00e9s b\u0151r\u00e9nek tanulm\u00e1nyoz\u00e1sa.<\/strong><strong>FIZIKAI JELLEMZ\u0150K<\/strong><strong>Az el\u0151bb eml\u00edtett er\u0151s akku mellett a k\u00f6nnyed hordozhat\u00f3s\u00e1ghoz hozz\u00e1j\u00e1rul m\u00e9g a mind\u00f6ssze 14 cm-es magass\u00e1g, 1,4 cm \u00e1tm\u00e9r\u0151 \u00e9s a 21 grammos s\u00faly.<\/strong> Sz\u00edne \u00e1ltal\u00e1ban feh\u00e9r, de mindig az aktu\u00e1lis rakt\u00e1rk\u00e9szlet szerint sz\u00e1ll\u00edtjuk. Ahogy fentebb \u00edrtuk a kamera 5 MP felbont\u00e1s\u00fa, a lencse pedig 4 mm \u00e1tm\u00e9r\u0151j\u0171. A csomagban megtal\u00e1lhat\u00f3 maga az eszk\u00f6z, 4 db szilikon fej, USB k\u00e1bel \u00e9s a haszn\u00e1lati \u00fatmutat\u00f3.<strong>A f\u00fcl eg\u00e9szs\u00e9ge nem j\u00e1t\u00e9k, ez\u00e9rt vedd komolyan!<\/strong>\u2013 Sz\u00edn: aktu\u00e1lis rakt\u00e1rk\u00e9szlet szerint\u2013 K\u00e9sz\u00fcl\u00e9k v\u00e9delme: IP67\u2013 Akku teljes\u00edtm\u00e9nye: 240 mAh\u2013 Maxim\u00e1lis \u00fczemid\u0151: 90 perc\u2013 T\u00f6lt\u00e9si id\u0151: 70 perc\u2013 Kamera felbont\u00e1sa: 5 MP\u2013 Lencse\u00e1tm\u00e9r\u0151: 4 mm\u2013 F\u00e9nyforr\u00e1s: 6 db LED\u2013 M\u00e9retek:<\/p>\n<ul>\n<li>Magass\u00e1g: 14 cm<\/li>\n<li>\u00c1tm\u00e9r\u0151: 1,4 cm<\/li>\n<\/ul>\n<p>\u2013 S\u00faly: 21 g\u2013 1 db f\u00fcltiszt\u00edt\u00f3 k\u00e9sz\u00fcl\u00e9k\u2013 4 db szilikon fej\u2013 USB-C k\u00e1bel\u2013 Haszn\u00e1lati \u00fatmutat\u00f3Nem kedveled a hagyom\u00e1nyos f\u00fclpiszk\u00e1l\u00f3kat?Szeretn\u00e9d hat\u00e9konyan \u00e9s higi\u00e9nikusan tiszt\u00edtani a f\u00fcled?Ez az otoszk\u00f3p, m\u00e1sn\u00e9ven endoszk\u00f3pos f\u00fcltiszt\u00edt\u00f3, nem csak ellen\u0151rzi hall\u00f3j\u00e1rataid, de ki is takar\u00edthatod azokat a seg\u00edts\u00e9g\u00e9vel. A kamera minden egyes n\u00e9gyzetmillim\u00e9tert felt\u00e9rk\u00e9pez a f\u00fcledben, a szilikon fejek k\u00f6zrem\u0171k\u00f6d\u00e9s\u00e9vel pedig r\u00f6gt\u00f6n el is tudod t\u00e1vol\u00edtani az oda nem ill\u0151 anyagokat.Endoszk\u00f3pos f\u00fcltiszt\u00edt\u00f3Hat\u00e9kony f\u00fcltiszt\u00edt\u00e1sUniverz\u00e1lis alkalmaz\u00e1sMilyen el\u0151nyei vannak?<\/p>\n<ul>\n<li>A teljes hall\u00f3j\u00e1rat felt\u00e9rk\u00e9pezhet\u0151<\/li>\n<li>Mindenf\u00e9le szennyez\u0151d\u00e9st elt\u00e1vol\u00edthat<\/li>\n<li>M\u00e1s testr\u00e9szek, \u00e1llatok eset\u00e9n is haszn\u00e1lhat\u00f3<\/li>\n<\/ul>\n<p>Szerezd be k\u00e9sz\u00fcl\u00e9k\u00fcnket m\u00e9g ma \u00e9s l\u00e9pj be a f\u00fcltiszt\u00edt\u00e1s 21. sz\u00e1zad\u00e1ba!MegveszemEz\u00e9rt fogod szeretni a term\u00e9ket!Al\u00e1bb kiemelt\u00fck neked term\u00e9k\u00fcnk k\u00e9t legfontosabb tulajdons\u00e1g\u00e1t&#8221;\u00c9l\u0151 k\u00f6zvet\u00edt\u00e9s&#8221;A be\u00e9p\u00edtett kamera, a csomagban megtal\u00e1lhat\u00f3 k\u00e1bel, valamint egy telefon seg\u00edts\u00e9g\u00e9vel, azonnal l\u00e1thatod a f\u00fcled belsej\u00e9t \u00e9s az ott tal\u00e1lhat\u00f3 lerak\u00f3d\u00e1sokat. Ennek k\u00f6vetkezt\u00e9ben egyb\u0151l tu<\/p>\n","protected":false},"excerpt":{"rendered":"<p>Le\u00edr\u00e1sTulajdons\u00e1gokTartoz\u00e9kokTippek, tr\u00fckk\u00f6kLegyen a f\u00fcled ism\u00e9t tiszta \u00e9s szennyez\u0151d\u00e9smentes, haszn\u00e1ld hozz\u00e1 az endoszk\u00f3pos f\u00fcltiszt\u00edt\u00f3 k\u00e9sz\u00fcl\u00e9ket! A be\u00e9p\u00edtett kamera seg\u00edts\u00e9g\u00e9vel pontosan meghat\u00e1rozhatod a lerak\u00f3d\u00e1sok hely\u00e9t, az eszk\u00f6z fej\u00e9vel pedig k\u00f6nnyed\u00e9n elt\u00e1vol\u00edthatod azokat.Azt tudtad, hogy a f\u00fcled egy igen k\u00e9nyes r\u00e9sze testednek? Az orvosok p\u00e9ld\u00e1ul hat\u00e1rozottan nem aj\u00e1nlj\u00e1k a napi f\u00fcltiszt\u00edt\u00e1st. Egyr\u00e9szt az\u00e9rt nem, mert \u00edgy a hall\u00f3j\u00e1rat [&hellip;]<\/p>\n","protected":false},"featured_media":476069,"template":"","meta":{"_acf_changed":false},"product_brand":[],"product_cat":[1350,3374],"product_tag":[],"class_list":["post-476068","product","type-product","status-publish","has-post-thumbnail","product_cat-egeszseg","product_cat-home-sporteszkozok","first","instock","product-type-external"],"acf":[],"_links":{"self":[{"href":"https:\/\/horgaszhely.hu\/hun\/wp-json\/wp\/v2\/product\/476068","targetHints":{"allow":["GET"]}}],"collection":[{"href":"https:\/\/horgaszhely.hu\/hun\/wp-json\/wp\/v2\/product"}],"about":[{"href":"https:\/\/horgaszhely.hu\/hun\/wp-json\/wp\/v2\/types\/product"}],"wp:featuredmedia":[{"embeddable":true,"href":"https:\/\/horgaszhely.hu\/hun\/wp-json\/wp\/v2\/media\/476069"}],"wp:attachment":[{"href":"https:\/\/horgaszhely.hu\/hun\/wp-json\/wp\/v2\/media?parent=476068"}],"wp:term":[{"taxonomy":"product_brand","embeddable":true,"href":"https:\/\/horgaszhely.hu\/hun\/wp-json\/wp\/v2\/product_brand?post=476068"},{"taxonomy":"product_cat","embeddable":true,"href":"https:\/\/horgaszhely.hu\/hun\/wp-json\/wp\/v2\/product_cat?post=476068"},{"taxonomy":"product_tag","embeddable":true,"href":"https:\/\/horgaszhely.hu\/hun\/wp-json\/wp\/v2\/product_tag?post=476068"}],"curies":[{"name":"wp","href":"https:\/\/api.w.org\/{rel}","templated":true}]}}

Vezeték nélküli endoszkópos fültisztító készülék, otoszkóp

<p>LeírásTulajdonságokTartozékokTippek, trükkök<strong>Legyen a füled ismét tiszta és szennyeződésmentes, használd hozzá az endoszkópos fültisztító készüléket!</strong> A beépített kamera segítségével pontosan meghatározhatod a lerakódások helyét, az eszköz fejével pedig könnyedén eltávolíthatod azokat.Azt tudtad, hogy a füled egy igen kényes része testednek? <strong>Az orvosok például határozottan nem ajánlják a napi fültisztítást.</strong> Egyrészt azért nem, mert így a hallójárat egészségéért felelős <strong>fülzsír eltűnhet</strong>, kitéve azt a kiszáradásnak és a fertőzéseknek. Másrészt a rendszeres takarítás a hagyományos fültisztítókkal még több lerakódáshoz vezethet, és a <strong>fül eldugulhat</strong>.Azonban <strong>az sem jó, ha a megszokottnál ritkábban végzed el ezt a folyamatot</strong>, mondjuk évente egy alkalommal, ugyanis <strong>fülzsírdugó alakulhat ki, amely halláscsökkenéshez, fülfájáshoz és fülzúgáshoz vezethet</strong>.<strong>TULAJDONSÁGAI</strong>Ahhoz, hogy megtaláld az aranyközéputat és kíméletesen, valamint hatékonyan tartsd tisztán hallójáratod, érdemes kipróbálnod készülékünket. Tekintsd meg az alábbi tulajdonságait, amelyek által sokkal többet nyújt, mint hagyományos társai:<strong>– Beépített kamera + világítás:</strong> A henger alakú eszköz végén helyet kapott egy 5 MP felbontású kamera, valamint egy led világítás 6 db égővel. Ennek a párosításnak és a telefonra történő csatlakozásnak köszönhetően teljes nagyságában láthatod, milyen viszonyok uralkodnak a füled belsejében.<strong>– Szilikon fej:</strong> A kamera előtt helyezkedik el. Puha anyagából következően nem kell attól félned, hogy felsérted a füled és attól sem, hogy leválik róla 1-1 kisebb darab, mint a régimódi eszközök esetében. A fejek tisztántartása is könnyed, így nem kell tartanod a továbbfertőzéstől sem.<strong>– Mobilitás kompatibilitás:</strong> Beépített akkumulátorának köszönhetően nem vagy helyhez kötve, így bárhol, bármikor használhatod, akár 90 percen keresztül.<strong>– Védelem a környezeti hatások ellen:</strong> IP67 minősítéséből következően vízálló és ellenáll az egyéb szennyeződéseknek is.<strong>FÜLTISZTÍTÓ HASZNÁLATA</strong><strong>Először is fontos megjegyezni, annak ellenére, hogy ez egy otthon használható eszköz, mindig kérd háziorvosod, vagy egyéb szakértő segítségét!</strong>Amennyiben a telefonodon szeretnéd látni az élő képet, töltsd le a készülékhez tartozó alkalmazást az operációs rendszerednek megfelelően. Indítsd el, majd csatlakoztasd a már bekapcsolt otoszkópot (eszköz másik neve) mobilodhoz a beépített Wi-Fi port segítségével.A beüzemelés után, a szilikon fejjel előre helyezd a füledbe, majd a lehető legnagyobb körültekintéssel pásztázd a hallójáratod. Amennyiben látsz egy nagyobb fülzsírcsomót vagy egyéb szennyeződést, a szilikon fej mélyedésének segítségével emeld ki a helyéről, majd húzd ki az eszközt a füledből.Természetesen maximális higiénia mellett egyéb <strong>olyan tevékenységekhez is használható, mint a fogak átvizsgálása, a haj és a fejbőr ellenőrzése, esetleg a háziállatok szőrének és bőrének tanulmányozása.</strong><strong>FIZIKAI JELLEMZŐK</strong><strong>Az előbb említett erős akku mellett a könnyed hordozhatósághoz hozzájárul még a mindössze 14 cm-es magasság, 1,4 cm átmérő és a 21 grammos súly.</strong> Színe általában fehér, de mindig az aktuális raktárkészlet szerint szállítjuk. Ahogy fentebb írtuk a kamera 5 MP felbontású, a lencse pedig 4 mm átmérőjű. A csomagban megtalálható maga az eszköz, 4 db szilikon fej, USB kábel és a használati útmutató.<strong>A fül egészsége nem játék, ezért vedd komolyan!</strong>– Szín: aktuális raktárkészlet szerint– Készülék védelme: IP67– Akku teljesítménye: 240 mAh– Maximális üzemidő: 90 perc– Töltési idő: 70 perc– Kamera felbontása: 5 MP– Lencseátmérő: 4 mm– Fényforrás: 6 db LED– Méretek:</p>
<ul>
<li>Magasság: 14 cm</li>
<li>Átmérő: 1,4 cm</li>
</ul>
<p>– Súly: 21 g– 1 db fültisztító készülék– 4 db szilikon fej– USB-C kábel– Használati útmutatóNem kedveled a hagyományos fülpiszkálókat?Szeretnéd hatékonyan és higiénikusan tisztítani a füled?Ez az otoszkóp, másnéven endoszkópos fültisztító, nem csak ellenőrzi hallójárataid, de ki is takaríthatod azokat a segítségével. A kamera minden egyes négyzetmillimétert feltérképez a füledben, a szilikon fejek közreműködésével pedig rögtön el is tudod távolítani az oda nem illő anyagokat.Endoszkópos fültisztítóHatékony fültisztításUniverzális alkalmazásMilyen előnyei vannak?</p>
<ul>
<li>A teljes hallójárat feltérképezhető</li>
<li>Mindenféle szennyeződést eltávolíthat</li>
<li>Más testrészek, állatok esetén is használható</li>
</ul>
<p>Szerezd be készülékünket még ma és lépj be a fültisztítás 21. századába!MegveszemEzért fogod szeretni a terméket!Alább kiemeltük neked termékünk két legfontosabb tulajdonságát&#8221;Élő közvetítés&#8221;A beépített kamera, a csomagban megtalálható kábel, valamint egy telefon segítségével, azonnal láthatod a füled belsejét és az ott található lerakódásokat. Ennek következtében egyből tu</p>

<p>LeírásTulajdonságokTartozékokTippek, trükkökLegyen a füled ismét tiszta és szennyeződésmentes, használd hozzá az endoszkópos fültisztító készüléket! A beépített kamera segítségével pontosan meghatározhatod a lerakódások helyét, az eszköz fejével pedig könnyedén eltávolíthatod azokat.Azt tudtad, hogy a füled egy igen kényes része testednek? Az orvosok például határozottan nem ajánlják a napi fültisztítást. Egyrészt azért nem, mert így a hallójárat [&hellip;]</p>
