{"id":476070,"date":"2026-09-06T01:00:53","date_gmt":"2026-09-05T23:00:53","guid":{"rendered":"https:\/\/horgaszhely.hu\/hun\/termek\/relaxalo-masszazs-takaro-melengeto-es-regeneralo-hovibracioval\/"},"modified":"2026-09-06T01:00:57","modified_gmt":"2026-09-05T23:00:57","slug":"relaxalo-masszazs-takaro-melengeto-es-regeneralo-hovibracioval","status":"publish","type":"product","link":"https:\/\/horgaszhely.hu\/hun\/termek\/relaxalo-masszazs-takaro-melengeto-es-regeneralo-hovibracioval\/","title":{"rendered":"Relax\u00e1l\u00f3 massz\u00e1zs takar\u00f3 melenget\u0151 \u00e9s regener\u00e1l\u00f3 h\u0151vibr\u00e1ci\u00f3val"},"content":{"rendered":"<p>Le\u00edr\u00e1sTulajdons\u00e1gokTartoz\u00e9kokTippek, tr\u00fckk\u00f6k<strong>A massz\u00e1zs takar\u00f3 nem csak a tested \u00e9s lelked meleg\u00edti, de a s\u00e9r\u00fcl\u00e9seid gy\u00f3gyul\u00e1s\u00e1t is seg\u00edti. Csak kapcsold be, helyezd a k\u00edv\u00e1nt testr\u00e9szedre \u00e9s m\u00e1r \u00e9rz\u0151dik is a takar\u00f3 ereje.<\/strong>Azt tudtad, hogy a szervezeted gy\u00f3gyszerek n\u00e9lk\u00fcl is tudja gy\u00f3gy\u00edtani \u00f6nmag\u00e1t? Egy kis r\u00e1seg\u00edt\u00e9ssel pedig ez hatv\u00e1nyozottan igaz. Term\u00e9k\u00fcnk technol\u00f3gi\u00e1j\u00e1b\u00f3l ad\u00f3d\u00f3an nem csak felmeleg\u00edti tested, de a vibr\u00e1ci\u00f3s funkci\u00f3nak k\u00f6sz\u00f6nhet\u0151en massz\u00edrozza is. M\u00e1r az <strong>emelkedett h\u0151m\u00e9rs\u00e9klet is fellaz\u00edtja a sz\u00f6veteket, valamint jav\u00edtja a v\u00e9rkering\u00e9sed<\/strong> az adott ter\u00fcleten. A massz\u00e1zzsal kar\u00f6ltve viszont gyorsul az anyagcsere, ez\u00e1ltal <strong>oxig\u00e9nben \u00e9s t\u00e1panyagban d\u00fasabb lesz a v\u00e9red<\/strong> a f\u00e1jdalmas r\u00e9szeken. Ebb\u0151l ad\u00f3d\u00f3an <strong>fokoz\u00f3dik a regener\u00e1ci\u00f3, gyorsabb lesz a gy\u00f3gyul\u00e1s.<\/strong><strong>SEG\u00cdT A BAJBAN<\/strong>A k\u00e9t hat\u00e1s egyes\u00fclve sz\u00e1mos probl\u00e9m\u00e1don seg\u00edthet, amelyek t\u00f6bbek k\u00f6z\u00f6tt az al\u00e1bbiak lehetnek:\u2013 cs\u00f6kkentheti az izmok fesz\u00fclts\u00e9g\u00e9t, f\u00e1jdalm\u00e1t, valamint a g\u00f6rcs\u00f6ket\u2013 h\u00faz\u00f3d\u00e1sok, z\u00faz\u00f3d\u00e1sok is gyorsabban gy\u00f3gyulhatnak\u2013 \u00edz\u00fcleti \u00e9s mozg\u00e1sszervi bajokon is seg\u00edthet, mint p\u00e9ld\u00e1ul a nyak-, der\u00e9k-, vagy t\u00e9rdprobl\u00e9m\u00e1k\u2013 enyh\u00edtheti a gyomort\u00e1ji, hasi \u00e9s menstru\u00e1ci\u00f3s f\u00e1jdalmakat\u2013 a plusz meleg megh\u0171l\u00e9s \u00e9s influenza eset\u00e9n is seg\u00edthet\u2013 javulhat v\u00e9rkering\u00e9sed\u2013 cs\u00f6kkenhet stressz-szinted\u2013 relax\u00e1l\u00f3 hat\u00e1st fejt ki<strong>FONTOSABB TULAJDONS\u00c1GOK<\/strong>Az al\u00e1bbi list\u00e1ban \u00f6sszegy\u0171jtj\u00fck azokat a tulajdons\u00e1gokat, amelyek \u00e1ltal kifejti j\u00f3t\u00e9kony hat\u00e1sait, valamint praktikus haszn\u00e1latot biztos\u00edt:<strong>\u2013 2 az 1-ben:<\/strong> A m\u00e1r eml\u00edtett meleg\u00edt\u0151 \u00e9s massz\u00edroz\u00f3 funkci\u00f3 sz\u00e1mos el\u0151nnyel b\u00edr tested \u00e9s lelked tekintet\u00e9ben egyar\u00e1nt. Azonban, ha \u00fagy van kedved k\u00fcl\u00f6n-k\u00fcl\u00f6n is alkalmazhatod \u0151ket, s\u0151t az intenzit\u00e1sukat is saj\u00e1t ig\u00e9nyeid szerint \u00e1ll\u00edthatod.<strong>\u2013 Nagy m\u00e9ret:<\/strong> 60 cm hossz\u00fas\u00e1g\u00e1b\u00f3l ad\u00f3d\u00f3an az eg\u00e9sz h\u00e1tad beter\u00edti, vagy mindk\u00e9t l\u00e1bad, \u00edgy egy kezel\u00e9s sor\u00e1n, ak\u00e1r t\u00f6bb testr\u00e9szeden is alkalmazhatod.<strong>\u2013 Puha anyag:<\/strong> Komfortos sz\u00f6vet k\u00fclseje m\u00e1r akkor megnyugtat \u00e9s melenget, ha csak hozz\u00e1\u00e9rsz m\u00e9g haszn\u00e1lat el\u0151tt.<strong>\u2013 Mindig k\u00e9zn\u00e9l lehet:<\/strong> Alkalmaz\u00e1sa ut\u00e1n egyszer\u0171en \u00f6sszetekerheted, majd a kis hordt\u00e1sk\u00e1ba behelyezheted. M\u00e1r ebb\u0151l kifoly\u00f3lag is k\u00f6nnyen magaddal viheted, de a hossz\u00fa k\u00e1bel seg\u00edts\u00e9g\u00e9vel a szob\u00e1n, vagy az irod\u00e1n bel\u00fcl is b\u00e1rhol haszn\u00e1lhatod.<strong>ALKALMAZ\u00c1SA<\/strong><strong>Bekapcsol\u00e1s ut\u00e1n \u00e9rdemes f\u00e9lbehajtani, majd k\u00e9t percig meleg\u00edteni \u00e9s csak ezut\u00e1n a testedre helyezni, m\u00e9gpedig a vil\u00e1gossz\u00fcrke oldal\u00e1t.<\/strong> A massz\u00e1zs \u00e9s a meleg\u00edt\u0151 funkci\u00f3 is <strong>3-3 fokozattal rendelkezik<\/strong>, amelyeket egyszerre \u00e9s k\u00fcl\u00f6n-k\u00fcl\u00f6n is tudsz \u00e1ll\u00edtani. Haszn\u00e1lati ideje nincs korl\u00e1tozva, de 10-15 perc alkalmaz\u00e1s el\u00e9g lehet 1-1 testr\u00e9szen. <strong>Amennyiben elfelejten\u00e9d kikapcsolni, a k\u00e9sz\u00fcl\u00e9k 2 \u00f3ra eltelte ut\u00e1n ezt megteszi helyetted.<\/strong><strong>FIZIKAI JELLEMZ\u0150K<\/strong>A massz\u00e1zs takar\u00f3 60\u00d730 cm-es m\u00e9ret\u00e9vel hatalmas ter\u00fcletet fed le a testeden. Ennek ellen\u00e9re k\u00f6nnyen \u00f6sszehajthat\u00f3, majd a k\u00e9szletben tal\u00e1lhat\u00f3 t\u00e1sk\u00e1ba elpakolhat\u00f3. S\u00falya 870 gramm, \u00edgy <strong>k\u00f6nnyen hordozhat\u00f3<\/strong>. Anyaga puha sz\u00f6vet. Az energi\u00e1t pedig az 1 m\u00e9ter hossz\u00fa h\u00e1l\u00f3zati k\u00e1bel biztos\u00edtja.<strong>Szerezd be m\u00e9g ma term\u00e9k\u00fcnket, \u00e9s seg\u00edt\u00fcnk neked, hogy tested-lelked nyugodt, f\u00e1jdalmakt\u00f3l mentes legyen!<\/strong>\u2013 Sz\u00edn: sz\u00fcrke\u2013 Anyag: sz\u00f6vet\u2013 Energiaforr\u00e1s: h\u00e1l\u00f3zati\u2013 M\u00e9retek:<\/p>\n<ul>\n<li>Hossz\u00fas\u00e1g: 60 cm<\/li>\n<li>Sz\u00e9less\u00e9g: 32 cm<\/li>\n<li>Magass\u00e1g: 3 cm<\/li>\n<\/ul>\n<p>\u2013 S\u00faly: 870 g\u2013 1 db massz\u00e1zs takar\u00f3\u2013 1 db hordoz\u00f3 t\u00e1skaTe sem szereted a hideg reggeleket \u00e9s a h\u0171v\u00f6s \u00e9jszak\u00e1kat?J\u00f3l j\u00f6nne valami, amely egyszerre felmeleg\u00edt \u00e9s a f\u00e1jdalmad is csillap\u00edtja?A vibr\u00e1ci\u00f3s massz\u00e1zs takar\u00f3nk nem csak f\u0171thet\u0151, de massz\u00edrozza is a tested. Haszn\u00e1ld a h\u00e1tadon, hasadon, karodon vagy l\u00e1badon, a meleg \u00e9s a vibr\u00e1ci\u00f3 egy\u00fcttes hat\u00e1sa ellaz\u00edt \u00e9s gy\u00f3gy\u00edtja tested, lelked egyar\u00e1nt.Relax\u00e1l\u00f3 massz\u00e1zs takar\u00f3Maxim\u00e1lis relax\u00e1ci\u00f3Ellaz\u00edtja az eg\u00e9sz testetMilyen el\u0151nyei vannak?<\/p>\n<ul>\n<li>Massz\u00e1zs \u00e9s meleg\u00edt\u0151 funkci\u00f3 egyben<\/li>\n<li>\u00c1ll\u00edthat\u00f3 intenzit\u00e1si fokozatok<\/li>\n<li>B\u00e1rhol, b\u00e1rmikor haszn\u00e1lhat\u00f3<\/li>\n<\/ul>\n<p>Szerezd be most meleg\u00edt\u0151 \u00e9s izomregener\u00e1l\u00f3 massz\u00e1zs takar\u00f3nkat verhetetlen \u00e1ron!MegveszemEz\u00e9rt fogod szeretni a term\u00e9ket!Az al\u00e1bbi tulajdons\u00e1gok m\u00e9g ink\u00e1bb maximaliz\u00e1lj\u00e1k a relax \u00e9lm\u00e9nytNagy m\u00e9retA takar\u00f3 60 cm hossz\u00fa \u00e9s 32 cm sz\u00e9les. Ez pont elegend\u0151 ahhoz, hogy egyszerre massz\u00edrozd az eg\u00e9sz h\u00e1tad, vagy ak\u00e1r mindk\u00e9t l\u00e1bad.Puha sz\u00f6vetA term\u00e9k alkot\u00f3i a meleg\u00edt\u0151 \u00e9s a massz\u00e1zs funkci\u00f3 mellett kiemelt figyelmet ford\u00edtottak az anyagfelhaszn\u00e1l\u00e1sra is. A puha sz\u00f6vet m\u00e1r \u00f6nmag\u00e1ban nyugtat\u00f3 hat\u00e1ssal lesz r\u00e1d.V\u00e1s\u00e1rl\u00f3ink visszajelz\u00e9seiA h\u0171v\u00f6s reggeleken nagyon j\u00f3 szolg\u00e1latot tesz. Mivel home office-ban dolgozom \u00e9s keveset mozgom napk\u00f6zben, az a plusz meleg, egyben sok energi\u00e1t is ad nekem.V. KatalinNem vagyok m\u00e1r egy mai gyerek, \u00edgy a sok s\u00e9t\u00e1t\u00f3l kik\u00e9sz\u00fcl a l\u00e1bam. A f\u00e1jdalom \u00e9s a neh\u00e9zl\u00e1b \u00e9rz\u00e9s kik\u00fcsz\u00f6b\u00f6l\u00e9s\u00e9re szereztem be a term\u00e9ket. El\u00e9g est\u00e9nk\u00e9nt 15-20 perc \u00e9s m\u00e1ris k\u00f6nnyebb lesz a j\u00e1r\u00e1som,<\/p>\n","protected":false},"excerpt":{"rendered":"<p>Le\u00edr\u00e1sTulajdons\u00e1gokTartoz\u00e9kokTippek, tr\u00fckk\u00f6kA massz\u00e1zs takar\u00f3 nem csak a tested \u00e9s lelked meleg\u00edti, de a s\u00e9r\u00fcl\u00e9seid gy\u00f3gyul\u00e1s\u00e1t is seg\u00edti. Csak kapcsold be, helyezd a k\u00edv\u00e1nt testr\u00e9szedre \u00e9s m\u00e1r \u00e9rz\u0151dik is a takar\u00f3 ereje.Azt tudtad, hogy a szervezeted gy\u00f3gyszerek n\u00e9lk\u00fcl is tudja gy\u00f3gy\u00edtani \u00f6nmag\u00e1t? Egy kis r\u00e1seg\u00edt\u00e9ssel pedig ez hatv\u00e1nyozottan igaz. Term\u00e9k\u00fcnk technol\u00f3gi\u00e1j\u00e1b\u00f3l ad\u00f3d\u00f3an nem csak felmeleg\u00edti tested, [&hellip;]<\/p>\n","protected":false},"featured_media":476071,"template":"","meta":{"_acf_changed":false},"product_brand":[],"product_cat":[1350,3374],"product_tag":[],"class_list":["post-476070","product","type-product","status-publish","has-post-thumbnail","product_cat-egeszseg","product_cat-home-sporteszkozok","first","instock","product-type-external"],"acf":[],"_links":{"self":[{"href":"https:\/\/horgaszhely.hu\/hun\/wp-json\/wp\/v2\/product\/476070","targetHints":{"allow":["GET"]}}],"collection":[{"href":"https:\/\/horgaszhely.hu\/hun\/wp-json\/wp\/v2\/product"}],"about":[{"href":"https:\/\/horgaszhely.hu\/hun\/wp-json\/wp\/v2\/types\/product"}],"wp:featuredmedia":[{"embeddable":true,"href":"https:\/\/horgaszhely.hu\/hun\/wp-json\/wp\/v2\/media\/476071"}],"wp:attachment":[{"href":"https:\/\/horgaszhely.hu\/hun\/wp-json\/wp\/v2\/media?parent=476070"}],"wp:term":[{"taxonomy":"product_brand","embeddable":true,"href":"https:\/\/horgaszhely.hu\/hun\/wp-json\/wp\/v2\/product_brand?post=476070"},{"taxonomy":"product_cat","embeddable":true,"href":"https:\/\/horgaszhely.hu\/hun\/wp-json\/wp\/v2\/product_cat?post=476070"},{"taxonomy":"product_tag","embeddable":true,"href":"https:\/\/horgaszhely.hu\/hun\/wp-json\/wp\/v2\/product_tag?post=476070"}],"curies":[{"name":"wp","href":"https:\/\/api.w.org\/{rel}","templated":true}]}}

Relaxáló masszázs takaró melengető és regeneráló hővibrációval

<p>LeírásTulajdonságokTartozékokTippek, trükkök<strong>A masszázs takaró nem csak a tested és lelked melegíti, de a sérüléseid gyógyulását is segíti. Csak kapcsold be, helyezd a kívánt testrészedre és már érződik is a takaró ereje.</strong>Azt tudtad, hogy a szervezeted gyógyszerek nélkül is tudja gyógyítani önmagát? Egy kis rásegítéssel pedig ez hatványozottan igaz. Termékünk technológiájából adódóan nem csak felmelegíti tested, de a vibrációs funkciónak köszönhetően masszírozza is. Már az <strong>emelkedett hőmérséklet is fellazítja a szöveteket, valamint javítja a vérkeringésed</strong> az adott területen. A masszázzsal karöltve viszont gyorsul az anyagcsere, ezáltal <strong>oxigénben és tápanyagban dúsabb lesz a véred</strong> a fájdalmas részeken. Ebből adódóan <strong>fokozódik a regeneráció, gyorsabb lesz a gyógyulás.</strong><strong>SEGÍT A BAJBAN</strong>A két hatás egyesülve számos problémádon segíthet, amelyek többek között az alábbiak lehetnek:– csökkentheti az izmok feszültségét, fájdalmát, valamint a görcsöket– húzódások, zúzódások is gyorsabban gyógyulhatnak– ízületi és mozgásszervi bajokon is segíthet, mint például a nyak-, derék-, vagy térdproblémák– enyhítheti a gyomortáji, hasi és menstruációs fájdalmakat– a plusz meleg meghűlés és influenza esetén is segíthet– javulhat vérkeringésed– csökkenhet stressz-szinted– relaxáló hatást fejt ki<strong>FONTOSABB TULAJDONSÁGOK</strong>Az alábbi listában összegyűjtjük azokat a tulajdonságokat, amelyek által kifejti jótékony hatásait, valamint praktikus használatot biztosít:<strong>– 2 az 1-ben:</strong> A már említett melegítő és masszírozó funkció számos előnnyel bír tested és lelked tekintetében egyaránt. Azonban, ha úgy van kedved külön-külön is alkalmazhatod őket, sőt az intenzitásukat is saját igényeid szerint állíthatod.<strong>– Nagy méret:</strong> 60 cm hosszúságából adódóan az egész hátad beteríti, vagy mindkét lábad, így egy kezelés során, akár több testrészeden is alkalmazhatod.<strong>– Puha anyag:</strong> Komfortos szövet külseje már akkor megnyugtat és melenget, ha csak hozzáérsz még használat előtt.<strong>– Mindig kéznél lehet:</strong> Alkalmazása után egyszerűen összetekerheted, majd a kis hordtáskába behelyezheted. Már ebből kifolyólag is könnyen magaddal viheted, de a hosszú kábel segítségével a szobán, vagy az irodán belül is bárhol használhatod.<strong>ALKALMAZÁSA</strong><strong>Bekapcsolás után érdemes félbehajtani, majd két percig melegíteni és csak ezután a testedre helyezni, mégpedig a világosszürke oldalát.</strong> A masszázs és a melegítő funkció is <strong>3-3 fokozattal rendelkezik</strong>, amelyeket egyszerre és külön-külön is tudsz állítani. Használati ideje nincs korlátozva, de 10-15 perc alkalmazás elég lehet 1-1 testrészen. <strong>Amennyiben elfelejtenéd kikapcsolni, a készülék 2 óra eltelte után ezt megteszi helyetted.</strong><strong>FIZIKAI JELLEMZŐK</strong>A masszázs takaró 60×30 cm-es méretével hatalmas területet fed le a testeden. Ennek ellenére könnyen összehajtható, majd a készletben található táskába elpakolható. Súlya 870 gramm, így <strong>könnyen hordozható</strong>. Anyaga puha szövet. Az energiát pedig az 1 méter hosszú hálózati kábel biztosítja.<strong>Szerezd be még ma termékünket, és segítünk neked, hogy tested-lelked nyugodt, fájdalmaktól mentes legyen!</strong>– Szín: szürke– Anyag: szövet– Energiaforrás: hálózati– Méretek:</p>
<ul>
<li>Hosszúság: 60 cm</li>
<li>Szélesség: 32 cm</li>
<li>Magasság: 3 cm</li>
</ul>
<p>– Súly: 870 g– 1 db masszázs takaró– 1 db hordozó táskaTe sem szereted a hideg reggeleket és a hűvös éjszakákat?Jól jönne valami, amely egyszerre felmelegít és a fájdalmad is csillapítja?A vibrációs masszázs takarónk nem csak fűthető, de masszírozza is a tested. Használd a hátadon, hasadon, karodon vagy lábadon, a meleg és a vibráció együttes hatása ellazít és gyógyítja tested, lelked egyaránt.Relaxáló masszázs takaróMaximális relaxációEllazítja az egész testetMilyen előnyei vannak?</p>
<ul>
<li>Masszázs és melegítő funkció egyben</li>
<li>Állítható intenzitási fokozatok</li>
<li>Bárhol, bármikor használható</li>
</ul>
<p>Szerezd be most melegítő és izomregeneráló masszázs takarónkat verhetetlen áron!MegveszemEzért fogod szeretni a terméket!Az alábbi tulajdonságok még inkább maximalizálják a relax élménytNagy méretA takaró 60 cm hosszú és 32 cm széles. Ez pont elegendő ahhoz, hogy egyszerre masszírozd az egész hátad, vagy akár mindkét lábad.Puha szövetA termék alkotói a melegítő és a masszázs funkció mellett kiemelt figyelmet fordítottak az anyagfelhasználásra is. A puha szövet már önmagában nyugtató hatással lesz rád.Vásárlóink visszajelzéseiA hűvös reggeleken nagyon jó szolgálatot tesz. Mivel home office-ban dolgozom és keveset mozgom napközben, az a plusz meleg, egyben sok energiát is ad nekem.V. KatalinNem vagyok már egy mai gyerek, így a sok sétától kikészül a lábam. A fájdalom és a nehézláb érzés kiküszöbölésére szereztem be a terméket. Elég esténként 15-20 perc és máris könnyebb lesz a járásom,</p>

<p>LeírásTulajdonságokTartozékokTippek, trükkökA masszázs takaró nem csak a tested és lelked melegíti, de a sérüléseid gyógyulását is segíti. Csak kapcsold be, helyezd a kívánt testrészedre és már érződik is a takaró ereje.Azt tudtad, hogy a szervezeted gyógyszerek nélkül is tudja gyógyítani önmagát? Egy kis rásegítéssel pedig ez hatványozottan igaz. Termékünk technológiájából adódóan nem csak felmelegíti tested, [&hellip;]</p>
