{"id":476638,"date":"2026-08-29T19:49:27","date_gmt":"2026-08-29T17:49:27","guid":{"rendered":"https:\/\/horgaszhely.hu\/hun\/termek\/konjac-szivacs-fekete\/"},"modified":"2026-08-29T19:49:34","modified_gmt":"2026-08-29T17:49:34","slug":"konjac-szivacs-fekete","status":"publish","type":"product","link":"https:\/\/horgaszhely.hu\/hun\/termek\/konjac-szivacs-fekete\/","title":{"rendered":"Konjac szivacs &#8211; Fekete"},"content":{"rendered":"<p>100%-ban term\u00e9szetes konjac szivacs a konjac gy\u00f6k\u00e9r n\u00f6v\u00e9nyi rostjaib\u00f3l \u2014 fekete v\u00e1ltozatban. Jap\u00e1nban m\u00e1r t\u00f6bb mint 100 \u00e9ve haszn\u00e1lj\u00e1k: puha text\u00far\u00e1ja miatt eredetileg az \u00fajsz\u00fcl\u00f6ttek f\u00fcrdet\u00e9s\u00e9hez is alkalmazt\u00e1k. Gyeng\u00e9d arctiszt\u00edt\u00e1s m\u00e9g a leg\u00e9rz\u00e9kenyebb b\u0151rre is.Puha, selymes text\u00fara, amely k\u00edm\u00e9letesen tiszt\u00edtFinoman h\u00e1mlaszt \u00e9s friss\u00edti a b\u0151rt100% n\u00f6v\u00e9nyi eredet\u0171, biol\u00f3giailag leboml\u00f3\u00d6nmag\u00e1ban, csak v\u00edzzel is haszn\u00e1lhat\u00f3Haszn\u00e1lat: \u00c1ztasd a szivacsot langyos v\u00edzbe, am\u00edg megpuhul, majd k\u00f6rk\u00f6r\u00f6s mozdulatokkal massz\u00edrozd \u00e1t az arcb\u0151rt \u2014 \u00f6nmag\u00e1ban vagy kev\u00e9s tiszt\u00edt\u00f3g\u00e9llel. Haszn\u00e1lat ut\u00e1n \u00f6bl\u00edtsd ki, \u00e9s hagyd megsz\u00e1radni.<\/p>\n","protected":false},"excerpt":{"rendered":"<p>100%-ban term\u00e9szetes konjac szivacs a konjac gy\u00f6k\u00e9r n\u00f6v\u00e9nyi rostjaib\u00f3l \u2014 fekete v\u00e1ltozatban. Jap\u00e1nban m\u00e1r t\u00f6bb mint 100 \u00e9ve haszn\u00e1lj\u00e1k: puha text\u00far\u00e1ja miatt eredetileg az \u00fajsz\u00fcl\u00f6ttek f\u00fcrdet\u00e9s\u00e9hez is alkalmazt\u00e1k. Gyeng\u00e9d arctiszt\u00edt\u00e1s m\u00e9g a leg\u00e9rz\u00e9kenyebb b\u0151rre is.Puha, selymes text\u00fara, amely k\u00edm\u00e9letesen tiszt\u00edtFinoman h\u00e1mlaszt \u00e9s friss\u00edti a b\u0151rt100% n\u00f6v\u00e9nyi eredet\u0171, biol\u00f3giailag leboml\u00f3\u00d6nmag\u00e1ban, csak v\u00edzzel is haszn\u00e1lhat\u00f3Haszn\u00e1lat: \u00c1ztasd a [&hellip;]<\/p>\n","protected":false},"featured_media":476639,"template":"","meta":{"_acf_changed":false},"product_brand":[],"product_cat":[3415,3414,3380],"product_tag":[],"class_list":["post-476638","product","type-product","status-publish","has-post-thumbnail","product_cat-kozmetikai-kiegeszitok","product_cat-panakeia-naturkozmetikumok","product_cat-termeszetes-kozmetikumok","first","instock","product-type-external"],"acf":[],"_links":{"self":[{"href":"https:\/\/horgaszhely.hu\/hun\/wp-json\/wp\/v2\/product\/476638","targetHints":{"allow":["GET"]}}],"collection":[{"href":"https:\/\/horgaszhely.hu\/hun\/wp-json\/wp\/v2\/product"}],"about":[{"href":"https:\/\/horgaszhely.hu\/hun\/wp-json\/wp\/v2\/types\/product"}],"wp:featuredmedia":[{"embeddable":true,"href":"https:\/\/horgaszhely.hu\/hun\/wp-json\/wp\/v2\/media\/476639"}],"wp:attachment":[{"href":"https:\/\/horgaszhely.hu\/hun\/wp-json\/wp\/v2\/media?parent=476638"}],"wp:term":[{"taxonomy":"product_brand","embeddable":true,"href":"https:\/\/horgaszhely.hu\/hun\/wp-json\/wp\/v2\/product_brand?post=476638"},{"taxonomy":"product_cat","embeddable":true,"href":"https:\/\/horgaszhely.hu\/hun\/wp-json\/wp\/v2\/product_cat?post=476638"},{"taxonomy":"product_tag","embeddable":true,"href":"https:\/\/horgaszhely.hu\/hun\/wp-json\/wp\/v2\/product_tag?post=476638"}],"curies":[{"name":"wp","href":"https:\/\/api.w.org\/{rel}","templated":true}]}}

<p>100%-ban természetes konjac szivacs a konjac gyökér növényi rostjaiból — fekete változatban. Japánban már több mint 100 éve használják: puha textúrája miatt eredetileg az újszülöttek fürdetéséhez is alkalmazták. Gyengéd arctisztítás még a legérzékenyebb bőrre is.Puha, selymes textúra, amely kíméletesen tisztítFinoman hámlaszt és frissíti a bőrt100% növényi eredetű, biológiailag lebomlóÖnmagában, csak vízzel is használhatóHasználat: Áztasd a szivacsot langyos vízbe, amíg megpuhul, majd körkörös mozdulatokkal masszírozd át az arcbőrt — önmagában vagy kevés tisztítógéllel. Használat után öblítsd ki, és hagyd megszáradni.</p>

<p>100%-ban természetes konjac szivacs a konjac gyökér növényi rostjaiból — fekete változatban. Japánban már több mint 100 éve használják: puha textúrája miatt eredetileg az újszülöttek fürdetéséhez is alkalmazták. Gyengéd arctisztítás még a legérzékenyebb bőrre is.Puha, selymes textúra, amely kíméletesen tisztítFinoman hámlaszt és frissíti a bőrt100% növényi eredetű, biológiailag lebomlóÖnmagában, csak vízzel is használhatóHasználat: Áztasd a [&hellip;]</p>
