{"id":476648,"date":"2026-08-29T19:49:27","date_gmt":"2026-08-29T17:49:27","guid":{"rendered":"https:\/\/horgaszhely.hu\/hun\/termek\/cedrusolaj-cedrusgyantaval-20-100-ml\/"},"modified":"2026-08-29T19:49:45","modified_gmt":"2026-08-29T17:49:45","slug":"cedrusolaj-cedrusgyantaval-20-100-ml","status":"publish","type":"product","link":"https:\/\/horgaszhely.hu\/hun\/termek\/cedrusolaj-cedrusgyantaval-20-100-ml\/","title":{"rendered":"C\u00e9drusolaj c\u00e9drusgyant\u00e1val 20% 100 ml"},"content":{"rendered":"<p>v<br \/>\nHat\u00e1sok:<br \/>\nEr\u0151s antimikrobi\u00e1lis, v\u00edrusellenes, bakt\u00e9rium\u00f6l\u0151, fert\u0151tlen\u00edt\u0151 hat\u00e1s\u00fa, er\u0151s antioxid\u00e1ns, helyre\u00e1ll\u00edtja a sejtek v\u00e9d\u0151 funkci\u00f3j\u00e1t, megtiszt\u00edtja a szervezetet a m\u00e9reganyagokt\u00f3l, gyullad\u00e1scs\u00f6kkent\u0151 hat\u00e1s\u00fa, el\u0151seg\u00edti a v\u00e9rk\u00e9pz\u0151d\u00e9st, jav\u00edtja a b\u0151r \u00e1llapot\u00e1t (feszes\u00edti \u00e9s helyre\u00e1ll\u00edtja), regener\u00e1lja a b\u0151rsz\u00f6veteket , kiv\u00e1l\u00f3an alkalmas minden b\u0151rbetegs\u00e9g, ekc\u00e9ma, seb, heg, akne, el\u0151seg\u00edti az agyi \u00e9s perif\u00e9ri\u00e1s v\u00e9rkering\u00e9st,<\/p>\n<p>vissz\u00e9r, jav\u00edtja az oxig\u00e9ncser\u00e9t a v\u00e9rsz\u00f6vetekben, reuma, k\u00f6szv\u00e9ny, \u00edz\u00fcleti gyullad\u00e1s, arany\u00e9r, prosztata serkenti \u00e9s helyre\u00e1ll\u00edtja az anyagcsere folyamatokat, gy\u00f3gy\u00edtja a herpeszt, szkler\u00f3zis multiplexet, idegbetegs\u00e9geket, jav\u00edtja a kr\u00f3nikus f\u00e1radts\u00e1g szindr\u00f3m\u00e1t, jav\u00edtja az immunrendszert \u00e9s a fizikai teljes\u00edtm\u00e9nyt, h\u00f6rghurut, asztma, mandulagyullad\u00e1s, f\u00fclgyullad\u00e1s, arc\u00fcreggyullad\u00e1s, parodontitis, fogtiszt\u00edt\u00e1s.<\/p>\n<p>V\u00e9di a b\u0151rt az \u00f6reged\u00e9st\u0151l \u00e9s sz\u00e9pen feszes\u00edti, f\u00fcrd\u0151h\u00f6z adva, elt\u00fcnteti a finom r\u00e1ncokat, megel\u0151zi a pattan\u00e1sokat, \u00ednygyullad\u00e1st, torokf\u00e1j\u00e1st, fert\u0151tlen\u00edti a sebeket \u00e9s sebek, felfekv\u00e9sek, \u00e9g\u00e9si s\u00e9r\u00fcl\u00e9sek, t\u0151gygyullad\u00e1s, gomba, n\u0151i betegs\u00e9gek, gyullad\u00e1scs\u00f6kkent\u0151 \u00e9s bakt\u00e9rium\u00f6l\u0151 hat\u00e1s\u00fa, enyh\u00edti a narancsb\u0151rt.<\/p>\n<p>Korp\u00e1sod\u00e1s, hajhull\u00e1s &#8211; 250 ml samponhoz adjunk 1 ev\u0151kan\u00e1l c\u00e9drusgyant\u00e1t, \u00e9s mossunk hajat a szok\u00e1sos m\u00f3don. El\u0151sz\u00f6r egy h\u00e9tig minden nap, majd hetente 2 alkalommal. Haj- \u00e9s b\u0151rpakol\u00e1st is tehet\u00fcnk, hagyjuk rajta 1 \u00f3r\u00e1n \u00e1t, majd \u00f6bl\u00edts\u00fck le meleg v\u00edzzel.<\/p>\n<p>Em\u00e9szt\u0151rendszeri betegs\u00e9gek : sikeresen kezeli a vastagb\u00e9lgyullad\u00e1st, gyomor, m\u00e1j, epeh\u00f3lyag, b\u00e9lhurut, tiszt\u00edtja a beleket, hasny\u00e1lmirigyet, ves\u00e9t, oldja az epek\u00f6vet \u00e9s vesek\u00f6vet, tiszt\u00edtja az ereket a lerak\u00f3d\u00e1sokt\u00f3l haszn\u00e1lhatjuk b\u0151r- \u00e9s test\u00e1pol\u00f3 kr\u00e9m helyett.<\/p>\n<p>K\u00fcls\u0151 haszn\u00e1lat: b\u0151rre is alkalmazhat\u00f3 massz\u00e1zs sor\u00e1n, samponokban, kr\u00e9mekben.<br \/>\nFigyelmeztet\u00e9s: egy\u00e9ni allergia b\u00e1rmelyik \u00f6sszetev\u0151re, terhess\u00e9g \u00e9s szoptat\u00e1s alatt nem alkalmazhat\u00f3.<br \/>\nT\u00e1rol\u00e1si felt\u00e9telek: s\u00f6t\u00e9t helyen, 0\u00b0C &#8211; +10\u00b0C h\u0151m\u00e9rs\u00e9kleten, gyermekek el\u0151l elz\u00e1rva t\u00e1rolja. Enyhe \u00fcleped\u00e9s nem akad\u00e1lya<br \/>\n\u00d6sszetev\u0151k: c\u00e9drus di\u00f3olaj, c\u00e9drus gyanta<br \/>\nSz\u00e1rmaz\u00e1si orsz\u00e1g: RU<br \/>\nT\u00e9rfogat: 100ml<\/p>\n","protected":false},"excerpt":{"rendered":"<p>v Hat\u00e1sok: Er\u0151s antimikrobi\u00e1lis, v\u00edrusellenes, bakt\u00e9rium\u00f6l\u0151, fert\u0151tlen\u00edt\u0151 hat\u00e1s\u00fa, er\u0151s antioxid\u00e1ns, helyre\u00e1ll\u00edtja a sejtek v\u00e9d\u0151 funkci\u00f3j\u00e1t, megtiszt\u00edtja a szervezetet a m\u00e9reganyagokt\u00f3l, gyullad\u00e1scs\u00f6kkent\u0151 hat\u00e1s\u00fa, el\u0151seg\u00edti a v\u00e9rk\u00e9pz\u0151d\u00e9st, jav\u00edtja a b\u0151r \u00e1llapot\u00e1t (feszes\u00edti \u00e9s helyre\u00e1ll\u00edtja), regener\u00e1lja a b\u0151rsz\u00f6veteket , kiv\u00e1l\u00f3an alkalmas minden b\u0151rbetegs\u00e9g, ekc\u00e9ma, seb, heg, akne, el\u0151seg\u00edti az agyi \u00e9s perif\u00e9ri\u00e1s v\u00e9rkering\u00e9st, vissz\u00e9r, jav\u00edtja az oxig\u00e9ncser\u00e9t a [&hellip;]<\/p>\n","protected":false},"featured_media":476649,"template":"","meta":{"_acf_changed":false},"product_brand":[],"product_cat":[3418,3416,3417,3380],"product_tag":[],"class_list":["post-476648","product","type-product","status-publish","has-post-thumbnail","product_cat-altaji-bio-olajok","product_cat-egeszseg-termeszetes-kozmetikumok","product_cat-elelmiszerek-es-italok","product_cat-termeszetes-kozmetikumok","first","instock","product-type-external"],"acf":[],"_links":{"self":[{"href":"https:\/\/horgaszhely.hu\/hun\/wp-json\/wp\/v2\/product\/476648","targetHints":{"allow":["GET"]}}],"collection":[{"href":"https:\/\/horgaszhely.hu\/hun\/wp-json\/wp\/v2\/product"}],"about":[{"href":"https:\/\/horgaszhely.hu\/hun\/wp-json\/wp\/v2\/types\/product"}],"wp:featuredmedia":[{"embeddable":true,"href":"https:\/\/horgaszhely.hu\/hun\/wp-json\/wp\/v2\/media\/476649"}],"wp:attachment":[{"href":"https:\/\/horgaszhely.hu\/hun\/wp-json\/wp\/v2\/media?parent=476648"}],"wp:term":[{"taxonomy":"product_brand","embeddable":true,"href":"https:\/\/horgaszhely.hu\/hun\/wp-json\/wp\/v2\/product_brand?post=476648"},{"taxonomy":"product_cat","embeddable":true,"href":"https:\/\/horgaszhely.hu\/hun\/wp-json\/wp\/v2\/product_cat?post=476648"},{"taxonomy":"product_tag","embeddable":true,"href":"https:\/\/horgaszhely.hu\/hun\/wp-json\/wp\/v2\/product_tag?post=476648"}],"curies":[{"name":"wp","href":"https:\/\/api.w.org\/{rel}","templated":true}]}}

Cédrusolaj cédrusgyantával 20% 100 ml

<p>v<br />
Hatások:<br />
Erős antimikrobiális, vírusellenes, baktériumölő, fertőtlenítő hatású, erős antioxidáns, helyreállítja a sejtek védő funkcióját, megtisztítja a szervezetet a méreganyagoktól, gyulladáscsökkentő hatású, elősegíti a vérképződést, javítja a bőr állapotát (feszesíti és helyreállítja), regenerálja a bőrszöveteket , kiválóan alkalmas minden bőrbetegség, ekcéma, seb, heg, akne, elősegíti az agyi és perifériás vérkeringést,</p>
<p>visszér, javítja az oxigéncserét a vérszövetekben, reuma, köszvény, ízületi gyulladás, aranyér, prosztata serkenti és helyreállítja az anyagcsere folyamatokat, gyógyítja a herpeszt, szklerózis multiplexet, idegbetegségeket, javítja a krónikus fáradtság szindrómát, javítja az immunrendszert és a fizikai teljesítményt, hörghurut, asztma, mandulagyulladás, fülgyulladás, arcüreggyulladás, parodontitis, fogtisztítás.</p>
<p>Védi a bőrt az öregedéstől és szépen feszesíti, fürdőhöz adva, eltünteti a finom ráncokat, megelőzi a pattanásokat, ínygyulladást, torokfájást, fertőtleníti a sebeket és sebek, felfekvések, égési sérülések, tőgygyulladás, gomba, női betegségek, gyulladáscsökkentő és baktériumölő hatású, enyhíti a narancsbőrt.</p>
<p>Korpásodás, hajhullás &#8211; 250 ml samponhoz adjunk 1 evőkanál cédrusgyantát, és mossunk hajat a szokásos módon. Először egy hétig minden nap, majd hetente 2 alkalommal. Haj- és bőrpakolást is tehetünk, hagyjuk rajta 1 órán át, majd öblítsük le meleg vízzel.</p>
<p>Emésztőrendszeri betegségek : sikeresen kezeli a vastagbélgyulladást, gyomor, máj, epehólyag, bélhurut, tisztítja a beleket, hasnyálmirigyet, vesét, oldja az epekövet és vesekövet, tisztítja az ereket a lerakódásoktól használhatjuk bőr- és testápoló krém helyett.</p>
<p>Külső használat: bőrre is alkalmazható masszázs során, samponokban, krémekben.<br />
Figyelmeztetés: egyéni allergia bármelyik összetevőre, terhesség és szoptatás alatt nem alkalmazható.<br />
Tárolási feltételek: sötét helyen, 0°C &#8211; +10°C hőmérsékleten, gyermekek elől elzárva tárolja. Enyhe ülepedés nem akadálya<br />
Összetevők: cédrus dióolaj, cédrus gyanta<br />
Származási ország: RU<br />
Térfogat: 100ml</p>

<p>v Hatások: Erős antimikrobiális, vírusellenes, baktériumölő, fertőtlenítő hatású, erős antioxidáns, helyreállítja a sejtek védő funkcióját, megtisztítja a szervezetet a méreganyagoktól, gyulladáscsökkentő hatású, elősegíti a vérképződést, javítja a bőr állapotát (feszesíti és helyreállítja), regenerálja a bőrszöveteket , kiválóan alkalmas minden bőrbetegség, ekcéma, seb, heg, akne, elősegíti az agyi és perifériás vérkeringést, visszér, javítja az oxigéncserét a [&hellip;]</p>
