{"id":476663,"date":"2026-08-29T19:49:27","date_gmt":"2026-08-29T17:49:27","guid":{"rendered":"https:\/\/horgaszhely.hu\/hun\/termek\/100-fekete-komenymagolaj-100250ml-objem-100ml\/"},"modified":"2026-08-29T19:50:02","modified_gmt":"2026-08-29T17:50:02","slug":"100-fekete-komenymagolaj-100250ml-objem-100ml","status":"publish","type":"product","link":"https:\/\/horgaszhely.hu\/hun\/termek\/100-fekete-komenymagolaj-100250ml-objem-100ml\/","title":{"rendered":"100% fekete k\u00f6m\u00e9nymagolaj 100,250ml. Objem: 100ml"},"content":{"rendered":"<p>Mohamed pr\u00f3f\u00e9ta azt mondta, hogy a fekete k\u00f6m\u00e9ny magjai b\u00e1rmit meg tudnak gy\u00f3gy\u00edtani, kiv\u00e9ve a hal\u00e1lt. A fekete k\u00f6m\u00e9ny (Nigellasativa) val\u00f3ban figyelemre m\u00e9lt\u00f3 gy\u00f3gy\u00edt\u00f3 \u00e9s gy\u00f3gy\u00edt\u00f3 tulajdons\u00e1gokkal rendelkezik, amelyek a vil\u00e1g egyik leger\u0151sebb gy\u00f3gyn\u00f6v\u00e9ny\u00e9v\u00e9 teszik. A fekete k\u00f6m\u00e9nymagot \u00e9vsz\u00e1zadok \u00f3ta haszn\u00e1lj\u00e1k a K\u00f6zel-Keleten, a F\u00f6ldk\u00f6zi-tenger t\u00e9rs\u00e9g\u00e9ben \u00e9s Indi\u00e1ban. Napjainkban a fekete k\u00f6m\u00e9nyt vil\u00e1gszerte haszn\u00e1lj\u00e1k a konyh\u00e1kban a di\u00f3s \u00edze miatt. Emellett a feketek\u00f6m\u00e9ny jelent\u0151s eg\u00e9szs\u00e9g\u00fcgyi el\u0151ny\u00f6kkel b\u00edr, \u00e9s az emberis\u00e9g t\u00f6rt\u00e9net\u00e9ben az egyik leg\u00e9rt\u00e9kesebb gy\u00f3gyn\u00f6v\u00e9ny. A fekete k\u00f6m\u00e9nymag t\u00f6bb mint 100 akt\u00edv vegy\u00fcletet tartalmaz, k\u00f6zt\u00fck olyanokat is, amelyeket m\u00e9g nem azonos\u00edtottak.<br \/>\nA f\u0151 hat\u00f3anyagok: A-, E- \u00e9s B-vitamin, timokinon, b\u00e9ta-szitoszterin, mirisztinsav, mirisztinsav, palmitinsav, palmitoleinsav, palmitoleinsav, sztearinsav, olajsav, linolsav, , arachidonsav, feh\u00e9rje, B1-vitamin, B2-vitamin, B3-vitamin, folsav, kalcium, vas, r\u00e9z, cink \u00e9s foszfor. Pozit\u00edv hat\u00e1ssal van az \u00e9rfalak szerkezet\u00e9re, \u00e9s akt\u00edvan r\u00e9szt vesz a k\u00fcl\u00f6nb\u00f6z\u0151 hormonok szint\u00e9zis\u00e9ben, fenntartva a fiatals\u00e1got, az eg\u00e9szs\u00e9get \u00e9s a sz\u00e9ps\u00e9get.<br \/>\nHaszn\u00e1lja az olajat kozmetikumokban: kiv\u00e1l\u00f3an alkalmas a b\u0151r fiatals\u00e1g\u00e1nak \u00e9s sz\u00e9ps\u00e9g\u00e9nek meg\u0151rz\u00e9s\u00e9re, \u00e9s seg\u00edt a karcs\u00fa vonal fenntart\u00e1s\u00e1ban. Az olaj n\u00f6veli a b\u0151r \u00e9s a dekolt\u00e1zs rugalmass\u00e1g\u00e1t, el\u0151seg\u00edti a sz\u00fcl\u00e9s ut\u00e1ni stri\u00e1k felsz\u00edv\u00f3d\u00e1s\u00e1t \u00e9s cs\u00f6kkenti a narancsb\u0151r megjelen\u00e9s\u00e9t. Serkenti a haj n\u00f6veked\u00e9s\u00e9t \u00e9s megakad\u00e1lyozza a korai \u0151sz\u00fcl\u00e9st.<br \/>\nA gyorsabb hajn\u00f6veked\u00e9s \u00e9rdek\u00e9ben adjon n\u00e9h\u00e1ny csepp olajat a samponj\u00e1hoz, \u00e9s mossa a haj\u00e1t a szok\u00e1sos m\u00f3don. J\u00f3t\u00e9kony hat\u00e1sai: fej- \u00e9s fogf\u00e1j\u00e1s, megf\u00e1z\u00e1s \u00e9s fert\u0151z\u00e9sek, k\u00f6r\u00f6m \u00e9s haj er\u0151s\u00edt\u00e9se, csontvel\u0151 \u00e9s immunrendszer er\u0151s\u00edt\u00e9se, autoimmun betegs\u00e9gek, hasny\u00e1lmirigyr\u00e1k, puffad\u00e1s, el\u0151seg\u00edti az anyatej termel\u0151d\u00e9s\u00e9t, seg\u00edt szab\u00e1lyozni a szervezet cukorh\u00e1ztart\u00e1s\u00e1t, reuma, serkenti az energi\u00e1t, allergia, ekc\u00e9ma, akne, pikkelys\u00f6m\u00f6r, parazitaellenes hat\u00e1s\u00fa.<\/p>\n<p>\u00d6sszetev\u0151k: 100% fekete k\u00f6m\u00e9nymagolaj (Nigellasativa). Adagol\u00e1s: 1 te\u00e1skan\u00e1l naponta h\u00e1romszor \u00e9tkez\u00e9s el\u0151tt vagy ut\u00e1n. Tartalom: 100ml.<br \/>\nSz\u00e1rmaz\u00e1si orsz\u00e1g.<\/p>\n","protected":false},"excerpt":{"rendered":"<p>Mohamed pr\u00f3f\u00e9ta azt mondta, hogy a fekete k\u00f6m\u00e9ny magjai b\u00e1rmit meg tudnak gy\u00f3gy\u00edtani, kiv\u00e9ve a hal\u00e1lt. A fekete k\u00f6m\u00e9ny (Nigellasativa) val\u00f3ban figyelemre m\u00e9lt\u00f3 gy\u00f3gy\u00edt\u00f3 \u00e9s gy\u00f3gy\u00edt\u00f3 tulajdons\u00e1gokkal rendelkezik, amelyek a vil\u00e1g egyik leger\u0151sebb gy\u00f3gyn\u00f6v\u00e9ny\u00e9v\u00e9 teszik. A fekete k\u00f6m\u00e9nymagot \u00e9vsz\u00e1zadok \u00f3ta haszn\u00e1lj\u00e1k a K\u00f6zel-Keleten, a F\u00f6ldk\u00f6zi-tenger t\u00e9rs\u00e9g\u00e9ben \u00e9s Indi\u00e1ban. Napjainkban a fekete k\u00f6m\u00e9nyt vil\u00e1gszerte haszn\u00e1lj\u00e1k a [&hellip;]<\/p>\n","protected":false},"featured_media":476664,"template":"","meta":{"_acf_changed":false},"product_brand":[],"product_cat":[3418,3416,3417,3380],"product_tag":[],"class_list":["post-476663","product","type-product","status-publish","has-post-thumbnail","product_cat-altaji-bio-olajok","product_cat-egeszseg-termeszetes-kozmetikumok","product_cat-elelmiszerek-es-italok","product_cat-termeszetes-kozmetikumok","first","instock","product-type-external"],"acf":[],"_links":{"self":[{"href":"https:\/\/horgaszhely.hu\/hun\/wp-json\/wp\/v2\/product\/476663","targetHints":{"allow":["GET"]}}],"collection":[{"href":"https:\/\/horgaszhely.hu\/hun\/wp-json\/wp\/v2\/product"}],"about":[{"href":"https:\/\/horgaszhely.hu\/hun\/wp-json\/wp\/v2\/types\/product"}],"wp:featuredmedia":[{"embeddable":true,"href":"https:\/\/horgaszhely.hu\/hun\/wp-json\/wp\/v2\/media\/476664"}],"wp:attachment":[{"href":"https:\/\/horgaszhely.hu\/hun\/wp-json\/wp\/v2\/media?parent=476663"}],"wp:term":[{"taxonomy":"product_brand","embeddable":true,"href":"https:\/\/horgaszhely.hu\/hun\/wp-json\/wp\/v2\/product_brand?post=476663"},{"taxonomy":"product_cat","embeddable":true,"href":"https:\/\/horgaszhely.hu\/hun\/wp-json\/wp\/v2\/product_cat?post=476663"},{"taxonomy":"product_tag","embeddable":true,"href":"https:\/\/horgaszhely.hu\/hun\/wp-json\/wp\/v2\/product_tag?post=476663"}],"curies":[{"name":"wp","href":"https:\/\/api.w.org\/{rel}","templated":true}]}}

100% fekete köménymagolaj 100,250ml. Objem: 100ml

<p>Mohamed próféta azt mondta, hogy a fekete kömény magjai bármit meg tudnak gyógyítani, kivéve a halált. A fekete kömény (Nigellasativa) valóban figyelemre méltó gyógyító és gyógyító tulajdonságokkal rendelkezik, amelyek a világ egyik legerősebb gyógynövényévé teszik. A fekete köménymagot évszázadok óta használják a Közel-Keleten, a Földközi-tenger térségében és Indiában. Napjainkban a fekete köményt világszerte használják a konyhákban a diós íze miatt. Emellett a feketekömény jelentős egészségügyi előnyökkel bír, és az emberiség történetében az egyik legértékesebb gyógynövény. A fekete köménymag több mint 100 aktív vegyületet tartalmaz, köztük olyanokat is, amelyeket még nem azonosítottak.<br />
A fő hatóanyagok: A-, E- és B-vitamin, timokinon, béta-szitoszterin, mirisztinsav, mirisztinsav, palmitinsav, palmitoleinsav, palmitoleinsav, sztearinsav, olajsav, linolsav, , arachidonsav, fehérje, B1-vitamin, B2-vitamin, B3-vitamin, folsav, kalcium, vas, réz, cink és foszfor. Pozitív hatással van az érfalak szerkezetére, és aktívan részt vesz a különböző hormonok szintézisében, fenntartva a fiatalságot, az egészséget és a szépséget.<br />
Használja az olajat kozmetikumokban: kiválóan alkalmas a bőr fiatalságának és szépségének megőrzésére, és segít a karcsú vonal fenntartásában. Az olaj növeli a bőr és a dekoltázs rugalmasságát, elősegíti a szülés utáni striák felszívódását és csökkenti a narancsbőr megjelenését. Serkenti a haj növekedését és megakadályozza a korai őszülést.<br />
A gyorsabb hajnövekedés érdekében adjon néhány csepp olajat a samponjához, és mossa a haját a szokásos módon. Jótékony hatásai: fej- és fogfájás, megfázás és fertőzések, köröm és haj erősítése, csontvelő és immunrendszer erősítése, autoimmun betegségek, hasnyálmirigyrák, puffadás, elősegíti az anyatej termelődését, segít szabályozni a szervezet cukorháztartását, reuma, serkenti az energiát, allergia, ekcéma, akne, pikkelysömör, parazitaellenes hatású.</p>
<p>Összetevők: 100% fekete köménymagolaj (Nigellasativa). Adagolás: 1 teáskanál naponta háromszor étkezés előtt vagy után. Tartalom: 100ml.<br />
Származási ország.</p>

<p>Mohamed próféta azt mondta, hogy a fekete kömény magjai bármit meg tudnak gyógyítani, kivéve a halált. A fekete kömény (Nigellasativa) valóban figyelemre méltó gyógyító és gyógyító tulajdonságokkal rendelkezik, amelyek a világ egyik legerősebb gyógynövényévé teszik. A fekete köménymagot évszázadok óta használják a Közel-Keleten, a Földközi-tenger térségében és Indiában. Napjainkban a fekete köményt világszerte használják a [&hellip;]</p>
