{"id":476668,"date":"2026-09-05T02:00:53","date_gmt":"2026-09-05T00:00:53","guid":{"rendered":"https:\/\/horgaszhely.hu\/hun\/termek\/panakeia-tinkturka-alchemilla-100ml-kusy-1\/"},"modified":"2026-09-05T02:00:54","modified_gmt":"2026-09-05T00:00:54","slug":"panakeia-tinkturka-alchemilla-100ml-kusy-1","status":"publish","type":"product","link":"https:\/\/horgaszhely.hu\/hun\/termek\/panakeia-tinkturka-alchemilla-100ml-kusy-1\/","title":{"rendered":"PANAKEIA TINKTURKA &#8211; Alchemilla 100ml Kusy: 1"},"content":{"rendered":"<p>A 2012. december 14. \u00f3ta hat\u00e1lyos 432\/2012\/EU bizotts\u00e1gi rendelet (2012. m\u00e1jus 16.) nem teszi lehet\u0151v\u00e9 a term\u00e9kek emberi szervezetre gyakorolt hat\u00e1sainak felt\u00fcntet\u00e9s\u00e9t.<br \/>\nJavasoljuk, hogy a tinkt\u00fara hat\u00e1sait a herb\u00e1riumban n\u00e9zze meg.<br \/>\nSzlov\u00e1ki\u00e1ban gy\u00e1rtott, az \u00daRZSR \u00e1ltal bejegyzett<br \/>\n\u00d6sszetev\u0151k.<br \/>\nAdagol\u00e1s: naponta 2&#215;30 csepp f\u00e9l \u00f3r\u00e1val \u00e9tkez\u00e9s el\u0151tt, v\u00edzzel.<\/p>\n<p>Figyelmeztet\u00e9s: \u00e9trend-kieg\u00e9sz\u00edt\u0151 Nem helyettes\u00edtheti a v\u00e1ltozatos \u00e9trendet. 3 \u00e9v alatti gyermekek sz\u00e1m\u00e1ra nem aj\u00e1nlott.<br \/>\nGyermekek el\u0151l elz\u00e1rva, biztons\u00e1gos helyen t\u00e1roland\u00f3. Ne l\u00e9pje t\u00fal az aj\u00e1nlott napi adagot. S\u00f6t\u00e9t, sz\u00e1raz helyen t\u00e1rolja.<\/p>\n","protected":false},"excerpt":{"rendered":"<p>A 2012. december 14. \u00f3ta hat\u00e1lyos 432\/2012\/EU bizotts\u00e1gi rendelet (2012. m\u00e1jus 16.) nem teszi lehet\u0151v\u00e9 a term\u00e9kek emberi szervezetre gyakorolt hat\u00e1sainak felt\u00fcntet\u00e9s\u00e9t. Javasoljuk, hogy a tinkt\u00fara hat\u00e1sait a herb\u00e1riumban n\u00e9zze meg. Szlov\u00e1ki\u00e1ban gy\u00e1rtott, az \u00daRZSR \u00e1ltal bejegyzett \u00d6sszetev\u0151k. Adagol\u00e1s: naponta 2&#215;30 csepp f\u00e9l \u00f3r\u00e1val \u00e9tkez\u00e9s el\u0151tt, v\u00edzzel. Figyelmeztet\u00e9s: \u00e9trend-kieg\u00e9sz\u00edt\u0151 Nem helyettes\u00edtheti a v\u00e1ltozatos \u00e9trendet. 3 [&hellip;]<\/p>\n","protected":false},"featured_media":477723,"template":"","meta":{"_acf_changed":false},"product_brand":[],"product_cat":[3424,3416,3421,3380,3422],"product_tag":[],"class_list":["post-476668","product","type-product","status-publish","has-post-thumbnail","product_cat-cseppek-noknek","product_cat-egeszseg-termeszetes-kozmetikumok","product_cat-etrendkiegeszitok","product_cat-termeszetes-kozmetikumok","product_cat-tinkturak-gyogynovenycseppek","first","instock","product-type-external"],"acf":[],"_links":{"self":[{"href":"https:\/\/horgaszhely.hu\/hun\/wp-json\/wp\/v2\/product\/476668","targetHints":{"allow":["GET"]}}],"collection":[{"href":"https:\/\/horgaszhely.hu\/hun\/wp-json\/wp\/v2\/product"}],"about":[{"href":"https:\/\/horgaszhely.hu\/hun\/wp-json\/wp\/v2\/types\/product"}],"wp:featuredmedia":[{"embeddable":true,"href":"https:\/\/horgaszhely.hu\/hun\/wp-json\/wp\/v2\/media\/477723"}],"wp:attachment":[{"href":"https:\/\/horgaszhely.hu\/hun\/wp-json\/wp\/v2\/media?parent=476668"}],"wp:term":[{"taxonomy":"product_brand","embeddable":true,"href":"https:\/\/horgaszhely.hu\/hun\/wp-json\/wp\/v2\/product_brand?post=476668"},{"taxonomy":"product_cat","embeddable":true,"href":"https:\/\/horgaszhely.hu\/hun\/wp-json\/wp\/v2\/product_cat?post=476668"},{"taxonomy":"product_tag","embeddable":true,"href":"https:\/\/horgaszhely.hu\/hun\/wp-json\/wp\/v2\/product_tag?post=476668"}],"curies":[{"name":"wp","href":"https:\/\/api.w.org\/{rel}","templated":true}]}}

<p>A 2012. december 14. óta hatályos 432/2012/EU bizottsági rendelet (2012. május 16.) nem teszi lehetővé a termékek emberi szervezetre gyakorolt hatásainak feltüntetését.<br />
Javasoljuk, hogy a tinktúra hatásait a herbáriumban nézze meg.<br />
Szlovákiában gyártott, az ÚRZSR által bejegyzett<br />
Összetevők.<br />
Adagolás: naponta 2&#215;30 csepp fél órával étkezés előtt, vízzel.</p>
<p>Figyelmeztetés: étrend-kiegészítő Nem helyettesítheti a változatos étrendet. 3 év alatti gyermekek számára nem ajánlott.<br />
Gyermekek elől elzárva, biztonságos helyen tárolandó. Ne lépje túl az ajánlott napi adagot. Sötét, száraz helyen tárolja.</p>

<p>A 2012. december 14. óta hatályos 432/2012/EU bizottsági rendelet (2012. május 16.) nem teszi lehetővé a termékek emberi szervezetre gyakorolt hatásainak feltüntetését. Javasoljuk, hogy a tinktúra hatásait a herbáriumban nézze meg. Szlovákiában gyártott, az ÚRZSR által bejegyzett Összetevők. Adagolás: naponta 2&#215;30 csepp fél órával étkezés előtt, vízzel. Figyelmeztetés: étrend-kiegészítő Nem helyettesítheti a változatos étrendet. 3 [&hellip;]</p>
