{"id":476704,"date":"2026-08-29T19:50:09","date_gmt":"2026-08-29T17:50:09","guid":{"rendered":"https:\/\/horgaszhely.hu\/hun\/termek\/panakeia-tinkturka-medve-fokhagyma-11-100ml-kusy-1\/"},"modified":"2026-08-29T19:50:58","modified_gmt":"2026-08-29T17:50:58","slug":"panakeia-tinkturka-medve-fokhagyma-11-100ml-kusy-1","status":"publish","type":"product","link":"https:\/\/horgaszhely.hu\/hun\/termek\/panakeia-tinkturka-medve-fokhagyma-11-100ml-kusy-1\/","title":{"rendered":"PANAKEIA TINKTURKA &#8211; Medve fokhagyma 1+1 100ml Kusy: 1"},"content":{"rendered":"<p>A 2012. december 14-t\u0151l alkalmazand\u00f3 432\/2012\/EU bizotts\u00e1gi rendelet (2012. m\u00e1jus 16.) nem teszi lehet\u0151v\u00e9, hogy jelezz\u00fck a term\u00e9kek emberi szervezetre gyakorolt hat\u00e1sait.<br \/>\nJavasoljuk, hogy a tinkt\u00fara hat\u00e1sait a herb\u00e1riumban n\u00e9zze meg.<br \/>\nSzlov\u00e1ki\u00e1ban gy\u00e1rtott, a Szlov\u00e1k K\u00f6zt\u00e1rsas\u00e1g \u00c9lelmiszer- \u00e9s \u00c1llateg\u00e9szs\u00e9g\u00fcgyi Hivatal\u00e1n\u00e1l \u00e9trend-kieg\u00e9sz\u00edt\u0151k\u00e9nt bejegyzett term\u00e9k.<br \/>\n\u00d6sszetev\u0151k.<br \/>\nAdagol\u00e1s:3&#215;20 csepp naponta f\u00e9l \u00f3r\u00e1val \u00e9tkez\u00e9s el\u0151tt, v\u00edzzel.<\/p>\n<p>Figyelmeztet\u00e9s: \u00e9trend-kieg\u00e9sz\u00edt\u0151 Nem helyettes\u00edtheti a v\u00e1ltozatos \u00e9trendet. 3 \u00e9v alatti gyermekek sz\u00e1m\u00e1ra nem aj\u00e1nlott.<br \/>\nGyermekek el\u0151l elz\u00e1rva, biztons\u00e1gos helyen t\u00e1roland\u00f3. Ne l\u00e9pje t\u00fal az aj\u00e1nlott napi adagot. S\u00f6t\u00e9t, sz\u00e1raz helyen t\u00e1rolja.<\/p>\n","protected":false},"excerpt":{"rendered":"<p>A 2012. december 14-t\u0151l alkalmazand\u00f3 432\/2012\/EU bizotts\u00e1gi rendelet (2012. m\u00e1jus 16.) nem teszi lehet\u0151v\u00e9, hogy jelezz\u00fck a term\u00e9kek emberi szervezetre gyakorolt hat\u00e1sait. Javasoljuk, hogy a tinkt\u00fara hat\u00e1sait a herb\u00e1riumban n\u00e9zze meg. Szlov\u00e1ki\u00e1ban gy\u00e1rtott, a Szlov\u00e1k K\u00f6zt\u00e1rsas\u00e1g \u00c9lelmiszer- \u00e9s \u00c1llateg\u00e9szs\u00e9g\u00fcgyi Hivatal\u00e1n\u00e1l \u00e9trend-kieg\u00e9sz\u00edt\u0151k\u00e9nt bejegyzett term\u00e9k. \u00d6sszetev\u0151k. Adagol\u00e1s:3&#215;20 csepp naponta f\u00e9l \u00f3r\u00e1val \u00e9tkez\u00e9s el\u0151tt, v\u00edzzel. Figyelmeztet\u00e9s: \u00e9trend-kieg\u00e9sz\u00edt\u0151 Nem [&hellip;]<\/p>\n","protected":false},"featured_media":476705,"template":"","meta":{"_acf_changed":false},"product_brand":[],"product_cat":[3416,3421,3431,3380,3422],"product_tag":[],"class_list":["post-476704","product","type-product","status-publish","has-post-thumbnail","product_cat-egeszseg-termeszetes-kozmetikumok","product_cat-etrendkiegeszitok","product_cat-szivre-es-vernyomasra-hato-tinkturak","product_cat-termeszetes-kozmetikumok","product_cat-tinkturak-gyogynovenycseppek","first","instock","product-type-external"],"acf":[],"_links":{"self":[{"href":"https:\/\/horgaszhely.hu\/hun\/wp-json\/wp\/v2\/product\/476704","targetHints":{"allow":["GET"]}}],"collection":[{"href":"https:\/\/horgaszhely.hu\/hun\/wp-json\/wp\/v2\/product"}],"about":[{"href":"https:\/\/horgaszhely.hu\/hun\/wp-json\/wp\/v2\/types\/product"}],"wp:featuredmedia":[{"embeddable":true,"href":"https:\/\/horgaszhely.hu\/hun\/wp-json\/wp\/v2\/media\/476705"}],"wp:attachment":[{"href":"https:\/\/horgaszhely.hu\/hun\/wp-json\/wp\/v2\/media?parent=476704"}],"wp:term":[{"taxonomy":"product_brand","embeddable":true,"href":"https:\/\/horgaszhely.hu\/hun\/wp-json\/wp\/v2\/product_brand?post=476704"},{"taxonomy":"product_cat","embeddable":true,"href":"https:\/\/horgaszhely.hu\/hun\/wp-json\/wp\/v2\/product_cat?post=476704"},{"taxonomy":"product_tag","embeddable":true,"href":"https:\/\/horgaszhely.hu\/hun\/wp-json\/wp\/v2\/product_tag?post=476704"}],"curies":[{"name":"wp","href":"https:\/\/api.w.org\/{rel}","templated":true}]}}

<p>A 2012. december 14-től alkalmazandó 432/2012/EU bizottsági rendelet (2012. május 16.) nem teszi lehetővé, hogy jelezzük a termékek emberi szervezetre gyakorolt hatásait.<br />
Javasoljuk, hogy a tinktúra hatásait a herbáriumban nézze meg.<br />
Szlovákiában gyártott, a Szlovák Köztársaság Élelmiszer- és Állategészségügyi Hivatalánál étrend-kiegészítőként bejegyzett termék.<br />
Összetevők.<br />
Adagolás:3&#215;20 csepp naponta fél órával étkezés előtt, vízzel.</p>
<p>Figyelmeztetés: étrend-kiegészítő Nem helyettesítheti a változatos étrendet. 3 év alatti gyermekek számára nem ajánlott.<br />
Gyermekek elől elzárva, biztonságos helyen tárolandó. Ne lépje túl az ajánlott napi adagot. Sötét, száraz helyen tárolja.</p>

<p>A 2012. december 14-től alkalmazandó 432/2012/EU bizottsági rendelet (2012. május 16.) nem teszi lehetővé, hogy jelezzük a termékek emberi szervezetre gyakorolt hatásait. Javasoljuk, hogy a tinktúra hatásait a herbáriumban nézze meg. Szlovákiában gyártott, a Szlovák Köztársaság Élelmiszer- és Állategészségügyi Hivatalánál étrend-kiegészítőként bejegyzett termék. Összetevők. Adagolás:3&#215;20 csepp naponta fél órával étkezés előtt, vízzel. Figyelmeztetés: étrend-kiegészítő Nem [&hellip;]</p>
