{"id":476730,"date":"2026-09-05T02:01:15","date_gmt":"2026-09-05T00:01:15","guid":{"rendered":"https:\/\/horgaszhely.hu\/hun\/termek\/panakeia-tinkturka-fekete-ribizli-11-100ml\/"},"modified":"2026-09-05T02:01:35","modified_gmt":"2026-09-05T00:01:35","slug":"panakeia-tinkturka-fekete-ribizli-11-100ml","status":"publish","type":"product","link":"https:\/\/horgaszhely.hu\/hun\/termek\/panakeia-tinkturka-fekete-ribizli-11-100ml\/","title":{"rendered":"PANAKEIA TINKTURKA &#8211; Fekete ribizli 1+1 100ml"},"content":{"rendered":"<p>BLACKCURRANT:<\/p>\n<p>term\u00e9szetes antioxid\u00e1nsk\u00e9nt m\u0171k\u00f6dik<br \/>\nterm\u00e9szetes antiallerg\u00e9n<br \/>\nel\u0151seg\u00edti az \u00e1ltal\u00e1nos eg\u00e9szs\u00e9get, vitalit\u00e1st \u00e9s immunit\u00e1st.<br \/>\nharmoniz\u00e1lja az endokrin mirigyeket<br \/>\nj\u00f3t\u00e9kony hat\u00e1ssal van a l\u00e9gutakra<br \/>\n\u00e1polja az \u00edz\u00fcletek \u00e9s a b\u0151r m\u0171k\u00f6d\u00e9s\u00e9t<br \/>\nenyh\u00edti a b\u0151rp\u00edrt \u00e9s a viszket\u00e9st<br \/>\njav\u00edtja a szervezet \u00e1ltal\u00e1nos \u00e1llapot\u00e1t<br \/>\nseg\u00edt szab\u00e1lyozni a petef\u00e9szkek \u00e9s a m\u00e9h m\u0171k\u00f6d\u00e9s\u00e9t<\/p>\n<p>A feketeribizli vizelethajt\u00f3 hat\u00e1s\u00fa, ez\u00e9rt gyakran alkalmazz\u00e1k a h\u00fagy\u00fati gyullad\u00e1sok kezel\u00e9s\u00e9ben. Citrin- \u00e9s rutintartalmuk miatt alkalmasak a vissz\u00e9rbetegek sz\u00e1m\u00e1ra. Torokf\u00e1j\u00e1s vagy magas l\u00e1z eset\u00e9n is haszn\u00e1lj\u00e1k, amikor level\u00fckb\u0151l \u00e9s bogy\u00f3ikb\u00f3l te\u00e1t k\u00e9sz\u00edthet\u00fcnk. A fekete ribizlit v\u00e9rszeg\u00e9nys\u00e9g, skorbut \u00e9s hipovitamin\u00f3zis kezel\u00e9s\u00e9re haszn\u00e1lj\u00e1k. Sz\u00e9nan\u00e1tha \u00e9s t\u00fal\u00e9rz\u00e9kenys\u00e9gb\u0151l ered\u0151 b\u0151rreakci\u00f3k eset\u00e9n is alkalmasak. A n\u0151k sz\u00e1m\u00e1ra kiv\u00e1l\u00f3 seg\u00edts\u00e9g, mivel seg\u00edt fenntartani a n\u0151i szervek optim\u00e1lis m\u0171k\u00f6d\u00e9s\u00e9hez sz\u00fcks\u00e9ges hormon\u00e1lis egyens\u00falyt. Magas a fito\u00f6sztrog\u00e9ntartalmuk, amely gyakran hi\u00e1nyzik a n\u0151i szervezetb\u0151l. Seg\u00edtenek szab\u00e1lyozni a m\u00e9h, a petef\u00e9szkek m\u0171k\u00f6d\u00e9s\u00e9t, oldj\u00e1k a ciszt\u00e1kat, az \u00e1tmeneti neh\u00e9zs\u00e9geket \u00e9s szab\u00e1lyozz\u00e1k a hormon\u00e1lis kiv\u00e1laszt\u00e1st.<br \/>\nAz EU Bizotts\u00e1g 432\/2012 (2012. m\u00e1jus 16.) rendelete, amely 2012.12.14. \u00f3ta hat\u00e1lyos, nem engedi meg, hogy a term\u00e9kek emberi szervezetre gyakorolt hat\u00e1s\u00e1r\u00f3l nyilatkozzunk.<br \/>\nJavasoljuk, hogy a tinkt\u00fara hat\u00e1sait a herb\u00e1riumban n\u00e9zze meg.<br \/>\nSzlov\u00e1ki\u00e1ban gy\u00e1rtott, az \u00daRZSR \u00e1ltal bejegyzett<br \/>\n\u00d6sszetev\u0151k: desztill\u00e1lt v\u00edz, etanol (alc.35%vol.), feketeribizli gy\u00fcm\u00f6lcs \u00e9s lev\u00e9l kivonat ( 50\/50).<br \/>\nAdagol\u00e1s: naponta 3&#215;20 csepp f\u00e9l \u00f3r\u00e1val \u00e9tkez\u00e9s el\u0151tt, v\u00edzzel.<\/p>\n<p>Figyelmeztet\u00e9s: \u00e9trend-kieg\u00e9sz\u00edt\u0151 Nem helyettes\u00edtheti a v\u00e1ltozatos \u00e9trendet. 3 \u00e9v alatti gyermekek sz\u00e1m\u00e1ra nem aj\u00e1nlott.<br \/>\nGyermekek el\u0151l elz\u00e1rva, biztons\u00e1gos helyen t\u00e1roland\u00f3. Ne l\u00e9pje t\u00fal az aj\u00e1nlott napi adagot. S\u00f6t\u00e9t, sz\u00e1raz helyen t\u00e1rolja.<\/p>\n","protected":false},"excerpt":{"rendered":"<p>BLACKCURRANT: term\u00e9szetes antioxid\u00e1nsk\u00e9nt m\u0171k\u00f6dik term\u00e9szetes antiallerg\u00e9n el\u0151seg\u00edti az \u00e1ltal\u00e1nos eg\u00e9szs\u00e9get, vitalit\u00e1st \u00e9s immunit\u00e1st. harmoniz\u00e1lja az endokrin mirigyeket j\u00f3t\u00e9kony hat\u00e1ssal van a l\u00e9gutakra \u00e1polja az \u00edz\u00fcletek \u00e9s a b\u0151r m\u0171k\u00f6d\u00e9s\u00e9t enyh\u00edti a b\u0151rp\u00edrt \u00e9s a viszket\u00e9st jav\u00edtja a szervezet \u00e1ltal\u00e1nos \u00e1llapot\u00e1t seg\u00edt szab\u00e1lyozni a petef\u00e9szkek \u00e9s a m\u00e9h m\u0171k\u00f6d\u00e9s\u00e9t A feketeribizli vizelethajt\u00f3 hat\u00e1s\u00fa, ez\u00e9rt gyakran alkalmazz\u00e1k [&hellip;]<\/p>\n","protected":false},"featured_media":477738,"template":"","meta":{"_acf_changed":false},"product_brand":[],"product_cat":[3424,3416,3421,3380,3422],"product_tag":[],"class_list":["post-476730","product","type-product","status-publish","has-post-thumbnail","product_cat-cseppek-noknek","product_cat-egeszseg-termeszetes-kozmetikumok","product_cat-etrendkiegeszitok","product_cat-termeszetes-kozmetikumok","product_cat-tinkturak-gyogynovenycseppek","first","instock","product-type-external"],"acf":[],"_links":{"self":[{"href":"https:\/\/horgaszhely.hu\/hun\/wp-json\/wp\/v2\/product\/476730","targetHints":{"allow":["GET"]}}],"collection":[{"href":"https:\/\/horgaszhely.hu\/hun\/wp-json\/wp\/v2\/product"}],"about":[{"href":"https:\/\/horgaszhely.hu\/hun\/wp-json\/wp\/v2\/types\/product"}],"wp:featuredmedia":[{"embeddable":true,"href":"https:\/\/horgaszhely.hu\/hun\/wp-json\/wp\/v2\/media\/477738"}],"wp:attachment":[{"href":"https:\/\/horgaszhely.hu\/hun\/wp-json\/wp\/v2\/media?parent=476730"}],"wp:term":[{"taxonomy":"product_brand","embeddable":true,"href":"https:\/\/horgaszhely.hu\/hun\/wp-json\/wp\/v2\/product_brand?post=476730"},{"taxonomy":"product_cat","embeddable":true,"href":"https:\/\/horgaszhely.hu\/hun\/wp-json\/wp\/v2\/product_cat?post=476730"},{"taxonomy":"product_tag","embeddable":true,"href":"https:\/\/horgaszhely.hu\/hun\/wp-json\/wp\/v2\/product_tag?post=476730"}],"curies":[{"name":"wp","href":"https:\/\/api.w.org\/{rel}","templated":true}]}}

<p>BLACKCURRANT:</p>
<p>természetes antioxidánsként működik<br />
természetes antiallergén<br />
elősegíti az általános egészséget, vitalitást és immunitást.<br />
harmonizálja az endokrin mirigyeket<br />
jótékony hatással van a légutakra<br />
ápolja az ízületek és a bőr működését<br />
enyhíti a bőrpírt és a viszketést<br />
javítja a szervezet általános állapotát<br />
segít szabályozni a petefészkek és a méh működését</p>
<p>A feketeribizli vizelethajtó hatású, ezért gyakran alkalmazzák a húgyúti gyulladások kezelésében. Citrin- és rutintartalmuk miatt alkalmasak a visszérbetegek számára. Torokfájás vagy magas láz esetén is használják, amikor levelükből és bogyóikból teát készíthetünk. A fekete ribizlit vérszegénység, skorbut és hipovitaminózis kezelésére használják. Szénanátha és túlérzékenységből eredő bőrreakciók esetén is alkalmasak. A nők számára kiváló segítség, mivel segít fenntartani a női szervek optimális működéséhez szükséges hormonális egyensúlyt. Magas a fitoösztrogéntartalmuk, amely gyakran hiányzik a női szervezetből. Segítenek szabályozni a méh, a petefészkek működését, oldják a cisztákat, az átmeneti nehézségeket és szabályozzák a hormonális kiválasztást.<br />
Az EU Bizottság 432/2012 (2012. május 16.) rendelete, amely 2012.12.14. óta hatályos, nem engedi meg, hogy a termékek emberi szervezetre gyakorolt hatásáról nyilatkozzunk.<br />
Javasoljuk, hogy a tinktúra hatásait a herbáriumban nézze meg.<br />
Szlovákiában gyártott, az ÚRZSR által bejegyzett<br />
Összetevők: desztillált víz, etanol (alc.35%vol.), feketeribizli gyümölcs és levél kivonat ( 50/50).<br />
Adagolás: naponta 3&#215;20 csepp fél órával étkezés előtt, vízzel.</p>
<p>Figyelmeztetés: étrend-kiegészítő Nem helyettesítheti a változatos étrendet. 3 év alatti gyermekek számára nem ajánlott.<br />
Gyermekek elől elzárva, biztonságos helyen tárolandó. Ne lépje túl az ajánlott napi adagot. Sötét, száraz helyen tárolja.</p>

<p>BLACKCURRANT: természetes antioxidánsként működik természetes antiallergén elősegíti az általános egészséget, vitalitást és immunitást. harmonizálja az endokrin mirigyeket jótékony hatással van a légutakra ápolja az ízületek és a bőr működését enyhíti a bőrpírt és a viszketést javítja a szervezet általános állapotát segít szabályozni a petefészkek és a méh működését A feketeribizli vizelethajtó hatású, ezért gyakran alkalmazzák [&hellip;]</p>
