{"id":476732,"date":"2026-09-05T02:01:15","date_gmt":"2026-09-05T00:01:15","guid":{"rendered":"https:\/\/horgaszhely.hu\/hun\/termek\/panakeia-tinkturka-fagyongy-feher-11-100ml\/"},"modified":"2026-09-05T02:01:38","modified_gmt":"2026-09-05T00:01:38","slug":"panakeia-tinkturka-fagyongy-feher-11-100ml","status":"publish","type":"product","link":"https:\/\/horgaszhely.hu\/hun\/termek\/panakeia-tinkturka-fagyongy-feher-11-100ml\/","title":{"rendered":"PANAKEIA TINKTURKA &#8211; Fagy\u00f6ngy feh\u00e9r 1+1 100ml"},"content":{"rendered":"<p>A 2012. december 14-t\u0151l alkalmazand\u00f3 432\/2012\/EU bizotts\u00e1gi rendelet (2012. m\u00e1jus 16.) nem teszi lehet\u0151v\u00e9, hogy jelezz\u00fck a term\u00e9kek emberi szervezetre gyakorolt hat\u00e1sait.<br \/>\nJavasoljuk, hogy a tinkt\u00fara hat\u00e1sait a herb\u00e1riumban n\u00e9zze meg.<br \/>\nSzlov\u00e1ki\u00e1ban gy\u00e1rtott, az \u00daRZSR \u00e1ltal bejegyzett<br \/>\n\u00d6sszetev\u0151k: desztill\u00e1lt v\u00edz, etanol (alk.35%vol.), feh\u00e9r fagy\u00f6ngy kivonat.<br \/>\nAdagol\u00e1s. <\/p>\n<p>Figyelmeztet\u00e9s: \u00e9trend-kieg\u00e9sz\u00edt\u0151 Nem haszn\u00e1lhat\u00f3 a v\u00e1ltozatos \u00e9trend helyettes\u00edt\u00e9s\u00e9re. 3 \u00e9v alatti gyermekek sz\u00e1m\u00e1ra nem aj\u00e1nlott.<br \/>\nGyermekek el\u0151l elz\u00e1rva, biztons\u00e1gos helyen t\u00e1roland\u00f3. Ne l\u00e9pje t\u00fal az aj\u00e1nlott napi adagot. S\u00f6t\u00e9t, sz\u00e1raz helyen t\u00e1rolja.<\/p>\n","protected":false},"excerpt":{"rendered":"<p>A 2012. december 14-t\u0151l alkalmazand\u00f3 432\/2012\/EU bizotts\u00e1gi rendelet (2012. m\u00e1jus 16.) nem teszi lehet\u0151v\u00e9, hogy jelezz\u00fck a term\u00e9kek emberi szervezetre gyakorolt hat\u00e1sait. Javasoljuk, hogy a tinkt\u00fara hat\u00e1sait a herb\u00e1riumban n\u00e9zze meg. Szlov\u00e1ki\u00e1ban gy\u00e1rtott, az \u00daRZSR \u00e1ltal bejegyzett \u00d6sszetev\u0151k: desztill\u00e1lt v\u00edz, etanol (alk.35%vol.), feh\u00e9r fagy\u00f6ngy kivonat. Adagol\u00e1s. Figyelmeztet\u00e9s: \u00e9trend-kieg\u00e9sz\u00edt\u0151 Nem haszn\u00e1lhat\u00f3 a v\u00e1ltozatos \u00e9trend helyettes\u00edt\u00e9s\u00e9re. 3 [&hellip;]<\/p>\n","protected":false},"featured_media":477739,"template":"","meta":{"_acf_changed":false},"product_brand":[],"product_cat":[3416,3421,3431,3380,3422],"product_tag":[],"class_list":["post-476732","product","type-product","status-publish","has-post-thumbnail","product_cat-egeszseg-termeszetes-kozmetikumok","product_cat-etrendkiegeszitok","product_cat-szivre-es-vernyomasra-hato-tinkturak","product_cat-termeszetes-kozmetikumok","product_cat-tinkturak-gyogynovenycseppek","first","instock","product-type-external"],"acf":[],"_links":{"self":[{"href":"https:\/\/horgaszhely.hu\/hun\/wp-json\/wp\/v2\/product\/476732","targetHints":{"allow":["GET"]}}],"collection":[{"href":"https:\/\/horgaszhely.hu\/hun\/wp-json\/wp\/v2\/product"}],"about":[{"href":"https:\/\/horgaszhely.hu\/hun\/wp-json\/wp\/v2\/types\/product"}],"wp:featuredmedia":[{"embeddable":true,"href":"https:\/\/horgaszhely.hu\/hun\/wp-json\/wp\/v2\/media\/477739"}],"wp:attachment":[{"href":"https:\/\/horgaszhely.hu\/hun\/wp-json\/wp\/v2\/media?parent=476732"}],"wp:term":[{"taxonomy":"product_brand","embeddable":true,"href":"https:\/\/horgaszhely.hu\/hun\/wp-json\/wp\/v2\/product_brand?post=476732"},{"taxonomy":"product_cat","embeddable":true,"href":"https:\/\/horgaszhely.hu\/hun\/wp-json\/wp\/v2\/product_cat?post=476732"},{"taxonomy":"product_tag","embeddable":true,"href":"https:\/\/horgaszhely.hu\/hun\/wp-json\/wp\/v2\/product_tag?post=476732"}],"curies":[{"name":"wp","href":"https:\/\/api.w.org\/{rel}","templated":true}]}}

PANAKEIA TINKTURKA &#8211; Fagyöngy fehér 1+1 100ml

<p>A 2012. december 14-től alkalmazandó 432/2012/EU bizottsági rendelet (2012. május 16.) nem teszi lehetővé, hogy jelezzük a termékek emberi szervezetre gyakorolt hatásait.<br />
Javasoljuk, hogy a tinktúra hatásait a herbáriumban nézze meg.<br />
Szlovákiában gyártott, az ÚRZSR által bejegyzett<br />
Összetevők: desztillált víz, etanol (alk.35%vol.), fehér fagyöngy kivonat.<br />
Adagolás. </p>
<p>Figyelmeztetés: étrend-kiegészítő Nem használható a változatos étrend helyettesítésére. 3 év alatti gyermekek számára nem ajánlott.<br />
Gyermekek elől elzárva, biztonságos helyen tárolandó. Ne lépje túl az ajánlott napi adagot. Sötét, száraz helyen tárolja.</p>

<p>A 2012. december 14-től alkalmazandó 432/2012/EU bizottsági rendelet (2012. május 16.) nem teszi lehetővé, hogy jelezzük a termékek emberi szervezetre gyakorolt hatásait. Javasoljuk, hogy a tinktúra hatásait a herbáriumban nézze meg. Szlovákiában gyártott, az ÚRZSR által bejegyzett Összetevők: desztillált víz, etanol (alk.35%vol.), fehér fagyöngy kivonat. Adagolás. Figyelmeztetés: étrend-kiegészítő Nem használható a változatos étrend helyettesítésére. 3 [&hellip;]</p>
