{"id":476736,"date":"2026-09-05T02:01:15","date_gmt":"2026-09-05T00:01:15","guid":{"rendered":"https:\/\/horgaszhely.hu\/hun\/termek\/panakeia-tinkturka-ceres-100ml\/"},"modified":"2026-09-05T02:01:44","modified_gmt":"2026-09-05T00:01:44","slug":"panakeia-tinkturka-ceres-100ml","status":"publish","type":"product","link":"https:\/\/horgaszhely.hu\/hun\/termek\/panakeia-tinkturka-ceres-100ml\/","title":{"rendered":"PANAKEIA TINKTURKA &#8211; Ceres 100ml"},"content":{"rendered":"<p>Nagyszer\u0171 seg\u00edt\u0151:<br \/>\n&#8211; klimax, menopauza<br \/>\n&#8211; Petef\u00e9szkek<br \/>\n&#8211; Rendszeres ciklus<br \/>\n&#8211; Izzad\u00e1s<br \/>\n&#8211; H\u0151hull\u00e1mok<br \/>\n&#8211; Gyullad\u00e1sok<br \/>\n&#8211; Hormontermel\u00e9s<\/p>\n<p>A 2012. m\u00e1jus 16-i 432\/2012\/EU bizotts\u00e1gi rendelet (2012.12.14. \u00f3ta hat\u00e1lyos) nem teszi lehet\u0151v\u00e9, hogy a term\u00e9kek emberi szervezetre gyakorolt hat\u00e1s\u00e1t jelezz\u00fck.<br \/>\nJavasoljuk, hogy a tinkt\u00fara hat\u00e1sait a herb\u00e1riumban n\u00e9zze meg.<br \/>\nSzlov\u00e1ki\u00e1ban gy\u00e1rtott, az \u00daRZSR \u00e1ltal bejegyzett<br \/>\n\u00d6sszetev\u0151k.<br \/>\nAdagol\u00e1s. <\/p>\n<p>Figyelmeztet\u00e9s: t\u00e1pl\u00e1l\u00e9kkieg\u00e9sz\u00edt\u0151 Nem helyettes\u00edtheti a v\u00e1ltozatos \u00e9trendet. 3 \u00e9v alatti gyermekek sz\u00e1m\u00e1ra nem aj\u00e1nlott.<br \/>\nGyermekek el\u0151l elz\u00e1rva, biztons\u00e1gos helyen t\u00e1roland\u00f3. Ne l\u00e9pje t\u00fal az aj\u00e1nlott napi adagot. S\u00f6t\u00e9t, sz\u00e1raz helyen t\u00e1rolja.<\/p>\n","protected":false},"excerpt":{"rendered":"<p>Nagyszer\u0171 seg\u00edt\u0151: &#8211; klimax, menopauza &#8211; Petef\u00e9szkek &#8211; Rendszeres ciklus &#8211; Izzad\u00e1s &#8211; H\u0151hull\u00e1mok &#8211; Gyullad\u00e1sok &#8211; Hormontermel\u00e9s A 2012. m\u00e1jus 16-i 432\/2012\/EU bizotts\u00e1gi rendelet (2012.12.14. \u00f3ta hat\u00e1lyos) nem teszi lehet\u0151v\u00e9, hogy a term\u00e9kek emberi szervezetre gyakorolt hat\u00e1s\u00e1t jelezz\u00fck. Javasoljuk, hogy a tinkt\u00fara hat\u00e1sait a herb\u00e1riumban n\u00e9zze meg. Szlov\u00e1ki\u00e1ban gy\u00e1rtott, az \u00daRZSR \u00e1ltal bejegyzett \u00d6sszetev\u0151k. [&hellip;]<\/p>\n","protected":false},"featured_media":477741,"template":"","meta":{"_acf_changed":false},"product_brand":[],"product_cat":[3424,3416,3421,3380,3422],"product_tag":[],"class_list":["post-476736","product","type-product","status-publish","has-post-thumbnail","product_cat-cseppek-noknek","product_cat-egeszseg-termeszetes-kozmetikumok","product_cat-etrendkiegeszitok","product_cat-termeszetes-kozmetikumok","product_cat-tinkturak-gyogynovenycseppek","first","instock","product-type-external"],"acf":[],"_links":{"self":[{"href":"https:\/\/horgaszhely.hu\/hun\/wp-json\/wp\/v2\/product\/476736","targetHints":{"allow":["GET"]}}],"collection":[{"href":"https:\/\/horgaszhely.hu\/hun\/wp-json\/wp\/v2\/product"}],"about":[{"href":"https:\/\/horgaszhely.hu\/hun\/wp-json\/wp\/v2\/types\/product"}],"wp:featuredmedia":[{"embeddable":true,"href":"https:\/\/horgaszhely.hu\/hun\/wp-json\/wp\/v2\/media\/477741"}],"wp:attachment":[{"href":"https:\/\/horgaszhely.hu\/hun\/wp-json\/wp\/v2\/media?parent=476736"}],"wp:term":[{"taxonomy":"product_brand","embeddable":true,"href":"https:\/\/horgaszhely.hu\/hun\/wp-json\/wp\/v2\/product_brand?post=476736"},{"taxonomy":"product_cat","embeddable":true,"href":"https:\/\/horgaszhely.hu\/hun\/wp-json\/wp\/v2\/product_cat?post=476736"},{"taxonomy":"product_tag","embeddable":true,"href":"https:\/\/horgaszhely.hu\/hun\/wp-json\/wp\/v2\/product_tag?post=476736"}],"curies":[{"name":"wp","href":"https:\/\/api.w.org\/{rel}","templated":true}]}}

<p>Nagyszerű segítő:<br />
&#8211; klimax, menopauza<br />
&#8211; Petefészkek<br />
&#8211; Rendszeres ciklus<br />
&#8211; Izzadás<br />
&#8211; Hőhullámok<br />
&#8211; Gyulladások<br />
&#8211; Hormontermelés</p>
<p>A 2012. május 16-i 432/2012/EU bizottsági rendelet (2012.12.14. óta hatályos) nem teszi lehetővé, hogy a termékek emberi szervezetre gyakorolt hatását jelezzük.<br />
Javasoljuk, hogy a tinktúra hatásait a herbáriumban nézze meg.<br />
Szlovákiában gyártott, az ÚRZSR által bejegyzett<br />
Összetevők.<br />
Adagolás. </p>
<p>Figyelmeztetés: táplálékkiegészítő Nem helyettesítheti a változatos étrendet. 3 év alatti gyermekek számára nem ajánlott.<br />
Gyermekek elől elzárva, biztonságos helyen tárolandó. Ne lépje túl az ajánlott napi adagot. Sötét, száraz helyen tárolja.</p>

<p>Nagyszerű segítő: &#8211; klimax, menopauza &#8211; Petefészkek &#8211; Rendszeres ciklus &#8211; Izzadás &#8211; Hőhullámok &#8211; Gyulladások &#8211; Hormontermelés A 2012. május 16-i 432/2012/EU bizottsági rendelet (2012.12.14. óta hatályos) nem teszi lehetővé, hogy a termékek emberi szervezetre gyakorolt hatását jelezzük. Javasoljuk, hogy a tinktúra hatásait a herbáriumban nézze meg. Szlovákiában gyártott, az ÚRZSR által bejegyzett Összetevők. [&hellip;]</p>
