{"id":476738,"date":"2026-09-05T02:01:15","date_gmt":"2026-09-05T00:01:15","guid":{"rendered":"https:\/\/horgaszhely.hu\/hun\/termek\/panakeia-tinkturka-mezei-lohere-100ml\/"},"modified":"2026-09-05T02:01:46","modified_gmt":"2026-09-05T00:01:46","slug":"panakeia-tinkturka-mezei-lohere-100ml","status":"publish","type":"product","link":"https:\/\/horgaszhely.hu\/hun\/termek\/panakeia-tinkturka-mezei-lohere-100ml\/","title":{"rendered":"PANAKEIA TINKTURKA &#8211; Mezei l\u00f3here 100ml"},"content":{"rendered":"<p>&#8211; menopauza<br \/>\n&#8211; kipirul\u00e1sok<br \/>\n&#8211; hormon\u00e1lis be\u00e1ll\u00edt\u00e1s<br \/>\n&#8211; menstru\u00e1ci\u00f3s g\u00f6rcs\u00f6k<\/p>\n<p>A 2012. december 14. \u00f3ta hat\u00e1lyos 432\/2012\/EU bizotts\u00e1gi rendelet (2012. m\u00e1jus 16.) nem teszi lehet\u0151v\u00e9, hogy a term\u00e9kek emberi szervezetre gyakorolt hat\u00e1s\u00e1t jelezz\u00fck.<br \/>\nJavasoljuk, hogy a tinkt\u00fara hat\u00e1sait a herb\u00e1riumban n\u00e9zze meg.<br \/>\nSzlov\u00e1ki\u00e1ban gy\u00e1rtott, az \u00daRZSR \u00e1ltal bejegyzett<br \/>\n\u00d6sszetev\u0151k.<br \/>\nAdagol\u00e1s. <\/p>\n<p>Figyelmeztet\u00e9s: t\u00e1pl\u00e1l\u00e9kkieg\u00e9sz\u00edt\u0151 Nem helyettes\u00edtheti a v\u00e1ltozatos \u00e9trendet. 3 \u00e9v alatti gyermekek sz\u00e1m\u00e1ra nem aj\u00e1nlott.<br \/>\nGyermekek el\u0151l elz\u00e1rva, biztons\u00e1gos helyen t\u00e1roland\u00f3. Ne l\u00e9pje t\u00fal az aj\u00e1nlott napi adagot. S\u00f6t\u00e9t, sz\u00e1raz helyen t\u00e1rolja.<\/p>\n","protected":false},"excerpt":{"rendered":"<p>&#8211; menopauza &#8211; kipirul\u00e1sok &#8211; hormon\u00e1lis be\u00e1ll\u00edt\u00e1s &#8211; menstru\u00e1ci\u00f3s g\u00f6rcs\u00f6k A 2012. december 14. \u00f3ta hat\u00e1lyos 432\/2012\/EU bizotts\u00e1gi rendelet (2012. m\u00e1jus 16.) nem teszi lehet\u0151v\u00e9, hogy a term\u00e9kek emberi szervezetre gyakorolt hat\u00e1s\u00e1t jelezz\u00fck. Javasoljuk, hogy a tinkt\u00fara hat\u00e1sait a herb\u00e1riumban n\u00e9zze meg. Szlov\u00e1ki\u00e1ban gy\u00e1rtott, az \u00daRZSR \u00e1ltal bejegyzett \u00d6sszetev\u0151k. Adagol\u00e1s. Figyelmeztet\u00e9s: t\u00e1pl\u00e1l\u00e9kkieg\u00e9sz\u00edt\u0151 Nem helyettes\u00edtheti a [&hellip;]<\/p>\n","protected":false},"featured_media":477742,"template":"","meta":{"_acf_changed":false},"product_brand":[],"product_cat":[3424,3416,3421,3380,3422],"product_tag":[],"class_list":["post-476738","product","type-product","status-publish","has-post-thumbnail","product_cat-cseppek-noknek","product_cat-egeszseg-termeszetes-kozmetikumok","product_cat-etrendkiegeszitok","product_cat-termeszetes-kozmetikumok","product_cat-tinkturak-gyogynovenycseppek","first","instock","product-type-external"],"acf":[],"_links":{"self":[{"href":"https:\/\/horgaszhely.hu\/hun\/wp-json\/wp\/v2\/product\/476738","targetHints":{"allow":["GET"]}}],"collection":[{"href":"https:\/\/horgaszhely.hu\/hun\/wp-json\/wp\/v2\/product"}],"about":[{"href":"https:\/\/horgaszhely.hu\/hun\/wp-json\/wp\/v2\/types\/product"}],"wp:featuredmedia":[{"embeddable":true,"href":"https:\/\/horgaszhely.hu\/hun\/wp-json\/wp\/v2\/media\/477742"}],"wp:attachment":[{"href":"https:\/\/horgaszhely.hu\/hun\/wp-json\/wp\/v2\/media?parent=476738"}],"wp:term":[{"taxonomy":"product_brand","embeddable":true,"href":"https:\/\/horgaszhely.hu\/hun\/wp-json\/wp\/v2\/product_brand?post=476738"},{"taxonomy":"product_cat","embeddable":true,"href":"https:\/\/horgaszhely.hu\/hun\/wp-json\/wp\/v2\/product_cat?post=476738"},{"taxonomy":"product_tag","embeddable":true,"href":"https:\/\/horgaszhely.hu\/hun\/wp-json\/wp\/v2\/product_tag?post=476738"}],"curies":[{"name":"wp","href":"https:\/\/api.w.org\/{rel}","templated":true}]}}

PANAKEIA TINKTURKA &#8211; Mezei lóhere 100ml

<p>&#8211; menopauza<br />
&#8211; kipirulások<br />
&#8211; hormonális beállítás<br />
&#8211; menstruációs görcsök</p>
<p>A 2012. december 14. óta hatályos 432/2012/EU bizottsági rendelet (2012. május 16.) nem teszi lehetővé, hogy a termékek emberi szervezetre gyakorolt hatását jelezzük.<br />
Javasoljuk, hogy a tinktúra hatásait a herbáriumban nézze meg.<br />
Szlovákiában gyártott, az ÚRZSR által bejegyzett<br />
Összetevők.<br />
Adagolás. </p>
<p>Figyelmeztetés: táplálékkiegészítő Nem helyettesítheti a változatos étrendet. 3 év alatti gyermekek számára nem ajánlott.<br />
Gyermekek elől elzárva, biztonságos helyen tárolandó. Ne lépje túl az ajánlott napi adagot. Sötét, száraz helyen tárolja.</p>

<p>&#8211; menopauza &#8211; kipirulások &#8211; hormonális beállítás &#8211; menstruációs görcsök A 2012. december 14. óta hatályos 432/2012/EU bizottsági rendelet (2012. május 16.) nem teszi lehetővé, hogy a termékek emberi szervezetre gyakorolt hatását jelezzük. Javasoljuk, hogy a tinktúra hatásait a herbáriumban nézze meg. Szlovákiában gyártott, az ÚRZSR által bejegyzett Összetevők. Adagolás. Figyelmeztetés: táplálékkiegészítő Nem helyettesítheti a [&hellip;]</p>
