{"id":476754,"date":"2026-08-29T19:51:58","date_gmt":"2026-08-29T17:51:58","guid":{"rendered":"https:\/\/horgaszhely.hu\/hun\/termek\/panakeia-termeszetes-keratin-30-ml\/"},"modified":"2026-08-29T19:52:05","modified_gmt":"2026-08-29T17:52:05","slug":"panakeia-termeszetes-keratin-30-ml","status":"publish","type":"product","link":"https:\/\/horgaszhely.hu\/hun\/termek\/panakeia-termeszetes-keratin-30-ml\/","title":{"rendered":"PANAKEIA Term\u00e9szetes keratin 30 ml"},"content":{"rendered":"<p>Hogyan hat a keratin a hajra?<\/p>\n<p>Jav\u00edtja a haj szerkezet\u00e9t k\u00edv\u00fclr\u0151l \u00e9s bel\u00fclr\u0151l is.<br \/>\nFelt\u00f6lti a keratint \u00e9s kit\u00f6lti a hajsz\u00e1lak reped\u00e9seit<br \/>\nRegener\u00e1lja, hidrat\u00e1lja \u00e9s puh\u00edtja a hajat.<br \/>\nN\u00f6veli a rugalmass\u00e1got \u00e9s az ellen\u00e1ll\u00f3k\u00e9pess\u00e9get, megel\u0151zve a k\u00e1rosod\u00e1st.<\/p>\n<p>Kisim\u00edtja a hajat, megszel\u00edd\u00edti a sima hajsz\u00e1lakat \u00e9s ellens\u00falyozza a vill\u00f3dz\u00e1st, Er\u0151teljes kondicion\u00e1l\u00f3k\u00e9nt m\u0171k\u00f6dik, hajl\u00e9konyabb\u00e1 \u00e9s f\u00e9nyesebb\u00e9 teszi a hajat.<br \/>\nA hidroliz\u00e1lt keratin helyre\u00e1ll\u00edtja a haj szerkezet\u00e9t, gy\u00f6ny\u00f6r\u0171 f\u00e9nyt \u00e9s puhas\u00e1got ad, hidrat\u00e1l, rugalmass\u00e1got ad a hajnak, k\u00f6nnyebben f\u00e9s\u00fclhet\u0151v\u00e9 teszi. A keratin megv\u00e9di a hajat a k\u00fcls\u0151 t\u00e9nyez\u0151k k\u00e1ros\u00edt\u00f3 hat\u00e1sait\u00f3l is, mint p\u00e9ld\u00e1ul a magas h\u0151m\u00e9rs\u00e9klet \u00e9s a hajsz\u00ednez\u0151 \u00e9s hajkondicion\u00e1l\u00f3 kozmetikai adal\u00e9kanyagok. A keratinnal t\u00e1pl\u00e1lt haj \u00edgy ellen\u00e1ll\u00f3bb\u00e1 v\u00e1lik a k\u00e1rosod\u00e1ssal szemben. A hidroliz\u00e1lt keratin k\u00e9pes m\u00e9lyen behatolni a haj szerkezet\u00e9be, \u00e9s \u00edgy helyre\u00e1ll\u00edtani azt.<br \/>\nA keratinos m\u00f3dszer c\u00e9lja az is, hogy cs\u00f6kkentse a modellez\u00e9shez \u00e9s a napi hajform\u00e1z\u00e1shoz sz\u00fcks\u00e9ges id\u0151t. A modern \u00e9s term\u00e9szetes formula haszn\u00e1lat\u00e1nak k\u00f6sz\u00f6nhet\u0151en a haj jobb megjelen\u00e9s\u0171 \u00e9s eg\u00e9szs\u00e9gesebbnek t\u0171nik.<br \/>\nHaszn\u00e1lat: A hidroliz\u00e1lt keratint kozmetikai haj\u00e1pol\u00e1si term\u00e9kekhez, p\u00e9ld\u00e1ul samponokhoz \u00e9s kondicion\u00e1l\u00f3khoz adj\u00e1k. Adjon 2-3 csepp hidroliz\u00e1lt keratint a sampon vagy kondicion\u00e1l\u00f3 szok\u00e1sos adagj\u00e1hoz.<br \/>\nHa samponj\u00e1hoz adja, a szok\u00e1sos m\u00f3don mossa ki \u00e9s \u00f6bl\u00edtse ki. Ha a keratin egy kondicion\u00e1l\u00f3 adal\u00e9k, alkalmazza \u00e9s hagyja rajta. Min\u00e9l tov\u00e1bb hagyja rajta a keratint, ann\u00e1l jobb lesz a hat\u00e1sa.<br \/>\nAz optim\u00e1lis id\u0151 30 perc, majd \u00f6bl\u00edts\u00fck ki a hajat. Ez egy k\u00fcl\u00f6n\u00f6sen er\u0151s feh\u00e9rje, amely az eml\u0151s\u00f6k test\u00e9ben, de a madarak \u00e9s h\u00fcll\u0151k test\u00e9ben is megtal\u00e1lhat\u00f3. Az emberben a keratin k\u00e9t alapform\u00e1j\u00e1nak egyike, az \u00fagynevezett alfa-keratin tal\u00e1lhat\u00f3. A keratin a b\u0151rsz\u00e1rmaz\u00e9kok \u00e9p\u00edt\u0151feh\u00e9rj\u00e9je, amely a haj szerkezet\u00e9nek 88%-\u00e1t alkotja, \u00e9s felel\u0151s a haj min\u0151s\u00e9g\u00e9\u00e9rt, n\u00f6veked\u00e9s\u00e9\u00e9rt, er\u0151ss\u00e9g\u00e9\u00e9rt, puhas\u00e1g\u00e1\u00e9rt, f\u00e9ny\u00e9\u00e9rt \u00e9s \u00e1ltal\u00e1nos megjelen\u00e9s\u00e9\u00e9rt. A keratin nem kis m\u00e9rt\u00e9kben meghat\u00e1rozza minden egyes hajsz\u00e1l tulajdons\u00e1gait, befoly\u00e1solja annak min\u0151s\u00e9g\u00e9t, n\u00f6veked\u00e9s\u00e9t \u00e9s megjelen\u00e9s\u00e9t. Meghat\u00e1rozza p\u00e9ld\u00e1ul, hogy a te hajad egyenes, mint a dr\u00f3t, vagy term\u00e9szetes g\u00f6nd\u00f6r. Olaj form\u00e1j\u00e1ban a keratint a rendk\u00edv\u00fcl ig\u00e9nybevett haj kezel\u00e9s\u00e9re aj\u00e1nlj\u00e1k.<br \/>\nEz egy b\u00faz\u00e1b\u00f3l sz\u00e1rmaz\u00f3 mikrofeh\u00e9rje-anyag, amely a hajban tal\u00e1lhat\u00f3 aminosavakhoz hasonl\u00f3 aminosavakb\u00f3l \u00e1ll. A haj\u00e1pol\u00e1s elismert \u00e9rt\u00e9ke, mint azonnali hat\u00e1s\u00fa er\u0151s\u00edt\u0151 \u00e9s v\u00e9d\u0151 anyag.<br \/>\nA b\u0151r sz\u00e1m\u00e1ra az \u00e1pol\u00e1s, a hidrat\u00e1lts\u00e1g jav\u00edt\u00e1s\u00e1nak \u00e9s fenntart\u00e1s\u00e1nak t\u00e9nyez\u0151je. Tiszt\u00e1n n\u00f6v\u00e9nyi oldat, amely helyettes\u00edti az \u00e1llati eredet\u0171 keratint a kozmetikumokban, \u00e9s figyelemre m\u00e9lt\u00f3 kompatibilit\u00e1ssal rendelkezik az emberi szervezetben tal\u00e1lhat\u00f3 keratinnal. A haj\u00e1pol\u00f3 \u00e9s higi\u00e9niai term\u00e9kek fontos hat\u00f3anyaga: samponok, kondicion\u00e1l\u00f3k, maszkok, hajspray-k. V\u00e9di a hajat az olyan negat\u00edv hat\u00e1sokt\u00f3l, mint az agressz\u00edv form\u00e1z\u00e1s, az intenz\u00edv f\u00e9s\u00fcl\u00e9s, a napoz\u00e1s, a sz\u0151k\u00edt\u00e9s, a tart\u00f3s oldatok alkalmaz\u00e1sa. A haj- \u00e9s b\u0151r\u00e1pol\u00e1s akt\u00edv hat\u00f3anyaga.<br \/>\nA feh\u00e9rj\u00e9ket \u00e9s sz\u00e1rmaz\u00e9kaikat \u00e9vtizedek \u00f3ta haszn\u00e1lj\u00e1k a b\u0151r- \u00e9s haj\u00e1pol\u00e1s \u00f6sszetev\u0151ik\u00e9nt. Az ut\u00f3bbi \u00e9vekben egyre gyakrabban alkalmaznak n\u00f6v\u00e9nyi eredet\u0171 term\u00e9keket, amelyek molekulat\u00f6mege d\u00f6nt\u0151en befoly\u00e1solja azon kozmetikumok tulajdons\u00e1gait, amelyekbe be\u00e9p\u00edtik \u0151ket.<br \/>\nA mikrofeh\u00e9rjeforr\u00e1sok m\u00e9lyen behatolnak a hajba, ami a haj bels\u0151 jav\u00edt\u00e1s\u00e1nak, er\u0151s\u00edt\u00e9s\u00e9nek \u00e9s v\u00e9delm\u00e9nek el\u0151felt\u00e9tele. A tulajdons\u00e1gok hat\u00e9konys\u00e1gi vizsg\u00e1latokon alapulnak.<\/p>\n<p>\u00c9rdekes m\u00f3don az anyag penetr\u00e1ci\u00f3j\u00e1t kev\u00e9sb\u00e9 befoly\u00e1solja a kor\u00e1bbi hajk\u00e1rosod\u00e1s (sz\u0151k\u00edtett, tart\u00f3s oldattal kezelt), mint a koncentr\u00e1ci\u00f3 \u00e9s az alkalmaz\u00e1sok sz\u00e1ma. Egy m\u00e1sik \u00e9rdekes tulajdons\u00e1ga a szubsztancialit\u00e1s \u00e9s a penetr\u00e1ci\u00f3 egyszerre : m\u00e9lyen behatol a hajsz\u00e1lakba, \u00e9s a nagyobb molekul\u00e1k a hajhoz kapcsol\u00f3dnak.<br \/>\nA hajnak sz\u00fcks\u00e9ge van hidrat\u00e1l\u00e1sra , de nem feleslegesen ! A t\u00falzottan hidrat\u00e1lt haj haj hajlamos a k\u00e1rosod\u00e1sra. Az emberek haja a cs\u00facser\u0151ss\u00e9g ut\u00e1n kev\u00e9sb\u00e9 k\u00e9pes megtartani a vizet, a haj sz\u00e1razabb\u00e1, v\u00e9konyabb\u00e1 \u00e9s s\u00e9r\u00fcl\u00e9kenyebb\u00e9 v\u00e1lik. A n\u00f6v\u00e9nyi keratin nem hidrat\u00e1l\u00f3, hanem hidrat\u00e1l\u00e1st szab\u00e1lyoz\u00f3 anyag.<br \/>\n\u00d6sszetev\u0151k: enzimatikus elj\u00e1r\u00e1ssal hidroliz\u00e1lt b\u00fazafeh\u00e9rj\u00e9k \u00e9s enged\u00e9lyezett tart\u00f3s\u00edt\u00f3szerek biokozmetikumokhoz<br \/>\nCsak adj n\u00e9h\u00e1ny cseppet a kedvenc samponodhoz.<br \/>\nMin\u0151s\u00edtett term\u00e9szetes \u00f6sszetev\u0151<\/p>\n","protected":false},"excerpt":{"rendered":"<p>Hogyan hat a keratin a hajra? Jav\u00edtja a haj szerkezet\u00e9t k\u00edv\u00fclr\u0151l \u00e9s bel\u00fclr\u0151l is. Felt\u00f6lti a keratint \u00e9s kit\u00f6lti a hajsz\u00e1lak reped\u00e9seit Regener\u00e1lja, hidrat\u00e1lja \u00e9s puh\u00edtja a hajat. N\u00f6veli a rugalmass\u00e1got \u00e9s az ellen\u00e1ll\u00f3k\u00e9pess\u00e9get, megel\u0151zve a k\u00e1rosod\u00e1st. Kisim\u00edtja a hajat, megszel\u00edd\u00edti a sima hajsz\u00e1lakat \u00e9s ellens\u00falyozza a vill\u00f3dz\u00e1st, Er\u0151teljes kondicion\u00e1l\u00f3k\u00e9nt m\u0171k\u00f6dik, hajl\u00e9konyabb\u00e1 \u00e9s f\u00e9nyesebb\u00e9 teszi [&hellip;]<\/p>\n","protected":false},"featured_media":476755,"template":"","meta":{"_acf_changed":false},"product_brand":[],"product_cat":[3414,3380],"product_tag":[],"class_list":["post-476754","product","type-product","status-publish","has-post-thumbnail","product_cat-panakeia-naturkozmetikumok","product_cat-termeszetes-kozmetikumok","first","instock","product-type-external"],"acf":[],"_links":{"self":[{"href":"https:\/\/horgaszhely.hu\/hun\/wp-json\/wp\/v2\/product\/476754","targetHints":{"allow":["GET"]}}],"collection":[{"href":"https:\/\/horgaszhely.hu\/hun\/wp-json\/wp\/v2\/product"}],"about":[{"href":"https:\/\/horgaszhely.hu\/hun\/wp-json\/wp\/v2\/types\/product"}],"wp:featuredmedia":[{"embeddable":true,"href":"https:\/\/horgaszhely.hu\/hun\/wp-json\/wp\/v2\/media\/476755"}],"wp:attachment":[{"href":"https:\/\/horgaszhely.hu\/hun\/wp-json\/wp\/v2\/media?parent=476754"}],"wp:term":[{"taxonomy":"product_brand","embeddable":true,"href":"https:\/\/horgaszhely.hu\/hun\/wp-json\/wp\/v2\/product_brand?post=476754"},{"taxonomy":"product_cat","embeddable":true,"href":"https:\/\/horgaszhely.hu\/hun\/wp-json\/wp\/v2\/product_cat?post=476754"},{"taxonomy":"product_tag","embeddable":true,"href":"https:\/\/horgaszhely.hu\/hun\/wp-json\/wp\/v2\/product_tag?post=476754"}],"curies":[{"name":"wp","href":"https:\/\/api.w.org\/{rel}","templated":true}]}}

PANAKEIA Természetes keratin 30 ml

<p>Hogyan hat a keratin a hajra?</p>
<p>Javítja a haj szerkezetét kívülről és belülről is.<br />
Feltölti a keratint és kitölti a hajszálak repedéseit<br />
Regenerálja, hidratálja és puhítja a hajat.<br />
Növeli a rugalmasságot és az ellenállóképességet, megelőzve a károsodást.</p>
<p>Kisimítja a hajat, megszelídíti a sima hajszálakat és ellensúlyozza a villódzást, Erőteljes kondicionálóként működik, hajlékonyabbá és fényesebbé teszi a hajat.<br />
A hidrolizált keratin helyreállítja a haj szerkezetét, gyönyörű fényt és puhaságot ad, hidratál, rugalmasságot ad a hajnak, könnyebben fésülhetővé teszi. A keratin megvédi a hajat a külső tényezők károsító hatásaitól is, mint például a magas hőmérséklet és a hajszínező és hajkondicionáló kozmetikai adalékanyagok. A keratinnal táplált haj így ellenállóbbá válik a károsodással szemben. A hidrolizált keratin képes mélyen behatolni a haj szerkezetébe, és így helyreállítani azt.<br />
A keratinos módszer célja az is, hogy csökkentse a modellezéshez és a napi hajformázáshoz szükséges időt. A modern és természetes formula használatának köszönhetően a haj jobb megjelenésű és egészségesebbnek tűnik.<br />
Használat: A hidrolizált keratint kozmetikai hajápolási termékekhez, például samponokhoz és kondicionálókhoz adják. Adjon 2-3 csepp hidrolizált keratint a sampon vagy kondicionáló szokásos adagjához.<br />
Ha samponjához adja, a szokásos módon mossa ki és öblítse ki. Ha a keratin egy kondicionáló adalék, alkalmazza és hagyja rajta. Minél tovább hagyja rajta a keratint, annál jobb lesz a hatása.<br />
Az optimális idő 30 perc, majd öblítsük ki a hajat. Ez egy különösen erős fehérje, amely az emlősök testében, de a madarak és hüllők testében is megtalálható. Az emberben a keratin két alapformájának egyike, az úgynevezett alfa-keratin található. A keratin a bőrszármazékok építőfehérjéje, amely a haj szerkezetének 88%-át alkotja, és felelős a haj minőségéért, növekedéséért, erősségéért, puhaságáért, fényéért és általános megjelenéséért. A keratin nem kis mértékben meghatározza minden egyes hajszál tulajdonságait, befolyásolja annak minőségét, növekedését és megjelenését. Meghatározza például, hogy a te hajad egyenes, mint a drót, vagy természetes göndör. Olaj formájában a keratint a rendkívül igénybevett haj kezelésére ajánlják.<br />
Ez egy búzából származó mikrofehérje-anyag, amely a hajban található aminosavakhoz hasonló aminosavakból áll. A hajápolás elismert értéke, mint azonnali hatású erősítő és védő anyag.<br />
A bőr számára az ápolás, a hidratáltság javításának és fenntartásának tényezője. Tisztán növényi oldat, amely helyettesíti az állati eredetű keratint a kozmetikumokban, és figyelemre méltó kompatibilitással rendelkezik az emberi szervezetben található keratinnal. A hajápoló és higiéniai termékek fontos hatóanyaga: samponok, kondicionálók, maszkok, hajspray-k. Védi a hajat az olyan negatív hatásoktól, mint az agresszív formázás, az intenzív fésülés, a napozás, a szőkítés, a tartós oldatok alkalmazása. A haj- és bőrápolás aktív hatóanyaga.<br />
A fehérjéket és származékaikat évtizedek óta használják a bőr- és hajápolás összetevőiként. Az utóbbi években egyre gyakrabban alkalmaznak növényi eredetű termékeket, amelyek molekulatömege döntően befolyásolja azon kozmetikumok tulajdonságait, amelyekbe beépítik őket.<br />
A mikrofehérjeforrások mélyen behatolnak a hajba, ami a haj belső javításának, erősítésének és védelmének előfeltétele. A tulajdonságok hatékonysági vizsgálatokon alapulnak.</p>
<p>Érdekes módon az anyag penetrációját kevésbé befolyásolja a korábbi hajkárosodás (szőkített, tartós oldattal kezelt), mint a koncentráció és az alkalmazások száma. Egy másik érdekes tulajdonsága a szubsztancialitás és a penetráció egyszerre : mélyen behatol a hajszálakba, és a nagyobb molekulák a hajhoz kapcsolódnak.<br />
A hajnak szüksége van hidratálásra , de nem feleslegesen ! A túlzottan hidratált haj haj hajlamos a károsodásra. Az emberek haja a csúcserősség után kevésbé képes megtartani a vizet, a haj szárazabbá, vékonyabbá és sérülékenyebbé válik. A növényi keratin nem hidratáló, hanem hidratálást szabályozó anyag.<br />
Összetevők: enzimatikus eljárással hidrolizált búzafehérjék és engedélyezett tartósítószerek biokozmetikumokhoz<br />
Csak adj néhány cseppet a kedvenc samponodhoz.<br />
Minősített természetes összetevő</p>

<p>Hogyan hat a keratin a hajra? Javítja a haj szerkezetét kívülről és belülről is. Feltölti a keratint és kitölti a hajszálak repedéseit Regenerálja, hidratálja és puhítja a hajat. Növeli a rugalmasságot és az ellenállóképességet, megelőzve a károsodást. Kisimítja a hajat, megszelídíti a sima hajszálakat és ellensúlyozza a villódzást, Erőteljes kondicionálóként működik, hajlékonyabbá és fényesebbé teszi [&hellip;]</p>
