{"id":476770,"date":"2026-08-29T19:51:58","date_gmt":"2026-08-29T17:51:58","guid":{"rendered":"https:\/\/horgaszhely.hu\/hun\/termek\/panakeia-bathory-nappali-krem-sarkanyverrel-30-ml\/"},"modified":"2026-08-29T19:52:21","modified_gmt":"2026-08-29T17:52:21","slug":"panakeia-bathory-nappali-krem-sarkanyverrel-30-ml","status":"publish","type":"product","link":"https:\/\/horgaszhely.hu\/hun\/termek\/panakeia-bathory-nappali-krem-sarkanyverrel-30-ml\/","title":{"rendered":"PANAKEIA BATHORY &#8211; nappali kr\u00e9m s\u00e1rk\u00e1nyv\u00e9rrel 30 ml"},"content":{"rendered":"<p>BATHORY\u010cKA nappali kr\u00e9m<\/p>\n<p>\u00dcdv\u00f6zl\u00fcnk a forradalmian \u00faj b\u0151r\u00e1pol\u00e1sban, melynek alapja a s\u00e1rk\u00e1nyv\u00e9r! Ez a csod\u00e1latos term\u00e9szetes b\u0151rregener\u00e1l\u00f3 az antioxid\u00e1nsok \u00e9s gyullad\u00e1scs\u00f6kkent\u0151 anyagok var\u00e1zslatos forr\u00e1sa, amelyek nemcsak v\u00e9dik a b\u0151r\u00f6det a k\u00e1rosod\u00e1st\u00f3l, hanem cs\u00f6kkentik a b\u0151rp\u00edrt \u00e9s a duzzanatokat is.<\/p>\n<p>Ol\u00edva szkval\u00e1n<br \/>\n K\u00f6nnyen felsz\u00edv\u00f3dik, \u00e9s b\u00e1rsonyos \u00e9rz\u00e9st hagy a b\u0151r\u00f6n. Helyre\u00e1ll\u00edtja a b\u0151r v\u00e9d\u0151r\u00e9teg\u00e9t, v\u00e9di a hidrat\u00e1lts\u00e1g elveszt\u00e9s\u00e9t\u0151l, oxid\u00e1ci\u00f3val szemben stabil. Seg\u00edt serkenteni a b\u0151rsejtek meg\u00fajul\u00e1s\u00e1t, hipoallerg\u00e9n, ide\u00e1lis \u00e9rz\u00e9keny \u00e9s allergi\u00e1ra hajlamos b\u0151rre is. <\/p>\n<p>Peptidek<br \/>\n A test saj\u00e1t mechanizmus\u00e1t ut\u00e1nozz\u00e1k: egyszerre serkentik a kollag\u00e9n termel\u00e9s\u00e9t \u00e9s v\u00e9dik azt a leboml\u00e1st\u00f3l, bizony\u00edtott r\u00e1nctalan\u00edt\u00f3 hat\u00e9konys\u00e1ggal. <\/p>\n<p>S\u00e1rk\u00e1nyv\u00e9r<br \/>\n B\u0151rregener\u00e1l\u00f3, amely a b\u0151r korai \u00f6reged\u00e9s\u00e9nek jeleit enyh\u00edti. Er\u0151s antioxid\u00e1ns. Serkenti a kollag\u00e9nszint\u00e9zist \u2013 \u00f6reged\u00e9sg\u00e1tl\u00f3 hat\u00e1s <\/p>\n<p>S\u00e1rk\u00e1nyv\u00e9r<\/p>\n<p>Ez a legfontosabb term\u00e9szetes antioxid\u00e1ns-forr\u00e1s a vil\u00e1gon. Amellett, hogy antioxid\u00e1ns fenolos vegy\u00fcleteket tartalmaz, gyullad\u00e1scs\u00f6kkent\u0151 tulajdons\u00e1g\u00fa vegy\u00fcleteket is, amelyek hat\u00e9konyan v\u00e9dik a b\u0151rsejteket a k\u00e1ros hat\u00e1sokt\u00f3l, \u00e9s egyben&nbsp;cs\u00f6kkentik a b\u0151rp\u00edrt \u00e9s a duzzanatokat.<br \/>\nEnnek a v\u00f6r\u00f6ses anyagnak emellett kifejezett hidrat\u00e1l\u00f3 hat\u00e1sa is van, amely a b\u0151r m\u00e9lyebb r\u00e9tegeiben is \u00e9rv\u00e9nyes\u00fcl.<\/p>\n<p>100% term\u00e9szetes term\u00e9k<\/p>\n<p>\u00d6sszhangban a term\u00e9szettel<\/p>\n<p>GMO-mentes<\/p>\n<p>\u00c1llatokon nem tesztelt<\/p>\n<p>Hat\u00f3anyagok<\/p>\n<p>A ceramidok nagyra \u00e9rt\u00e9kelt kozmetikai hat\u00f3anyagok, amelyek a b\u0151r\u00e9vel azonos molekul\u00e1kat tartalmaznak, \u00edgy k\u00fcl\u00f6n\u00f6sen alkalmasak a sz\u00e1raz vagy \u00e9rz\u00e9keny b\u0151r hossz\u00fa t\u00e1v\u00fa v\u00e9delm\u00e9re \u00e9s regener\u00e1l\u00e1s\u00e1ra.<br \/>\nAlacsony molekulas\u00faly\u00fa hialuronsav, amelyet ide\u00e1lis term\u00e9szetes hidrat\u00e1l\u00f3 faktornak tartanak; hosszan tart\u00f3 hidrat\u00e1l\u00e1st, feszes\u00edt\u0151 hat\u00e1st, j\u00f3 felsz\u00edv\u00f3d\u00e1st \u00e9s \u00e1tereszt\u0151k\u00e9pess\u00e9get biztos\u00edt a b\u0151rnek.<\/p>\n<p>99% el\u00e9gedetts\u00e9g<br \/>\n T\u00f6bb mint 500 term\u00e9k rakt\u00e1ron. <\/p>\n<p>Ingyenes sz\u00e1ll\u00edt\u00e1s 29 999 Ft felett<br \/>\n 29 999 Ft feletti v\u00e1s\u00e1rl\u00e1s eset\u00e9n a sz\u00e1ll\u00edt\u00e1st mi \u00e1lljuk. <\/p>\n<p>&nbsp;Patch teszt&nbsp;(b\u0151rtolerancia-teszt)<br \/>\nA patch teszt egy egyszer\u0171 \u00e9s fontos l\u00e9p\u00e9s, amellyel ellen\u0151rizheted, hogy a b\u0151r\u00f6d j\u00f3l t\u0171ri-e az \u00faj kozmetikai vagy b\u0151rgy\u00f3gy\u00e1szati term\u00e9ket, nemk\u00edv\u00e1natos reakci\u00f3k n\u00e9lk\u00fcl. Vigy\u00e9l fel egy kis mennyis\u00e9get a term\u00e9kb\u0151l egy kis b\u0151rfel\u00fcletre, p\u00e9ld\u00e1ul az alkarodra vagy a f\u00fcled m\u00f6g\u00e9, \u00e9s v\u00e1rj 24\u201348 \u00f3r\u00e1t. Ha nem jelentkezik b\u0151rp\u00edr, viszket\u00e9s, duzzanat vagy m\u00e1s reakci\u00f3, a term\u00e9k haszn\u00e1lata biztons\u00e1gos.<\/p>\n<p>Specifik\u00e1ci\u00f3<\/p>\n<p>Haszn\u00e1lati \u00fatmutat\u00f3:<br \/>\n&nbsp;Vigy\u00e9l fel sz\u00fcks\u00e9g szerint egy v\u00e9kony r\u00e9teg kr\u00e9met a megtiszt\u00edtott arcb\u0151rre, \u00e9s massz\u00edrozd be.<\/p>\n<p>Figyelmeztet\u00e9s:<\/p>\n<p>&nbsp;Csak k\u00fcls\u0151 haszn\u00e1latra. Ker\u00fcld a szemmel \u00e9s ny\u00e1lkah\u00e1rty\u00e1val val\u00f3 \u00e9rintkez\u00e9st. Ne haszn\u00e1ld irrit\u00e1lt vagy \u00e9rz\u00e9keny b\u0151r\u00f6n. Ne haszn\u00e1ld, ha \u00e9rz\u00e9keny vagy a term\u00e9k b\u00e1rmely \u00f6sszetev\u0151j\u00e9re. A term\u00e9k gyermekek sz\u00e1m\u00e1ra nem aj\u00e1nlott. Gyermekekt\u0151l elz\u00e1rva tartand\u00f3.<\/p>\n<p>T\u00e1rol\u00e1s:<br \/>\n&nbsp;A term\u00e9ket szobah\u0151m\u00e9rs\u00e9kleten t\u00e1rold, h\u0151forr\u00e1st\u00f3l \u00e9s k\u00f6zvetlen napf\u00e9nyt\u0151l t\u00e1vol.<\/p>\n<p>Tartalom:<br \/>\n&nbsp;30 ml<\/p>\n<p>Ingredients:<\/p>\n<p>&nbsp;Centaurea Cyanus Flower Water, Caprylic\/Capric Triglyceride, Glyceryl Stearate SE, Squalane, Glycerin, Isocetyl Alcohol, Cetearyl Alcohol, Sodium Hyaluronate, Aqua, Ceramide NP, Tocopherol, Helianthus Annuus Seed Oil, Cetyl Alcohol, &nbsp;Croton Lechleri Resin Extract, Palmitoyl Tripeptide-5, Benzyl Alcohol, Salicylic Acid, Sorbic Acid<\/p>\n<p>Felel\u0151s szem\u00e9ly \u00e9s gy\u00e1rt\u00f3:<br \/>\n&nbsp;PANAKEIA SK s.r.o., \u017dabinsk\u00e1 2081\/2, 911 05 Tren\u010d\u00edn, Szlov\u00e1k K\u00f6zt\u00e1rsas\u00e1g<br \/>\n&nbsp;www.panakeia.cz<\/p>\n<p>&nbsp;<\/p>\n<p> V\u00e1s\u00e1rl\u00f3ink tapasztalatai <\/p>\n<p> &#8222;Nagyon el\u00e9gedett vagyok, a csapat messengeren kereszt\u00fcl is nagyon seg\u00edt\u0151k\u00e9sz. A term\u00e9kek min\u0151s\u00e9giek, illatos csod\u00e1k, szeretettel k\u00e9sz\u00edtve. Aj\u00e1nlom kipr\u00f3b\u00e1lni &#x2764;&#xfe0f; \u00e9s minden term\u00e9ket im\u00e1dni fogsz.&#8221; <\/p>\n<p> &#8222;Igaz\u00e1n sz\u00e9p kr\u00e9m, az \u00f6sszet\u00e9tele felkeltette a figyelmemet, \u00e9s nem okozott csal\u00f3d\u00e1st. Afrikai hercegn\u0151nek \u00e9rzem magam. Val\u00f3ban min\u0151s\u00e9gi term\u00e9k, nagyon finom \u00e9s selymes. Gy\u00f6ny\u00f6r\u0171en hidrat\u00e1lja a b\u0151rt, \u00e9s puh\u00e1n hagyja. Sz\u00e1momra megfizethet\u0151 luxus &#x263a;&#xfe0f;&#8221; <\/p>\n<p>&nbsp;<\/p>\n","protected":false},"excerpt":{"rendered":"<p>BATHORY\u010cKA nappali kr\u00e9m \u00dcdv\u00f6zl\u00fcnk a forradalmian \u00faj b\u0151r\u00e1pol\u00e1sban, melynek alapja a s\u00e1rk\u00e1nyv\u00e9r! Ez a csod\u00e1latos term\u00e9szetes b\u0151rregener\u00e1l\u00f3 az antioxid\u00e1nsok \u00e9s gyullad\u00e1scs\u00f6kkent\u0151 anyagok var\u00e1zslatos forr\u00e1sa, amelyek nemcsak v\u00e9dik a b\u0151r\u00f6det a k\u00e1rosod\u00e1st\u00f3l, hanem cs\u00f6kkentik a b\u0151rp\u00edrt \u00e9s a duzzanatokat is. Ol\u00edva szkval\u00e1n K\u00f6nnyen felsz\u00edv\u00f3dik, \u00e9s b\u00e1rsonyos \u00e9rz\u00e9st hagy a b\u0151r\u00f6n. Helyre\u00e1ll\u00edtja a b\u0151r v\u00e9d\u0151r\u00e9teg\u00e9t, v\u00e9di a [&hellip;]<\/p>\n","protected":false},"featured_media":476771,"template":"","meta":{"_acf_changed":false},"product_brand":[],"product_cat":[3414,3380],"product_tag":[],"class_list":["post-476770","product","type-product","status-publish","has-post-thumbnail","product_cat-panakeia-naturkozmetikumok","product_cat-termeszetes-kozmetikumok","first","instock","product-type-external"],"acf":[],"_links":{"self":[{"href":"https:\/\/horgaszhely.hu\/hun\/wp-json\/wp\/v2\/product\/476770","targetHints":{"allow":["GET"]}}],"collection":[{"href":"https:\/\/horgaszhely.hu\/hun\/wp-json\/wp\/v2\/product"}],"about":[{"href":"https:\/\/horgaszhely.hu\/hun\/wp-json\/wp\/v2\/types\/product"}],"wp:featuredmedia":[{"embeddable":true,"href":"https:\/\/horgaszhely.hu\/hun\/wp-json\/wp\/v2\/media\/476771"}],"wp:attachment":[{"href":"https:\/\/horgaszhely.hu\/hun\/wp-json\/wp\/v2\/media?parent=476770"}],"wp:term":[{"taxonomy":"product_brand","embeddable":true,"href":"https:\/\/horgaszhely.hu\/hun\/wp-json\/wp\/v2\/product_brand?post=476770"},{"taxonomy":"product_cat","embeddable":true,"href":"https:\/\/horgaszhely.hu\/hun\/wp-json\/wp\/v2\/product_cat?post=476770"},{"taxonomy":"product_tag","embeddable":true,"href":"https:\/\/horgaszhely.hu\/hun\/wp-json\/wp\/v2\/product_tag?post=476770"}],"curies":[{"name":"wp","href":"https:\/\/api.w.org\/{rel}","templated":true}]}}

PANAKEIA BATHORY &#8211; nappali krém sárkányvérrel 30 ml

<p>BATHORYČKA nappali krém</p>
<p>Üdvözlünk a forradalmian új bőrápolásban, melynek alapja a sárkányvér! Ez a csodálatos természetes bőrregeneráló az antioxidánsok és gyulladáscsökkentő anyagok varázslatos forrása, amelyek nemcsak védik a bőrödet a károsodástól, hanem csökkentik a bőrpírt és a duzzanatokat is.</p>
<p>Olíva szkvalán<br />
 Könnyen felszívódik, és bársonyos érzést hagy a bőrön. Helyreállítja a bőr védőrétegét, védi a hidratáltság elvesztésétől, oxidációval szemben stabil. Segít serkenteni a bőrsejtek megújulását, hipoallergén, ideális érzékeny és allergiára hajlamos bőrre is. </p>
<p>Peptidek<br />
 A test saját mechanizmusát utánozzák: egyszerre serkentik a kollagén termelését és védik azt a lebomlástól, bizonyított ránctalanító hatékonysággal. </p>
<p>Sárkányvér<br />
 Bőrregeneráló, amely a bőr korai öregedésének jeleit enyhíti. Erős antioxidáns. Serkenti a kollagénszintézist – öregedésgátló hatás </p>
<p>Sárkányvér</p>
<p>Ez a legfontosabb természetes antioxidáns-forrás a világon. Amellett, hogy antioxidáns fenolos vegyületeket tartalmaz, gyulladáscsökkentő tulajdonságú vegyületeket is, amelyek hatékonyan védik a bőrsejteket a káros hatásoktól, és egyben&nbsp;csökkentik a bőrpírt és a duzzanatokat.<br />
Ennek a vöröses anyagnak emellett kifejezett hidratáló hatása is van, amely a bőr mélyebb rétegeiben is érvényesül.</p>
<p>100% természetes termék</p>
<p>Összhangban a természettel</p>
<p>GMO-mentes</p>
<p>Állatokon nem tesztelt</p>
<p>Hatóanyagok</p>
<p>A ceramidok nagyra értékelt kozmetikai hatóanyagok, amelyek a bőrével azonos molekulákat tartalmaznak, így különösen alkalmasak a száraz vagy érzékeny bőr hosszú távú védelmére és regenerálására.<br />
Alacsony molekulasúlyú hialuronsav, amelyet ideális természetes hidratáló faktornak tartanak; hosszan tartó hidratálást, feszesítő hatást, jó felszívódást és áteresztőképességet biztosít a bőrnek.</p>
<p>99% elégedettség<br />
 Több mint 500 termék raktáron. </p>
<p>Ingyenes szállítás 29 999 Ft felett<br />
 29 999 Ft feletti vásárlás esetén a szállítást mi álljuk. </p>
<p>&nbsp;Patch teszt&nbsp;(bőrtolerancia-teszt)<br />
A patch teszt egy egyszerű és fontos lépés, amellyel ellenőrizheted, hogy a bőröd jól tűri-e az új kozmetikai vagy bőrgyógyászati terméket, nemkívánatos reakciók nélkül. Vigyél fel egy kis mennyiséget a termékből egy kis bőrfelületre, például az alkarodra vagy a füled mögé, és várj 24–48 órát. Ha nem jelentkezik bőrpír, viszketés, duzzanat vagy más reakció, a termék használata biztonságos.</p>
<p>Specifikáció</p>
<p>Használati útmutató:<br />
&nbsp;Vigyél fel szükség szerint egy vékony réteg krémet a megtisztított arcbőrre, és masszírozd be.</p>
<p>Figyelmeztetés:</p>
<p>&nbsp;Csak külső használatra. Kerüld a szemmel és nyálkahártyával való érintkezést. Ne használd irritált vagy érzékeny bőrön. Ne használd, ha érzékeny vagy a termék bármely összetevőjére. A termék gyermekek számára nem ajánlott. Gyermekektől elzárva tartandó.</p>
<p>Tárolás:<br />
&nbsp;A terméket szobahőmérsékleten tárold, hőforrástól és közvetlen napfénytől távol.</p>
<p>Tartalom:<br />
&nbsp;30 ml</p>
<p>Ingredients:</p>
<p>&nbsp;Centaurea Cyanus Flower Water, Caprylic/Capric Triglyceride, Glyceryl Stearate SE, Squalane, Glycerin, Isocetyl Alcohol, Cetearyl Alcohol, Sodium Hyaluronate, Aqua, Ceramide NP, Tocopherol, Helianthus Annuus Seed Oil, Cetyl Alcohol, &nbsp;Croton Lechleri Resin Extract, Palmitoyl Tripeptide-5, Benzyl Alcohol, Salicylic Acid, Sorbic Acid</p>
<p>Felelős személy és gyártó:<br />
&nbsp;PANAKEIA SK s.r.o., Žabinská 2081/2, 911 05 Trenčín, Szlovák Köztársaság<br />
&nbsp;www.panakeia.cz</p>
<p>&nbsp;</p>
<p> Vásárlóink tapasztalatai </p>
<p> &#8222;Nagyon elégedett vagyok, a csapat messengeren keresztül is nagyon segítőkész. A termékek minőségiek, illatos csodák, szeretettel készítve. Ajánlom kipróbálni &#x2764;&#xfe0f; és minden terméket imádni fogsz.&#8221; </p>
<p> &#8222;Igazán szép krém, az összetétele felkeltette a figyelmemet, és nem okozott csalódást. Afrikai hercegnőnek érzem magam. Valóban minőségi termék, nagyon finom és selymes. Gyönyörűen hidratálja a bőrt, és puhán hagyja. Számomra megfizethető luxus &#x263a;&#xfe0f;&#8221; </p>
<p>&nbsp;</p>

<p>BATHORYČKA nappali krém Üdvözlünk a forradalmian új bőrápolásban, melynek alapja a sárkányvér! Ez a csodálatos természetes bőrregeneráló az antioxidánsok és gyulladáscsökkentő anyagok varázslatos forrása, amelyek nemcsak védik a bőrödet a károsodástól, hanem csökkentik a bőrpírt és a duzzanatokat is. Olíva szkvalán Könnyen felszívódik, és bársonyos érzést hagy a bőrön. Helyreállítja a bőr védőrétegét, védi a [&hellip;]</p>
