{"id":476782,"date":"2026-08-29T19:51:58","date_gmt":"2026-08-29T17:51:58","guid":{"rendered":"https:\/\/horgaszhely.hu\/hun\/termek\/panakeia-damaszkuszi-rozsa-viragviz-100ml\/"},"modified":"2026-08-29T19:52:38","modified_gmt":"2026-08-29T17:52:38","slug":"panakeia-damaszkuszi-rozsa-viragviz-100ml","status":"publish","type":"product","link":"https:\/\/horgaszhely.hu\/hun\/termek\/panakeia-damaszkuszi-rozsa-viragviz-100ml\/","title":{"rendered":"PANAKEIA &#8211; Damaszkuszi r\u00f3zsa vir\u00e1gv\u00edz 100ml"},"content":{"rendered":"<p>A bio damaszkuszi r\u00f3zsavir\u00e1gv\u00edz tiszt\u00e1n term\u00e9szetes b\u0151rtonik \u00e9s kiv\u00e9teles test- \u00e9s haj\u00e1pol\u00f3 term\u00e9k. Gondoskodik minden b\u0151rt\u00edpusr\u00f3l \u00e9s testb\u0151rr\u0151l, amelyet seg\u00edt j\u00f3 \u00e1llapotban tartani, regener\u00e1l\u00f3 \u00e9s nyugtat\u00f3 tulajdons\u00e1gainak k\u00f6sz\u00f6nhet\u0151en el\u0151seg\u00edti a b\u0151r regener\u00e1l\u00f3d\u00e1s\u00e1t.<\/p>\n<p>Univerz\u00e1lis b\u0151r- \u00e9s haj\u00e1pol\u00e1s<br \/>\nAz olyan b\u0151rprobl\u00e9m\u00e1kkal k\u00fczd\u0151 b\u0151rre is alkalmas, mint az akne, a pikkelys\u00f6m\u00f6r, az ekc\u00e9ma vagy a rosacea, csillap\u00edtja a viszket\u00e9st \u00e9s a b\u0151rp\u00edrt, \u00e9s serkenti a k\u00e1rosodott sejtek meg\u00fajul\u00e1s\u00e1t. \u00d6sszeh\u00fazza a kit\u00e1gult p\u00f3rusokat, felfriss\u00edt \u00e9s j\u00f3t\u00e9kony hat\u00e1ssal van a b\u0151r t\u00f3nus\u00e1nak egys\u00e9ges\u00edt\u00e9s\u00e9re.<br \/>\nK\u00fczd az \u00f6reged\u00e9s jelei ellen \u00e9s seg\u00edt elt\u00fcntetni a finom vonalakat \u00e9s r\u00e1ncokat. A fejb\u0151r \u00e1pol\u00e1s\u00e1ban is bizony\u00edtja mag\u00e1t, amelyet gy\u00f6ny\u00f6r\u0171en rehidrat\u00e1l.<\/p>\n<p>&nbsp;<\/p>\n<p>&nbsp;Specifik\u00e1ci\u00f3k<br \/>\n&nbsp;<\/p>\n<p>INCI:&nbsp;Rosa Damascena Flower Water<br \/>\nC\u00edmke: Ecocert Organic<\/p>\n<p>&nbsp;<\/p>\n<p>&nbsp;<\/p>\n","protected":false},"excerpt":{"rendered":"<p>A bio damaszkuszi r\u00f3zsavir\u00e1gv\u00edz tiszt\u00e1n term\u00e9szetes b\u0151rtonik \u00e9s kiv\u00e9teles test- \u00e9s haj\u00e1pol\u00f3 term\u00e9k. Gondoskodik minden b\u0151rt\u00edpusr\u00f3l \u00e9s testb\u0151rr\u0151l, amelyet seg\u00edt j\u00f3 \u00e1llapotban tartani, regener\u00e1l\u00f3 \u00e9s nyugtat\u00f3 tulajdons\u00e1gainak k\u00f6sz\u00f6nhet\u0151en el\u0151seg\u00edti a b\u0151r regener\u00e1l\u00f3d\u00e1s\u00e1t. Univerz\u00e1lis b\u0151r- \u00e9s haj\u00e1pol\u00e1s Az olyan b\u0151rprobl\u00e9m\u00e1kkal k\u00fczd\u0151 b\u0151rre is alkalmas, mint az akne, a pikkelys\u00f6m\u00f6r, az ekc\u00e9ma vagy a rosacea, csillap\u00edtja a [&hellip;]<\/p>\n","protected":false},"featured_media":476783,"template":"","meta":{"_acf_changed":false},"product_brand":[],"product_cat":[3429,3414,3380,3440],"product_tag":[],"class_list":["post-476782","product","type-product","status-publish","has-post-thumbnail","product_cat-arckozmetikum","product_cat-panakeia-naturkozmetikumok","product_cat-termeszetes-kozmetikumok","product_cat-viragos-vizek","first","instock","product-type-external"],"acf":[],"_links":{"self":[{"href":"https:\/\/horgaszhely.hu\/hun\/wp-json\/wp\/v2\/product\/476782","targetHints":{"allow":["GET"]}}],"collection":[{"href":"https:\/\/horgaszhely.hu\/hun\/wp-json\/wp\/v2\/product"}],"about":[{"href":"https:\/\/horgaszhely.hu\/hun\/wp-json\/wp\/v2\/types\/product"}],"wp:featuredmedia":[{"embeddable":true,"href":"https:\/\/horgaszhely.hu\/hun\/wp-json\/wp\/v2\/media\/476783"}],"wp:attachment":[{"href":"https:\/\/horgaszhely.hu\/hun\/wp-json\/wp\/v2\/media?parent=476782"}],"wp:term":[{"taxonomy":"product_brand","embeddable":true,"href":"https:\/\/horgaszhely.hu\/hun\/wp-json\/wp\/v2\/product_brand?post=476782"},{"taxonomy":"product_cat","embeddable":true,"href":"https:\/\/horgaszhely.hu\/hun\/wp-json\/wp\/v2\/product_cat?post=476782"},{"taxonomy":"product_tag","embeddable":true,"href":"https:\/\/horgaszhely.hu\/hun\/wp-json\/wp\/v2\/product_tag?post=476782"}],"curies":[{"name":"wp","href":"https:\/\/api.w.org\/{rel}","templated":true}]}}

PANAKEIA &#8211; Damaszkuszi rózsa virágvíz 100ml

<p>A bio damaszkuszi rózsavirágvíz tisztán természetes bőrtonik és kivételes test- és hajápoló termék. Gondoskodik minden bőrtípusról és testbőrről, amelyet segít jó állapotban tartani, regeneráló és nyugtató tulajdonságainak köszönhetően elősegíti a bőr regenerálódását.</p>
<p>Univerzális bőr- és hajápolás<br />
Az olyan bőrproblémákkal küzdő bőrre is alkalmas, mint az akne, a pikkelysömör, az ekcéma vagy a rosacea, csillapítja a viszketést és a bőrpírt, és serkenti a károsodott sejtek megújulását. Összehúzza a kitágult pórusokat, felfrissít és jótékony hatással van a bőr tónusának egységesítésére.<br />
Küzd az öregedés jelei ellen és segít eltüntetni a finom vonalakat és ráncokat. A fejbőr ápolásában is bizonyítja magát, amelyet gyönyörűen rehidratál.</p>
<p>&nbsp;</p>
<p>&nbsp;Specifikációk<br />
&nbsp;</p>
<p>INCI:&nbsp;Rosa Damascena Flower Water<br />
Címke: Ecocert Organic</p>
<p>&nbsp;</p>
<p>&nbsp;</p>

<p>A bio damaszkuszi rózsavirágvíz tisztán természetes bőrtonik és kivételes test- és hajápoló termék. Gondoskodik minden bőrtípusról és testbőrről, amelyet segít jó állapotban tartani, regeneráló és nyugtató tulajdonságainak köszönhetően elősegíti a bőr regenerálódását. Univerzális bőr- és hajápolás Az olyan bőrproblémákkal küzdő bőrre is alkalmas, mint az akne, a pikkelysömör, az ekcéma vagy a rosacea, csillapítja a [&hellip;]</p>
