{"id":476790,"date":"2026-08-29T19:52:45","date_gmt":"2026-08-29T17:52:45","guid":{"rendered":"https:\/\/horgaszhely.hu\/hun\/termek\/panakeia-sampon-komlo-termeszetes-keratinnal-a-haj-dusitasara-es-erositesere-200ml\/"},"modified":"2026-08-29T19:52:48","modified_gmt":"2026-08-29T17:52:48","slug":"panakeia-sampon-komlo-termeszetes-keratinnal-a-haj-dusitasara-es-erositesere-200ml","status":"publish","type":"product","link":"https:\/\/horgaszhely.hu\/hun\/termek\/panakeia-sampon-komlo-termeszetes-keratinnal-a-haj-dusitasara-es-erositesere-200ml\/","title":{"rendered":"PANAKEIA SAMPON koml\u00f3 &#8211; term\u00e9szetes keratinnal a haj d\u00fas\u00edt\u00e1s\u00e1ra \u00e9s er\u0151s\u00edt\u00e9s\u00e9re 200ml"},"content":{"rendered":"<p>Akt\u00edv \u00f6sszetev\u0151k:<\/p>\n<p>A koml\u00f3kivonat er\u0151s\u00edti a hajat \u00e9s regener\u00e1lja a fejb\u0151rt, seg\u00edt megszabadulni a korp\u00e1t\u00f3l \u00e9s megel\u0151zi a hajhull\u00e1st.<\/p>\n<p>&nbsp;<\/p>\n<p>A n\u00f6v\u00e9nyi keratin behatol a hajsz\u00e1lakba, ahol azt\u00e1n bel\u00fclr\u0151l hat, hogy helyre\u00e1ll\u00edtsa a haj v\u00e9d\u0151szerkezet\u00e9t. A haj ezut\u00e1n kev\u00e9sb\u00e9 \u00e9rz\u00e9keny a k\u00e1rosod\u00e1sra.<\/p>\n<p>&nbsp;<\/p>\n<p>Az aloe vera \u00e9s a n\u00f6v\u00e9nyi glicerin kiv\u00e1l\u00f3 l\u00e1gy\u00edt\u00f3szerk\u00e9nt hat, gy\u00f6ny\u00f6r\u0171en hidrat\u00e1l \u00e9s megk\u00f6ti a nedvess\u00e9get, \u00e9s f\u00e9nyes hajfel\u00fcletet var\u00e1zsol.<\/p>\n<p>&nbsp;<\/p>\n<p>A k\u00e9t sz\u00f6vets\u00e9ges ill\u00f3olaj a citrom \u00e9s a menta, hogy hajunk harm\u00f3ni\u00e1ba ker\u00fclj\u00f6n. A citrom megszabad\u00edt a felesleges faggy\u00fat\u00f3l, a menta fert\u0151tlen\u00edt \u00e9s j\u00f3l hat a hajszerkezetre.<\/p>\n<p>R\u00e1ad\u00e1sul gy\u00f6ny\u00f6r\u0171 illat\u00fav\u00e1 var\u00e1zsolj\u00e1k a hajadat.<\/p>\n<p>&nbsp;<br \/>\n&nbsp;<\/p>\n<p>SAMPON &#8211; KOML\u00d3<\/p>\n<p>Haszn\u00e1lati utas\u00edt\u00e1s:<\/p>\n<p>Vigye fel a sampont a nedves hajra \u00e9s fejb\u0151rre, majd alaposan massz\u00edrozza be. Hagyja hatni 2 percig, majd alaposan \u00f6bl\u00edtse ki.<\/p>\n<p>Figyelmeztet\u00e9s:<\/p>\n<p>Kiz\u00e1r\u00f3lag k\u00fcls\u0151 haszn\u00e1latra. Ker\u00fclje a szemmel \u00e9s a ny\u00e1lkah\u00e1rty\u00e1val val\u00f3 \u00e9rintkez\u00e9st. Ne haszn\u00e1lja irrit\u00e1lt vagy \u00e9rz\u00e9keny b\u0151r\u00f6n. Ne haszn\u00e1lja, ha \u00e9rz\u00e9keny a term\u00e9kben tal\u00e1lhat\u00f3 \u00f6sszetev\u0151kre. Ez a term\u00e9k nem alkalmas gyermekek sz\u00e1m\u00e1ra. Gyermekek el\u0151l elz\u00e1rva tartand\u00f3.<\/p>\n<p>T\u00e1rol\u00e1s:<\/p>\n<p>A term\u00e9ket szobah\u0151m\u00e9rs\u00e9kleten, h\u0151forr\u00e1st\u00f3l \u00e9s k\u00f6zvetlen napf\u00e9nyt\u0151l v\u00e9dve t\u00e1rolja.<\/p>\n<p>Tartalom: A k\u00e9sz\u00edtm\u00e9nyt a csomagol\u00e1sban l\u00e9v\u0151 term\u00e9kekhez nem szabad felhaszn\u00e1lni:<\/p>\n<p>200ml<\/p>\n<p>\u00d6sszetev\u0151k:<\/p>\n<p>Aqua, Aloe Barbadensis Leaf Juice, Humulus Lupulus Extract, DecylGlucoside, Lauryl Glucoside, Xanthan Gum, Hydrolyzed WheatProtein, Caprylyl\/Capryl Glucoside, HydroxypropyltrimoniumHoney, Sodium Benzoate, Potassium Sorbate, Citric Acid, MenthaPiperita Leaf Oil, Sodium Cocoyl Glutamate, Citrus Limon Peel Oil, Glyceryl Caprylate, Polyglyceryl-6 Oleate, Sodium Surfactin, SorbicAcid, Citral, d-Limonene<\/p>\n<p>Felel\u0151s szem\u00e9ly \u00e9s gy\u00e1rt\u00f3:<\/p>\n<p>PANAKEIA SK s.r.o., S\u00favoz 1, 91101 Trencs\u00e9n, Szlov\u00e1k K\u00f6zt\u00e1rsas\u00e1g,<br \/>\nwww.panakeia.hu<\/p>\n","protected":false},"excerpt":{"rendered":"<p>Akt\u00edv \u00f6sszetev\u0151k: A koml\u00f3kivonat er\u0151s\u00edti a hajat \u00e9s regener\u00e1lja a fejb\u0151rt, seg\u00edt megszabadulni a korp\u00e1t\u00f3l \u00e9s megel\u0151zi a hajhull\u00e1st. &nbsp; A n\u00f6v\u00e9nyi keratin behatol a hajsz\u00e1lakba, ahol azt\u00e1n bel\u00fclr\u0151l hat, hogy helyre\u00e1ll\u00edtsa a haj v\u00e9d\u0151szerkezet\u00e9t. A haj ezut\u00e1n kev\u00e9sb\u00e9 \u00e9rz\u00e9keny a k\u00e1rosod\u00e1sra. &nbsp; Az aloe vera \u00e9s a n\u00f6v\u00e9nyi glicerin kiv\u00e1l\u00f3 l\u00e1gy\u00edt\u00f3szerk\u00e9nt hat, gy\u00f6ny\u00f6r\u0171en hidrat\u00e1l [&hellip;]<\/p>\n","protected":false},"featured_media":476791,"template":"","meta":{"_acf_changed":false},"product_brand":[],"product_cat":[3427,3414,3442,3380,3441],"product_tag":[],"class_list":["post-476790","product","type-product","status-publish","has-post-thumbnail","product_cat-hajkozmetikumok","product_cat-panakeia-naturkozmetikumok","product_cat-samponok","product_cat-termeszetes-kozmetikumok","product_cat-termeszetes-samponok","first","instock","product-type-external"],"acf":[],"_links":{"self":[{"href":"https:\/\/horgaszhely.hu\/hun\/wp-json\/wp\/v2\/product\/476790","targetHints":{"allow":["GET"]}}],"collection":[{"href":"https:\/\/horgaszhely.hu\/hun\/wp-json\/wp\/v2\/product"}],"about":[{"href":"https:\/\/horgaszhely.hu\/hun\/wp-json\/wp\/v2\/types\/product"}],"wp:featuredmedia":[{"embeddable":true,"href":"https:\/\/horgaszhely.hu\/hun\/wp-json\/wp\/v2\/media\/476791"}],"wp:attachment":[{"href":"https:\/\/horgaszhely.hu\/hun\/wp-json\/wp\/v2\/media?parent=476790"}],"wp:term":[{"taxonomy":"product_brand","embeddable":true,"href":"https:\/\/horgaszhely.hu\/hun\/wp-json\/wp\/v2\/product_brand?post=476790"},{"taxonomy":"product_cat","embeddable":true,"href":"https:\/\/horgaszhely.hu\/hun\/wp-json\/wp\/v2\/product_cat?post=476790"},{"taxonomy":"product_tag","embeddable":true,"href":"https:\/\/horgaszhely.hu\/hun\/wp-json\/wp\/v2\/product_tag?post=476790"}],"curies":[{"name":"wp","href":"https:\/\/api.w.org\/{rel}","templated":true}]}}

PANAKEIA SAMPON komló &#8211; természetes keratinnal a haj dúsítására és erősítésére 200ml

<p>Aktív összetevők:</p>
<p>A komlókivonat erősíti a hajat és regenerálja a fejbőrt, segít megszabadulni a korpától és megelőzi a hajhullást.</p>
<p>&nbsp;</p>
<p>A növényi keratin behatol a hajszálakba, ahol aztán belülről hat, hogy helyreállítsa a haj védőszerkezetét. A haj ezután kevésbé érzékeny a károsodásra.</p>
<p>&nbsp;</p>
<p>Az aloe vera és a növényi glicerin kiváló lágyítószerként hat, gyönyörűen hidratál és megköti a nedvességet, és fényes hajfelületet varázsol.</p>
<p>&nbsp;</p>
<p>A két szövetséges illóolaj a citrom és a menta, hogy hajunk harmóniába kerüljön. A citrom megszabadít a felesleges faggyútól, a menta fertőtlenít és jól hat a hajszerkezetre.</p>
<p>Ráadásul gyönyörű illatúvá varázsolják a hajadat.</p>
<p>&nbsp;<br />
&nbsp;</p>
<p>SAMPON &#8211; KOMLÓ</p>
<p>Használati utasítás:</p>
<p>Vigye fel a sampont a nedves hajra és fejbőrre, majd alaposan masszírozza be. Hagyja hatni 2 percig, majd alaposan öblítse ki.</p>
<p>Figyelmeztetés:</p>
<p>Kizárólag külső használatra. Kerülje a szemmel és a nyálkahártyával való érintkezést. Ne használja irritált vagy érzékeny bőrön. Ne használja, ha érzékeny a termékben található összetevőkre. Ez a termék nem alkalmas gyermekek számára. Gyermekek elől elzárva tartandó.</p>
<p>Tárolás:</p>
<p>A terméket szobahőmérsékleten, hőforrástól és közvetlen napfénytől védve tárolja.</p>
<p>Tartalom: A készítményt a csomagolásban lévő termékekhez nem szabad felhasználni:</p>
<p>200ml</p>
<p>Összetevők:</p>
<p>Aqua, Aloe Barbadensis Leaf Juice, Humulus Lupulus Extract, DecylGlucoside, Lauryl Glucoside, Xanthan Gum, Hydrolyzed WheatProtein, Caprylyl/Capryl Glucoside, HydroxypropyltrimoniumHoney, Sodium Benzoate, Potassium Sorbate, Citric Acid, MenthaPiperita Leaf Oil, Sodium Cocoyl Glutamate, Citrus Limon Peel Oil, Glyceryl Caprylate, Polyglyceryl-6 Oleate, Sodium Surfactin, SorbicAcid, Citral, d-Limonene</p>
<p>Felelős személy és gyártó:</p>
<p>PANAKEIA SK s.r.o., Súvoz 1, 91101 Trencsén, Szlovák Köztársaság,<br />
www.panakeia.hu</p>

<p>Aktív összetevők: A komlókivonat erősíti a hajat és regenerálja a fejbőrt, segít megszabadulni a korpától és megelőzi a hajhullást. &nbsp; A növényi keratin behatol a hajszálakba, ahol aztán belülről hat, hogy helyreállítsa a haj védőszerkezetét. A haj ezután kevésbé érzékeny a károsodásra. &nbsp; Az aloe vera és a növényi glicerin kiváló lágyítószerként hat, gyönyörűen hidratál [&hellip;]</p>
