{"id":476806,"date":"2026-08-29T19:52:45","date_gmt":"2026-08-29T17:52:45","guid":{"rendered":"https:\/\/horgaszhely.hu\/hun\/termek\/panakeia-zuhanyzsele-urucum-200ml\/"},"modified":"2026-08-29T19:53:08","modified_gmt":"2026-08-29T17:53:08","slug":"panakeia-zuhanyzsele-urucum-200ml","status":"publish","type":"product","link":"https:\/\/horgaszhely.hu\/hun\/termek\/panakeia-zuhanyzsele-urucum-200ml\/","title":{"rendered":"PANAKEIA Zuhanyzsel\u00e9 &#8211; URUCUM 200ml"},"content":{"rendered":"<p>&nbsp;<\/p>\n<p>A k\u00e9sz\u00edtm\u00e9nyszulf\u00e1t-, parab\u00e9n- \u00e9s szilikonmentes.Bio n\u00f6v\u00e9nyi olajokkal, enyhe term\u00e9szetes tenzidekkel \u00e9s b\u0151rpuh\u00edt\u00f3 \u00f6sszetev\u0151kkel van \u00f6ssze\u00e1ll\u00edtva. A tenzidek n\u00f6v\u00e9nyi eredet\u0171ek \u00e9sgyeng\u00e9d habot k\u00e9peznek.<\/p>\n<p>Glicerin<br \/>\n az emberi szervezet term\u00e9szetes r\u00e9sze, regener\u00e1l\u00f3 k\u00e9pess\u00e9gekkel rendelkezik, hidrat\u00e1lja a b\u0151rsz\u00f6vetet \u00e9s v\u00e9d\u0151g\u00e1tat k\u00e9pez a kisz\u00e1rad\u00e1s ellen. <\/p>\n<p>&nbsp;<\/p>\n<p>Aloe vera<br \/>\n mag\u00e1hoz k\u00f6ti a nedvess\u00e9get, seg\u00edt hidrat\u00e1lni a b\u0151rt. Ugyanakkor a levelek g\u00e9lje jelent\u0151s regener\u00e1l\u00f3, nyugtat\u00f3, l\u00e1gy\u00edt\u00f3, gy\u00f3gy\u00edt\u00f3 \u00e9s h\u0171s\u00edt\u0151 k\u00e9pess\u00e9gekkel rendelkezik. Antioxid\u00e1nsk\u00e9nt hat \u00e9s gyullad\u00e1scs\u00f6kkent\u0151 hat\u00e1s\u00fa. Ezek a tulajdons\u00e1gok ide\u00e1lisak a le\u00e9g\u00e9s eset\u00e9n.<\/p>\n<p>Panthenol<br \/>\n hidrat\u00e1l\u00f3, gyullad\u00e1scs\u00f6kkent\u0151, regener\u00e1l\u00f3 \u00e9s gy\u00f3gy\u00edt\u00f3 hat\u00e1s\u00fa. A panthenol er\u0151s\u00edti a b\u0151r barrier funkci\u00f3j\u00e1t is, \u00e9s jav\u00edtja a b\u0151r rugalmass\u00e1g\u00e1t. El\u0151seg\u00edti a sejtek regener\u00e1l\u00f3d\u00e1s\u00e1t. <\/p>\n<p>Keleties illat<br \/>\nGy\u00fcm\u00f6lcs\u00f6s-vir\u00e1gos illat keleti be\u00fct\u00e9ssel magabiztos \u00e9s energikus n\u0151knek, ahol a gr\u00e1n\u00e1talma k\u00e1pr\u00e1ztat a nyit\u00f3illatban, \u00e9s keveredik a parf\u00fcm vir\u00e1gos sz\u00edv\u00e9vel. L\u00f3tusz \u00e9s domin\u00e1ns fekete orchidea b\u00fajik meg benne, az illat befejez\u00e9sek\u00e9nt pedig ibolya, \u00e1mbra \u00e9s p\u00e9zsma keveredik mahag\u00f3ni f\u00e1val.<\/p>\n<p>&nbsp;<\/p>\n<p>Illatjegyek<\/p>\n<p>Fels\u0151 jegyek: gr\u00e1n\u00e1talma<br \/>\nK\u00f6z\u00e9ps\u0151 jegyek: l\u00f3tusz, orchidea<br \/>\nAls\u00f3 jegyek: ibolya, borosty\u00e1n, p\u00e9zsma, mahag\u00f3ni<\/p>\n<p>&nbsp;<\/p>\n<p>Specifik\u00e1ci\u00f3k<\/p>\n<p>Haszn\u00e1lati utas\u00edt\u00e1s: Vigye fel a g\u00e9lt a nedves testb\u0151rre, \u00e9s k\u00f6rk\u00f6r\u00f6s mozdulatokkal finoman massz\u00edrozza be. A gyeng\u00e9d habos\u00edt\u00e1s \u00e9s a b\u0151r tiszt\u00edt\u00e1sa ut\u00e1n \u00f6bl\u00edtse le v\u00edzzel.<br \/>\nFigyelmeztet\u00e9s. Ker\u00fclje a szemmel \u00e9s a ny\u00e1lkah\u00e1rty\u00e1val val\u00f3 \u00e9rintkez\u00e9st. Ne haszn\u00e1lja irrit\u00e1lt vagy \u00e9rz\u00e9keny b\u0151r\u00f6n. Ne haszn\u00e1lja, ha \u00e9rz\u00e9keny a term\u00e9kben tal\u00e1lhat\u00f3 \u00f6sszetev\u0151kre. Ez a term\u00e9k 3 \u00e9ves kort\u00f3l alkalmas gyermekek sz\u00e1m\u00e1ra. Gyermekek el\u0151l elz\u00e1rva tartand\u00f3.<br \/>\nT\u00e1rol\u00e1s.<br \/>\n200ml.<br \/>\n\u00d6sszetev\u0151k:&nbsp;Aqua, Aloe Barbadensis Leaf Juice, Decyl Glucoside, Lauryl Glucoside, Xanthan Gum, Parfum, Panthenol, &nbsp;Potassium Sorbate, Sodium Benzoate, Citric Acid, Bixa Orellana Seed Extract<br \/>\nFelel\u0151s szem\u00e9ly \u00e9s gy\u00e1rt\u00f3: PANAKEIA SK s.r.o., \u017dabisnk\u00e1 2, 91105 Trencs\u00e9n, Szlov\u00e1k K\u00f6zt\u00e1rsas\u00e1g, www.panakeia.hu<\/p>\n","protected":false},"excerpt":{"rendered":"<p>&nbsp; A k\u00e9sz\u00edtm\u00e9nyszulf\u00e1t-, parab\u00e9n- \u00e9s szilikonmentes.Bio n\u00f6v\u00e9nyi olajokkal, enyhe term\u00e9szetes tenzidekkel \u00e9s b\u0151rpuh\u00edt\u00f3 \u00f6sszetev\u0151kkel van \u00f6ssze\u00e1ll\u00edtva. A tenzidek n\u00f6v\u00e9nyi eredet\u0171ek \u00e9sgyeng\u00e9d habot k\u00e9peznek. Glicerin az emberi szervezet term\u00e9szetes r\u00e9sze, regener\u00e1l\u00f3 k\u00e9pess\u00e9gekkel rendelkezik, hidrat\u00e1lja a b\u0151rsz\u00f6vetet \u00e9s v\u00e9d\u0151g\u00e1tat k\u00e9pez a kisz\u00e1rad\u00e1s ellen. &nbsp; Aloe vera mag\u00e1hoz k\u00f6ti a nedvess\u00e9get, seg\u00edt hidrat\u00e1lni a b\u0151rt. Ugyanakkor a levelek [&hellip;]<\/p>\n","protected":false},"featured_media":476807,"template":"","meta":{"_acf_changed":false},"product_brand":[],"product_cat":[3414,3380,3425,3445],"product_tag":[],"class_list":["post-476806","product","type-product","status-publish","has-post-thumbnail","product_cat-panakeia-naturkozmetikumok","product_cat-termeszetes-kozmetikumok","product_cat-testapolo-kozmetikumok","product_cat-zuhanyzselek","first","instock","product-type-external"],"acf":[],"_links":{"self":[{"href":"https:\/\/horgaszhely.hu\/hun\/wp-json\/wp\/v2\/product\/476806","targetHints":{"allow":["GET"]}}],"collection":[{"href":"https:\/\/horgaszhely.hu\/hun\/wp-json\/wp\/v2\/product"}],"about":[{"href":"https:\/\/horgaszhely.hu\/hun\/wp-json\/wp\/v2\/types\/product"}],"wp:featuredmedia":[{"embeddable":true,"href":"https:\/\/horgaszhely.hu\/hun\/wp-json\/wp\/v2\/media\/476807"}],"wp:attachment":[{"href":"https:\/\/horgaszhely.hu\/hun\/wp-json\/wp\/v2\/media?parent=476806"}],"wp:term":[{"taxonomy":"product_brand","embeddable":true,"href":"https:\/\/horgaszhely.hu\/hun\/wp-json\/wp\/v2\/product_brand?post=476806"},{"taxonomy":"product_cat","embeddable":true,"href":"https:\/\/horgaszhely.hu\/hun\/wp-json\/wp\/v2\/product_cat?post=476806"},{"taxonomy":"product_tag","embeddable":true,"href":"https:\/\/horgaszhely.hu\/hun\/wp-json\/wp\/v2\/product_tag?post=476806"}],"curies":[{"name":"wp","href":"https:\/\/api.w.org\/{rel}","templated":true}]}}

PANAKEIA Zuhanyzselé &#8211; URUCUM 200ml

<p>&nbsp;</p>
<p>A készítményszulfát-, parabén- és szilikonmentes.Bio növényi olajokkal, enyhe természetes tenzidekkel és bőrpuhító összetevőkkel van összeállítva. A tenzidek növényi eredetűek ésgyengéd habot képeznek.</p>
<p>Glicerin<br />
 az emberi szervezet természetes része, regeneráló képességekkel rendelkezik, hidratálja a bőrszövetet és védőgátat képez a kiszáradás ellen. </p>
<p>&nbsp;</p>
<p>Aloe vera<br />
 magához köti a nedvességet, segít hidratálni a bőrt. Ugyanakkor a levelek gélje jelentős regeneráló, nyugtató, lágyító, gyógyító és hűsítő képességekkel rendelkezik. Antioxidánsként hat és gyulladáscsökkentő hatású. Ezek a tulajdonságok ideálisak a leégés esetén.</p>
<p>Panthenol<br />
 hidratáló, gyulladáscsökkentő, regeneráló és gyógyító hatású. A panthenol erősíti a bőr barrier funkcióját is, és javítja a bőr rugalmasságát. Elősegíti a sejtek regenerálódását. </p>
<p>Keleties illat<br />
Gyümölcsös-virágos illat keleti beütéssel magabiztos és energikus nőknek, ahol a gránátalma kápráztat a nyitóillatban, és keveredik a parfüm virágos szívével. Lótusz és domináns fekete orchidea bújik meg benne, az illat befejezéseként pedig ibolya, ámbra és pézsma keveredik mahagóni fával.</p>
<p>&nbsp;</p>
<p>Illatjegyek</p>
<p>Felső jegyek: gránátalma<br />
Középső jegyek: lótusz, orchidea<br />
Alsó jegyek: ibolya, borostyán, pézsma, mahagóni</p>
<p>&nbsp;</p>
<p>Specifikációk</p>
<p>Használati utasítás: Vigye fel a gélt a nedves testbőrre, és körkörös mozdulatokkal finoman masszírozza be. A gyengéd habosítás és a bőr tisztítása után öblítse le vízzel.<br />
Figyelmeztetés. Kerülje a szemmel és a nyálkahártyával való érintkezést. Ne használja irritált vagy érzékeny bőrön. Ne használja, ha érzékeny a termékben található összetevőkre. Ez a termék 3 éves kortól alkalmas gyermekek számára. Gyermekek elől elzárva tartandó.<br />
Tárolás.<br />
200ml.<br />
Összetevők:&nbsp;Aqua, Aloe Barbadensis Leaf Juice, Decyl Glucoside, Lauryl Glucoside, Xanthan Gum, Parfum, Panthenol, &nbsp;Potassium Sorbate, Sodium Benzoate, Citric Acid, Bixa Orellana Seed Extract<br />
Felelős személy és gyártó: PANAKEIA SK s.r.o., Žabisnká 2, 91105 Trencsén, Szlovák Köztársaság, www.panakeia.hu</p>

<p>&nbsp; A készítményszulfát-, parabén- és szilikonmentes.Bio növényi olajokkal, enyhe természetes tenzidekkel és bőrpuhító összetevőkkel van összeállítva. A tenzidek növényi eredetűek ésgyengéd habot képeznek. Glicerin az emberi szervezet természetes része, regeneráló képességekkel rendelkezik, hidratálja a bőrszövetet és védőgátat képez a kiszáradás ellen. &nbsp; Aloe vera magához köti a nedvességet, segít hidratálni a bőrt. Ugyanakkor a levelek [&hellip;]</p>
