{"id":476877,"date":"2026-08-29T19:54:23","date_gmt":"2026-08-29T17:54:23","guid":{"rendered":"https:\/\/horgaszhely.hu\/hun\/termek\/panakeia-magic-nature-antioxidans-borkrem-30ml\/"},"modified":"2026-08-29T19:54:37","modified_gmt":"2026-08-29T17:54:37","slug":"panakeia-magic-nature-antioxidans-borkrem-30ml","status":"publish","type":"product","link":"https:\/\/horgaszhely.hu\/hun\/termek\/panakeia-magic-nature-antioxidans-borkrem-30ml\/","title":{"rendered":"PANAKEIA MAGIC NATURE &#8211; Antioxid\u00e1ns b\u0151rkr\u00e9m 30ml"},"content":{"rendered":"<p>&nbsp;<br \/>\nA kr\u00e9m egyed\u00fcl\u00e1ll\u00f3 antioxid\u00e1ns formul\u00e1t tartalmaz, amely a leger\u0151sebb \u00e9s legtiszt\u00e1bb antioxid\u00e1nsokat tartalmazza: astaxanthin, C-vitamin barna alga kivonat, bakuchiol \u00e9s hialuronsav.<br \/>\nA benne l\u00e9v\u0151 antioxid\u00e1nsok semleges\u00edtik a szabad gy\u00f6k\u00f6ket, \u00edgy megakad\u00e1lyozz\u00e1k a b\u0151r \u00e9s az arcb\u0151r id\u0151 el\u0151tti \u00f6reged\u00e9s\u00e9t.<br \/>\nA kr\u00e9m v\u00e9di \u00e9s seg\u00edti a b\u0151r meg\u00fajul\u00e1s\u00e1t sejtszinten, valamint gondoskodik a b\u0151r minden r\u00e9teg\u00e9nek m\u00e9lyhidrat\u00e1l\u00e1s\u00e1r\u00f3l \u00e9s t\u00e1pl\u00e1l\u00e1s\u00e1r\u00f3l.<br \/>\nAkt\u00edv \u00f6sszetev\u0151k:<\/p>\n<p>Az ASTAXANTIN seg\u00edt serkenteni a kollag\u00e9ntermel\u00e9st, jav\u00edtja a b\u0151r rugalmass\u00e1g\u00e1t \u00e9s kisim\u00edtja a finom vonalakat \u00e9s r\u00e1ncokat.<br \/>\nEr\u0151teljes antioxid\u00e1nsk\u00e9nt korl\u00e1tozza a pigmentfoltok megjelen\u00e9s\u00e9t. Az astaxantin magas koncentr\u00e1ci\u00f3ja r\u00f3zsasz\u00ednre sz\u00ednezi a kr\u00e9met.<\/p>\n<p>&nbsp;<\/p>\n<p>A BAKUCHIOL-t a Psoralea corylifolia n\u00f6v\u00e9nyb\u0151l (&#8222;babchi&#8221; magvak) vonj\u00e1k ki. Ma m\u00e1r az egyik legn\u00e9pszer\u0171bb b\u0151r\u00e1pol\u00e1si \u00f6sszetev\u0151, mivel a retinollal azonos sim\u00edt\u00f3 \u00e9s ragyog\u00f3 hat\u00e1st k\u00e9pes kifejteni, mint a retinol, de a kellemetlen mell\u00e9khat\u00e1sok n\u00e9lk\u00fcl. A retinol (vit A) term\u00e9szetes \u00e9s biztons\u00e1gos alternat\u00edv\u00e1ja. Egyik nagy el\u0151nye a bakuchiol fotostabilit\u00e1sa, ami alkalmass\u00e1 teszi a napi haszn\u00e1latra. A bakuchiol jav\u00edtja a b\u0151r v\u00e9dekez\u0151k\u00e9pess\u00e9g\u00e9t az oxidat\u00edv \u00e9s gyullad\u00e1sos stresszel szemben, serkenti a kollag\u00e9nszint\u00e9zist \u00e9s aktiv\u00e1lja az \u00f6reged\u00e9sg\u00e1tl\u00f3 g\u00e9neket. Ezt a hat\u00f3anyagot m\u00e9g a leg\u00e9rz\u00e9kenyebb b\u0151r\u0171ek \u00e9s a szoptat\u00f3s any\u00e1k is biztons\u00e1gosan haszn\u00e1lhatj\u00e1k.<\/p>\n<p>&nbsp;<\/p>\n<p>C-VITAMIN &#8211; a C-vitamin rendk\u00edv\u00fcl stabil olajban old\u00f3d\u00f3 \u00e9sztere. Kiv\u00e1l\u00f3an behatol a b\u0151rbe, \u00e9s ennek eredm\u00e9nyek\u00e9nt fokozott v\u00e9delmet ny\u00fajt az UV-B sugarakkal szemben.<br \/>\nA C-vitamin el\u0151seg\u00edti a kollag\u00e9ntermel\u00e9st \u00e9s vil\u00e1gos\u00edt. Klinikai vizsg\u00e1latok kimutatt\u00e1k, hogy a melanogenezis (pigmentk\u00e9pz\u0151d\u00e9s) g\u00e1tl\u00e1s\u00e1val serkenti a kollag\u00e9ntermel\u00e9st, vil\u00e1gos\u00edtja \u00e9s vil\u00e1gos\u00edtja a b\u0151rt, \u00edgy el\u0151seg\u00edti az egyenletesebb b\u0151rt\u00f3nust. A C-vitamin nem helyettes\u00edti a napv\u00e9delmet, de kieg\u00e9sz\u00edt\u0151 v\u00e9delmet ny\u00fajt az oxidat\u00edv k\u00e1rosod\u00e1s ellen, amely id\u0151 el\u0151tti \u00f6reged\u00e9shez \u00e9s b\u0151rr\u00e1khoz vezethet.<\/p>\n<p>&nbsp;<\/p>\n<p>ASEAWEED a Laminaria ochroleuca barna alg\u00e1b\u00f3l, m\u00e1s n\u00e9ven arany h\u00edn\u00e1rb\u00f3l sz\u00e1rmazik.<br \/>\nEz az alga olyan m\u00e1sodlagos anyagcsereterm\u00e9keket termel, amelyek ellen\u00e1llnak az UV-sugaraknak. Ez az alga v\u00e9d\u0151pajzsot k\u00e9pez, amely \u00f6reged\u00e9sg\u00e1tl\u00f3 hat\u00e1st is kifejt. Cs\u00f6kkenti a kisz\u00e1rad\u00e1s okozta r\u00e1ncokat \u00e9s jav\u00edtja az arcb\u0151rt (simas\u00e1g, feszess\u00e9g).<\/p>\n<p>&nbsp;<\/p>\n<p>APEARL PUDDER sz\u00e1mos aminosavat, nyomelemet \u00e9s \u00e1sv\u00e1nyi anyagot tartalmaz, mint p\u00e9ld\u00e1ul magn\u00e9ziumot, vasat, rezet \u00e9s szel\u00e9nt. Megsz\u00fcnteti a faggy\u00fatermel\u00e9st, felsz\u00edvja a felesleges faggy\u00fat \u00e9s eg\u00e9sz nap sima \u00e9s puha tapint\u00e1s\u00fav\u00e1 teszi a b\u0151rt.<\/p>\n<p>&nbsp;<\/p>\n<p>HYALURONSAV &#8211; A kr\u00e9m k\u00e9tf\u00e9le hialuronsav kombin\u00e1ci\u00f3j\u00e1t tartalmazza: Az alacsony molekulas\u00faly\u00fa HA behatol a b\u0151r m\u00e9lyebb r\u00e9tegeibe-m\u00e9ly hidrat\u00e1l\u00e1s. A nagy molekulas\u00faly\u00fa HA a felsz\u00ednen hat \u00e9s azonnal jav\u00edtja a b\u0151r hidrat\u00e1lts\u00e1g\u00e1t.<\/p>\n<p>A gazdag \u00e9s b\u00e1rsonyos text\u00fara besz\u00edv\u00f3dik a b\u0151rbe \u00e9s maxim\u00e1lis k\u00e9nyelmet biztos\u00edt.<br \/>\nMivel sem a bakuchiol, sem az alkalmazott C-vitamin form\u00e1ja nem f\u00e9ny\u00e9rz\u00e9keny\u00edt\u0151, fotostabil \u00e9s nem irrit\u00e1l, a MAGIC NATURE arckr\u00e9m\u00fcnket reggel \u00e9s este is haszn\u00e1lhatja. Reggel kiv\u00e1l\u00f3 hidrat\u00e1l\u00f3 arckr\u00e9m, amely kisim\u00edtja a r\u00e1ncokat, este pedig serkenti a b\u0151r regener\u00e1l\u00f3d\u00e1s\u00e1t. Napi k\u00e9tszeri arckezel\u00e9ssel csod\u00e1latos eredm\u00e9nyeket \u00e9rhet el.<br \/>\nKiv\u00e1l\u00f3an kombin\u00e1lhat\u00f3 a MAGIC NATURE arcsz\u00e9rummal.<br \/>\nDermatol\u00f3giailag tesztelt<br \/>\nK\u00e9zzel k\u00e9sz\u00fclt Szlov\u00e1ki\u00e1ban<br \/>\n&nbsp;<\/p>\n<p>&nbsp;<br \/>\nMAGIC NATURE &#8211; antioxid\u00e1ns arckr\u00e9m<\/p>\n<p>Haszn\u00e1lati utas\u00edt\u00e1s:<\/p>\n<p>Vigyen fel egy v\u00e9kony r\u00e9teg kr\u00e9met sz\u00fcks\u00e9g szerint a megtiszt\u00edtott arcra \u00e9s massz\u00edrozza be.<\/p>\n<p>Figyelmeztet\u00e9s:<\/p>\n<p>Kiz\u00e1r\u00f3lag k\u00fcls\u0151leges haszn\u00e1latra. Kiz\u00e1r\u00f3lag haszn\u00e1latra. Ne haszn\u00e1lja irrit\u00e1lt vagy \u00e9rz\u00e9keny b\u0151r\u00f6n. Ne haszn\u00e1lja, ha \u00e9rz\u00e9keny a term\u00e9kben tal\u00e1lhat\u00f3 \u00f6sszetev\u0151kre. Ez a term\u00e9k nem alkalmas gyermekek sz\u00e1m\u00e1ra. Gyermekek el\u0151l elz\u00e1rva tartand\u00f3.<\/p>\n<p>T\u00e1rol\u00e1s:<\/p>\n<p>A term\u00e9ket szobah\u0151m\u00e9rs\u00e9kleten, h\u0151forr\u00e1st\u00f3l \u00e9s k\u00f6zvetlen napf\u00e9nyt\u0151l v\u00e9dve t\u00e1rolja.<\/p>\n<p>Tartalom: A k\u00e9sz\u00edtm\u00e9nyt a csomagol\u00e1sban l\u00e9v\u0151 term\u00e9kekhez nem szabad felhaszn\u00e1lni:<\/p>\n<p>30 ml.<\/p>\n<p>\u00d6sszetev\u0151k:<\/p>\n<p>Rosa Damascena Flower Water, Argania Spinosa Kernel&nbsp; Oil, Cetearyl Olivate, Pearl Powder, Tetrahexyldecyl Ascorbate, Sorbitan Olivate, Caprylic\/Capric Triglyceride, Bakuchiol, Sodium Hyaluronate, Parfum, Laminaria Ochroleuca Extract, Astaxanthin, Benzyl Alcohol,Salicylic Acid, Glycerin, Sorbic Acid, Benzyl Salicylate, Geraniol<\/p>\n<p>Felel\u0151s szem\u00e9ly \u00e9s gy\u00e1rt\u00f3:<\/p>\n<p>PANAKEIA SK s.r.o., \u017dabinsk\u00e1 2, 911 05 Trencs\u00e9n, Szlov\u00e1k K\u00f6zt\u00e1rsas\u00e1g,<br \/>\nwww.panakeia.hu<\/p>\n","protected":false},"excerpt":{"rendered":"<p>&nbsp; A kr\u00e9m egyed\u00fcl\u00e1ll\u00f3 antioxid\u00e1ns formul\u00e1t tartalmaz, amely a leger\u0151sebb \u00e9s legtiszt\u00e1bb antioxid\u00e1nsokat tartalmazza: astaxanthin, C-vitamin barna alga kivonat, bakuchiol \u00e9s hialuronsav. A benne l\u00e9v\u0151 antioxid\u00e1nsok semleges\u00edtik a szabad gy\u00f6k\u00f6ket, \u00edgy megakad\u00e1lyozz\u00e1k a b\u0151r \u00e9s az arcb\u0151r id\u0151 el\u0151tti \u00f6reged\u00e9s\u00e9t. A kr\u00e9m v\u00e9di \u00e9s seg\u00edti a b\u0151r meg\u00fajul\u00e1s\u00e1t sejtszinten, valamint gondoskodik a b\u0151r minden r\u00e9teg\u00e9nek [&hellip;]<\/p>\n","protected":false},"featured_media":476878,"template":"","meta":{"_acf_changed":false},"product_brand":[],"product_cat":[3429,3436,3414,3380],"product_tag":[],"class_list":["post-476877","product","type-product","status-publish","has-post-thumbnail","product_cat-arckozmetikum","product_cat-nappali-kremek","product_cat-panakeia-naturkozmetikumok","product_cat-termeszetes-kozmetikumok","first","instock","product-type-external"],"acf":[],"_links":{"self":[{"href":"https:\/\/horgaszhely.hu\/hun\/wp-json\/wp\/v2\/product\/476877","targetHints":{"allow":["GET"]}}],"collection":[{"href":"https:\/\/horgaszhely.hu\/hun\/wp-json\/wp\/v2\/product"}],"about":[{"href":"https:\/\/horgaszhely.hu\/hun\/wp-json\/wp\/v2\/types\/product"}],"wp:featuredmedia":[{"embeddable":true,"href":"https:\/\/horgaszhely.hu\/hun\/wp-json\/wp\/v2\/media\/476878"}],"wp:attachment":[{"href":"https:\/\/horgaszhely.hu\/hun\/wp-json\/wp\/v2\/media?parent=476877"}],"wp:term":[{"taxonomy":"product_brand","embeddable":true,"href":"https:\/\/horgaszhely.hu\/hun\/wp-json\/wp\/v2\/product_brand?post=476877"},{"taxonomy":"product_cat","embeddable":true,"href":"https:\/\/horgaszhely.hu\/hun\/wp-json\/wp\/v2\/product_cat?post=476877"},{"taxonomy":"product_tag","embeddable":true,"href":"https:\/\/horgaszhely.hu\/hun\/wp-json\/wp\/v2\/product_tag?post=476877"}],"curies":[{"name":"wp","href":"https:\/\/api.w.org\/{rel}","templated":true}]}}

PANAKEIA MAGIC NATURE &#8211; Antioxidáns bőrkrém 30ml

<p>&nbsp;<br />
A krém egyedülálló antioxidáns formulát tartalmaz, amely a legerősebb és legtisztább antioxidánsokat tartalmazza: astaxanthin, C-vitamin barna alga kivonat, bakuchiol és hialuronsav.<br />
A benne lévő antioxidánsok semlegesítik a szabad gyököket, így megakadályozzák a bőr és az arcbőr idő előtti öregedését.<br />
A krém védi és segíti a bőr megújulását sejtszinten, valamint gondoskodik a bőr minden rétegének mélyhidratálásáról és táplálásáról.<br />
Aktív összetevők:</p>
<p>Az ASTAXANTIN segít serkenteni a kollagéntermelést, javítja a bőr rugalmasságát és kisimítja a finom vonalakat és ráncokat.<br />
Erőteljes antioxidánsként korlátozza a pigmentfoltok megjelenését. Az astaxantin magas koncentrációja rózsaszínre színezi a krémet.</p>
<p>&nbsp;</p>
<p>A BAKUCHIOL-t a Psoralea corylifolia növényből (&#8222;babchi&#8221; magvak) vonják ki. Ma már az egyik legnépszerűbb bőrápolási összetevő, mivel a retinollal azonos simító és ragyogó hatást képes kifejteni, mint a retinol, de a kellemetlen mellékhatások nélkül. A retinol (vit A) természetes és biztonságos alternatívája. Egyik nagy előnye a bakuchiol fotostabilitása, ami alkalmassá teszi a napi használatra. A bakuchiol javítja a bőr védekezőképességét az oxidatív és gyulladásos stresszel szemben, serkenti a kollagénszintézist és aktiválja az öregedésgátló géneket. Ezt a hatóanyagot még a legérzékenyebb bőrűek és a szoptatós anyák is biztonságosan használhatják.</p>
<p>&nbsp;</p>
<p>C-VITAMIN &#8211; a C-vitamin rendkívül stabil olajban oldódó észtere. Kiválóan behatol a bőrbe, és ennek eredményeként fokozott védelmet nyújt az UV-B sugarakkal szemben.<br />
A C-vitamin elősegíti a kollagéntermelést és világosít. Klinikai vizsgálatok kimutatták, hogy a melanogenezis (pigmentképződés) gátlásával serkenti a kollagéntermelést, világosítja és világosítja a bőrt, így elősegíti az egyenletesebb bőrtónust. A C-vitamin nem helyettesíti a napvédelmet, de kiegészítő védelmet nyújt az oxidatív károsodás ellen, amely idő előtti öregedéshez és bőrrákhoz vezethet.</p>
<p>&nbsp;</p>
<p>ASEAWEED a Laminaria ochroleuca barna algából, más néven arany hínárból származik.<br />
Ez az alga olyan másodlagos anyagcseretermékeket termel, amelyek ellenállnak az UV-sugaraknak. Ez az alga védőpajzsot képez, amely öregedésgátló hatást is kifejt. Csökkenti a kiszáradás okozta ráncokat és javítja az arcbőrt (simaság, feszesség).</p>
<p>&nbsp;</p>
<p>APEARL PUDDER számos aminosavat, nyomelemet és ásványi anyagot tartalmaz, mint például magnéziumot, vasat, rezet és szelént. Megszünteti a faggyútermelést, felszívja a felesleges faggyút és egész nap sima és puha tapintásúvá teszi a bőrt.</p>
<p>&nbsp;</p>
<p>HYALURONSAV &#8211; A krém kétféle hialuronsav kombinációját tartalmazza: Az alacsony molekulasúlyú HA behatol a bőr mélyebb rétegeibe-mély hidratálás. A nagy molekulasúlyú HA a felszínen hat és azonnal javítja a bőr hidratáltságát.</p>
<p>A gazdag és bársonyos textúra beszívódik a bőrbe és maximális kényelmet biztosít.<br />
Mivel sem a bakuchiol, sem az alkalmazott C-vitamin formája nem fényérzékenyítő, fotostabil és nem irritál, a MAGIC NATURE arckrémünket reggel és este is használhatja. Reggel kiváló hidratáló arckrém, amely kisimítja a ráncokat, este pedig serkenti a bőr regenerálódását. Napi kétszeri arckezeléssel csodálatos eredményeket érhet el.<br />
Kiválóan kombinálható a MAGIC NATURE arcszérummal.<br />
Dermatológiailag tesztelt<br />
Kézzel készült Szlovákiában<br />
&nbsp;</p>
<p>&nbsp;<br />
MAGIC NATURE &#8211; antioxidáns arckrém</p>
<p>Használati utasítás:</p>
<p>Vigyen fel egy vékony réteg krémet szükség szerint a megtisztított arcra és masszírozza be.</p>
<p>Figyelmeztetés:</p>
<p>Kizárólag külsőleges használatra. Kizárólag használatra. Ne használja irritált vagy érzékeny bőrön. Ne használja, ha érzékeny a termékben található összetevőkre. Ez a termék nem alkalmas gyermekek számára. Gyermekek elől elzárva tartandó.</p>
<p>Tárolás:</p>
<p>A terméket szobahőmérsékleten, hőforrástól és közvetlen napfénytől védve tárolja.</p>
<p>Tartalom: A készítményt a csomagolásban lévő termékekhez nem szabad felhasználni:</p>
<p>30 ml.</p>
<p>Összetevők:</p>
<p>Rosa Damascena Flower Water, Argania Spinosa Kernel&nbsp; Oil, Cetearyl Olivate, Pearl Powder, Tetrahexyldecyl Ascorbate, Sorbitan Olivate, Caprylic/Capric Triglyceride, Bakuchiol, Sodium Hyaluronate, Parfum, Laminaria Ochroleuca Extract, Astaxanthin, Benzyl Alcohol,Salicylic Acid, Glycerin, Sorbic Acid, Benzyl Salicylate, Geraniol</p>
<p>Felelős személy és gyártó:</p>
<p>PANAKEIA SK s.r.o., Žabinská 2, 911 05 Trencsén, Szlovák Köztársaság,<br />
www.panakeia.hu</p>

<p>&nbsp; A krém egyedülálló antioxidáns formulát tartalmaz, amely a legerősebb és legtisztább antioxidánsokat tartalmazza: astaxanthin, C-vitamin barna alga kivonat, bakuchiol és hialuronsav. A benne lévő antioxidánsok semlegesítik a szabad gyököket, így megakadályozzák a bőr és az arcbőr idő előtti öregedését. A krém védi és segíti a bőr megújulását sejtszinten, valamint gondoskodik a bőr minden rétegének [&hellip;]</p>
