{"id":476893,"date":"2026-08-29T19:54:23","date_gmt":"2026-08-29T17:54:23","guid":{"rendered":"https:\/\/horgaszhely.hu\/hun\/termek\/panakeia-minta-bathorycka-nappali-krem-sarkanyverrel-2ml\/"},"modified":"2026-08-29T19:54:52","modified_gmt":"2026-08-29T17:54:52","slug":"panakeia-minta-bathorycka-nappali-krem-sarkanyverrel-2ml","status":"publish","type":"product","link":"https:\/\/horgaszhely.hu\/hun\/termek\/panakeia-minta-bathorycka-nappali-krem-sarkanyverrel-2ml\/","title":{"rendered":"PANAKEIA (Minta) BATHORY\u010cKA &#8211; nappali kr\u00e9m s\u00e1rk\u00e1nyv\u00e9rrel 2ml"},"content":{"rendered":"<p>2 ml-es minta a BATHORY\u010cKA s\u00e1rk\u00e1nyv\u00e9res nappali kr\u00e9mb\u0151l \u2013 ide\u00e1lis, ha szeretn\u00e9d kipr\u00f3b\u00e1lni, miel\u0151tt a teljes, 30 ml-es kiszerel\u00e9s mellett d\u00f6ntesz. A s\u00e1rk\u00e1nyv\u00e9r a term\u00e9szet antioxid\u00e1nsokban gazdag aj\u00e1nd\u00e9ka, amely gyeng\u00e9den t\u00e1mogatja b\u0151r\u00f6d meg\u00fajul\u00e1s\u00e1t \u00e9s ragyog\u00e1s\u00e1t.S\u00e1rk\u00e1nyv\u00e9r \u2013 er\u0151s term\u00e9szetes antioxid\u00e1ns, kifejezett hidrat\u00e1l\u00f3 hat\u00e1ssalOl\u00edva szkval\u00e1n \u2013 b\u00e1rsonyos \u00e9rzetet hagy, t\u00e1mogatja a b\u0151r v\u00e9d\u0151r\u00e9teg\u00e9tPeptidek \u2013 serkentik a kollag\u00e9ntermel\u00e9st a feszesebb b\u0151r\u00e9rt100% term\u00e9szetes term\u00e9k, \u00e1llatokon nem teszteltHaszn\u00e1lat: Reggel vigy\u00e9l fel kis mennyis\u00e9get a megtiszt\u00edtott arcb\u0151rre, \u00e9s gyeng\u00e9d mozdulatokkal massz\u00edrozd be.<\/p>\n","protected":false},"excerpt":{"rendered":"<p>2 ml-es minta a BATHORY\u010cKA s\u00e1rk\u00e1nyv\u00e9res nappali kr\u00e9mb\u0151l \u2013 ide\u00e1lis, ha szeretn\u00e9d kipr\u00f3b\u00e1lni, miel\u0151tt a teljes, 30 ml-es kiszerel\u00e9s mellett d\u00f6ntesz. A s\u00e1rk\u00e1nyv\u00e9r a term\u00e9szet antioxid\u00e1nsokban gazdag aj\u00e1nd\u00e9ka, amely gyeng\u00e9den t\u00e1mogatja b\u0151r\u00f6d meg\u00fajul\u00e1s\u00e1t \u00e9s ragyog\u00e1s\u00e1t.S\u00e1rk\u00e1nyv\u00e9r \u2013 er\u0151s term\u00e9szetes antioxid\u00e1ns, kifejezett hidrat\u00e1l\u00f3 hat\u00e1ssalOl\u00edva szkval\u00e1n \u2013 b\u00e1rsonyos \u00e9rzetet hagy, t\u00e1mogatja a b\u0151r v\u00e9d\u0151r\u00e9teg\u00e9tPeptidek \u2013 serkentik a kollag\u00e9ntermel\u00e9st [&hellip;]<\/p>\n","protected":false},"featured_media":476894,"template":"","meta":{"_acf_changed":false},"product_brand":[],"product_cat":[3429,3436,3459,3414,3380],"product_tag":[],"class_list":["post-476893","product","type-product","status-publish","has-post-thumbnail","product_cat-arckozmetikum","product_cat-nappali-kremek","product_cat-nappali-kremek-mintai","product_cat-panakeia-naturkozmetikumok","product_cat-termeszetes-kozmetikumok","first","instock","product-type-external"],"acf":[],"_links":{"self":[{"href":"https:\/\/horgaszhely.hu\/hun\/wp-json\/wp\/v2\/product\/476893","targetHints":{"allow":["GET"]}}],"collection":[{"href":"https:\/\/horgaszhely.hu\/hun\/wp-json\/wp\/v2\/product"}],"about":[{"href":"https:\/\/horgaszhely.hu\/hun\/wp-json\/wp\/v2\/types\/product"}],"wp:featuredmedia":[{"embeddable":true,"href":"https:\/\/horgaszhely.hu\/hun\/wp-json\/wp\/v2\/media\/476894"}],"wp:attachment":[{"href":"https:\/\/horgaszhely.hu\/hun\/wp-json\/wp\/v2\/media?parent=476893"}],"wp:term":[{"taxonomy":"product_brand","embeddable":true,"href":"https:\/\/horgaszhely.hu\/hun\/wp-json\/wp\/v2\/product_brand?post=476893"},{"taxonomy":"product_cat","embeddable":true,"href":"https:\/\/horgaszhely.hu\/hun\/wp-json\/wp\/v2\/product_cat?post=476893"},{"taxonomy":"product_tag","embeddable":true,"href":"https:\/\/horgaszhely.hu\/hun\/wp-json\/wp\/v2\/product_tag?post=476893"}],"curies":[{"name":"wp","href":"https:\/\/api.w.org\/{rel}","templated":true}]}}

PANAKEIA (Minta) BATHORYČKA &#8211; nappali krém sárkányvérrel 2ml

<p>2 ml-es minta a BATHORYČKA sárkányvéres nappali krémből – ideális, ha szeretnéd kipróbálni, mielőtt a teljes, 30 ml-es kiszerelés mellett döntesz. A sárkányvér a természet antioxidánsokban gazdag ajándéka, amely gyengéden támogatja bőröd megújulását és ragyogását.Sárkányvér – erős természetes antioxidáns, kifejezett hidratáló hatássalOlíva szkvalán – bársonyos érzetet hagy, támogatja a bőr védőrétegétPeptidek – serkentik a kollagéntermelést a feszesebb bőrért100% természetes termék, állatokon nem teszteltHasználat: Reggel vigyél fel kis mennyiséget a megtisztított arcbőrre, és gyengéd mozdulatokkal masszírozd be.</p>

<p>2 ml-es minta a BATHORYČKA sárkányvéres nappali krémből – ideális, ha szeretnéd kipróbálni, mielőtt a teljes, 30 ml-es kiszerelés mellett döntesz. A sárkányvér a természet antioxidánsokban gazdag ajándéka, amely gyengéden támogatja bőröd megújulását és ragyogását.Sárkányvér – erős természetes antioxidáns, kifejezett hidratáló hatássalOlíva szkvalán – bársonyos érzetet hagy, támogatja a bőr védőrétegétPeptidek – serkentik a kollagéntermelést [&hellip;]</p>
