{"id":476897,"date":"2026-09-05T02:02:18","date_gmt":"2026-09-05T00:02:18","guid":{"rendered":"https:\/\/horgaszhely.hu\/hun\/termek\/panakeia-minta-caviar-nappali-krem-2ml\/"},"modified":"2026-09-05T02:02:24","modified_gmt":"2026-09-05T00:02:24","slug":"panakeia-minta-caviar-nappali-krem-2ml","status":"publish","type":"product","link":"https:\/\/horgaszhely.hu\/hun\/termek\/panakeia-minta-caviar-nappali-krem-2ml\/","title":{"rendered":"PANAKEIA (Minta) Caviar nappali kr\u00e9m 2ml"},"content":{"rendered":"<p>2 ml-es minta a Kavi\u00e1r nappali kr\u00e9mb\u0151l \u2013 gyeng\u00e9d bemutatkoz\u00e1s, miel\u0151tt a teljes, 30 ml-es kiszerel\u00e9st v\u00e1lasztan\u00e1d. Ez a fiatal\u00edt\u00f3 kr\u00e9m k\u00e9nyezteti \u00e9s felt\u00f6lti a f\u00e1radt b\u0151rt, visszaadva puhas\u00e1g\u00e1t \u00e9s term\u00e9szetes ragyog\u00e1s\u00e1t.Kavi\u00e1rkivonat glikozaminoglik\u00e1nokkal \u2013 t\u00e1pl\u00e1lja \u00e9s \u00e9l\u00e9nk\u00edti a b\u0151rtTengeri kollag\u00e9n \u2013 sim\u00e1bb, feszesebb, rugalmasabb b\u0151r\u00e9rzetHidrat\u00e1l\u00f3 hat\u00f3anyagok, amelyek megk\u00f6tik \u00e9s p\u00f3tolj\u00e1k a nedvess\u00e9getK\u00f6nnyed text\u00fara, amely igazi k\u00e9nyeztet\u00e9ssel gazdag\u00edtja a reggeli ritu\u00e1l\u00e9tHaszn\u00e1lat: Reggel vigy\u00e9l fel kis mennyis\u00e9get a megtiszt\u00edtott arcb\u0151rre, \u00e9s finoman massz\u00edrozd be.<\/p>\n","protected":false},"excerpt":{"rendered":"<p>2 ml-es minta a Kavi\u00e1r nappali kr\u00e9mb\u0151l \u2013 gyeng\u00e9d bemutatkoz\u00e1s, miel\u0151tt a teljes, 30 ml-es kiszerel\u00e9st v\u00e1lasztan\u00e1d. Ez a fiatal\u00edt\u00f3 kr\u00e9m k\u00e9nyezteti \u00e9s felt\u00f6lti a f\u00e1radt b\u0151rt, visszaadva puhas\u00e1g\u00e1t \u00e9s term\u00e9szetes ragyog\u00e1s\u00e1t.Kavi\u00e1rkivonat glikozaminoglik\u00e1nokkal \u2013 t\u00e1pl\u00e1lja \u00e9s \u00e9l\u00e9nk\u00edti a b\u0151rtTengeri kollag\u00e9n \u2013 sim\u00e1bb, feszesebb, rugalmasabb b\u0151r\u00e9rzetHidrat\u00e1l\u00f3 hat\u00f3anyagok, amelyek megk\u00f6tik \u00e9s p\u00f3tolj\u00e1k a nedvess\u00e9getK\u00f6nnyed text\u00fara, amely igazi [&hellip;]<\/p>\n","protected":false},"featured_media":477754,"template":"","meta":{"_acf_changed":false},"product_brand":[],"product_cat":[3429,3436,3459,3414,3380],"product_tag":[],"class_list":["post-476897","product","type-product","status-publish","has-post-thumbnail","product_cat-arckozmetikum","product_cat-nappali-kremek","product_cat-nappali-kremek-mintai","product_cat-panakeia-naturkozmetikumok","product_cat-termeszetes-kozmetikumok","first","instock","product-type-external"],"acf":[],"_links":{"self":[{"href":"https:\/\/horgaszhely.hu\/hun\/wp-json\/wp\/v2\/product\/476897","targetHints":{"allow":["GET"]}}],"collection":[{"href":"https:\/\/horgaszhely.hu\/hun\/wp-json\/wp\/v2\/product"}],"about":[{"href":"https:\/\/horgaszhely.hu\/hun\/wp-json\/wp\/v2\/types\/product"}],"wp:featuredmedia":[{"embeddable":true,"href":"https:\/\/horgaszhely.hu\/hun\/wp-json\/wp\/v2\/media\/477754"}],"wp:attachment":[{"href":"https:\/\/horgaszhely.hu\/hun\/wp-json\/wp\/v2\/media?parent=476897"}],"wp:term":[{"taxonomy":"product_brand","embeddable":true,"href":"https:\/\/horgaszhely.hu\/hun\/wp-json\/wp\/v2\/product_brand?post=476897"},{"taxonomy":"product_cat","embeddable":true,"href":"https:\/\/horgaszhely.hu\/hun\/wp-json\/wp\/v2\/product_cat?post=476897"},{"taxonomy":"product_tag","embeddable":true,"href":"https:\/\/horgaszhely.hu\/hun\/wp-json\/wp\/v2\/product_tag?post=476897"}],"curies":[{"name":"wp","href":"https:\/\/api.w.org\/{rel}","templated":true}]}}

PANAKEIA (Minta) Caviar nappali krém 2ml

<p>2 ml-es minta a Kaviár nappali krémből – gyengéd bemutatkozás, mielőtt a teljes, 30 ml-es kiszerelést választanád. Ez a fiatalító krém kényezteti és feltölti a fáradt bőrt, visszaadva puhaságát és természetes ragyogását.Kaviárkivonat glikozaminoglikánokkal – táplálja és élénkíti a bőrtTengeri kollagén – simább, feszesebb, rugalmasabb bőrérzetHidratáló hatóanyagok, amelyek megkötik és pótolják a nedvességetKönnyed textúra, amely igazi kényeztetéssel gazdagítja a reggeli rituálétHasználat: Reggel vigyél fel kis mennyiséget a megtisztított arcbőrre, és finoman masszírozd be.</p>

<p>2 ml-es minta a Kaviár nappali krémből – gyengéd bemutatkozás, mielőtt a teljes, 30 ml-es kiszerelést választanád. Ez a fiatalító krém kényezteti és feltölti a fáradt bőrt, visszaadva puhaságát és természetes ragyogását.Kaviárkivonat glikozaminoglikánokkal – táplálja és élénkíti a bőrtTengeri kollagén – simább, feszesebb, rugalmasabb bőrérzetHidratáló hatóanyagok, amelyek megkötik és pótolják a nedvességetKönnyed textúra, amely igazi [&hellip;]</p>
