{"id":476911,"date":"2026-08-29T19:55:13","date_gmt":"2026-08-29T17:55:13","guid":{"rendered":"https:\/\/horgaszhely.hu\/hun\/termek\/panakeia-minta-p-biotikus-vedokrem-2ml\/"},"modified":"2026-08-29T19:55:17","modified_gmt":"2026-08-29T17:55:17","slug":"panakeia-minta-p-biotikus-vedokrem-2ml","status":"publish","type":"product","link":"https:\/\/horgaszhely.hu\/hun\/termek\/panakeia-minta-p-biotikus-vedokrem-2ml\/","title":{"rendered":"PANAKEIA (Minta) P-Biotikus v\u00e9d\u0151kr\u00e9m 2ml"},"content":{"rendered":"<p>2 ml-es minta a P-Biotikus v\u00e9d\u0151kr\u00e9mb\u0151l \u2013 gyeng\u00e9d ismerked\u00e9s, miel\u0151tt a teljes, 30 ml-es kiszerel\u00e9st v\u00e1lasztan\u00e1d. A kr\u00e9m a b\u0151r mikrobiomj\u00e1nak egyens\u00faly\u00e1t t\u00e1mogatja, hogy b\u0151r\u00f6d nyugodt, kiegyens\u00falyozott \u00e9s ragyog\u00f3 maradjon.Black BeeOm \u2013 erjesztett fekete m\u00e9hm\u00e9z a b\u0151rfl\u00f3ra egyens\u00faly\u00e1\u00e9rtFerment\u00e1lt zab \u2013 sim\u00e1bb b\u0151r\u00e9rzet \u00e9s term\u00e9szetes ragyog\u00e1sT\u00e1mogatja a b\u0151r term\u00e9szetes v\u00e9d\u0151g\u00e1tj\u00e1t \u00e9s hidrat\u00e1lts\u00e1g\u00e1t\u00c9rz\u00e9keny b\u0151rre is ide\u00e1lis v\u00e1laszt\u00e1sHaszn\u00e1lat: Vigy\u00e9l fel kis mennyis\u00e9get a megtiszt\u00edtott arcb\u0151rre reggel vagy este, gyeng\u00e9den bemassz\u00edrozva.<\/p>\n","protected":false},"excerpt":{"rendered":"<p>2 ml-es minta a P-Biotikus v\u00e9d\u0151kr\u00e9mb\u0151l \u2013 gyeng\u00e9d ismerked\u00e9s, miel\u0151tt a teljes, 30 ml-es kiszerel\u00e9st v\u00e1lasztan\u00e1d. A kr\u00e9m a b\u0151r mikrobiomj\u00e1nak egyens\u00faly\u00e1t t\u00e1mogatja, hogy b\u0151r\u00f6d nyugodt, kiegyens\u00falyozott \u00e9s ragyog\u00f3 maradjon.Black BeeOm \u2013 erjesztett fekete m\u00e9hm\u00e9z a b\u0151rfl\u00f3ra egyens\u00faly\u00e1\u00e9rtFerment\u00e1lt zab \u2013 sim\u00e1bb b\u0151r\u00e9rzet \u00e9s term\u00e9szetes ragyog\u00e1sT\u00e1mogatja a b\u0151r term\u00e9szetes v\u00e9d\u0151g\u00e1tj\u00e1t \u00e9s hidrat\u00e1lts\u00e1g\u00e1t\u00c9rz\u00e9keny b\u0151rre is ide\u00e1lis v\u00e1laszt\u00e1sHaszn\u00e1lat: [&hellip;]<\/p>\n","protected":false},"featured_media":476912,"template":"","meta":{"_acf_changed":false},"product_brand":[],"product_cat":[3429,3436,3459,3414,3380],"product_tag":[],"class_list":["post-476911","product","type-product","status-publish","has-post-thumbnail","product_cat-arckozmetikum","product_cat-nappali-kremek","product_cat-nappali-kremek-mintai","product_cat-panakeia-naturkozmetikumok","product_cat-termeszetes-kozmetikumok","first","instock","product-type-external"],"acf":[],"_links":{"self":[{"href":"https:\/\/horgaszhely.hu\/hun\/wp-json\/wp\/v2\/product\/476911","targetHints":{"allow":["GET"]}}],"collection":[{"href":"https:\/\/horgaszhely.hu\/hun\/wp-json\/wp\/v2\/product"}],"about":[{"href":"https:\/\/horgaszhely.hu\/hun\/wp-json\/wp\/v2\/types\/product"}],"wp:featuredmedia":[{"embeddable":true,"href":"https:\/\/horgaszhely.hu\/hun\/wp-json\/wp\/v2\/media\/476912"}],"wp:attachment":[{"href":"https:\/\/horgaszhely.hu\/hun\/wp-json\/wp\/v2\/media?parent=476911"}],"wp:term":[{"taxonomy":"product_brand","embeddable":true,"href":"https:\/\/horgaszhely.hu\/hun\/wp-json\/wp\/v2\/product_brand?post=476911"},{"taxonomy":"product_cat","embeddable":true,"href":"https:\/\/horgaszhely.hu\/hun\/wp-json\/wp\/v2\/product_cat?post=476911"},{"taxonomy":"product_tag","embeddable":true,"href":"https:\/\/horgaszhely.hu\/hun\/wp-json\/wp\/v2\/product_tag?post=476911"}],"curies":[{"name":"wp","href":"https:\/\/api.w.org\/{rel}","templated":true}]}}

PANAKEIA (Minta) P-Biotikus védőkrém 2ml

<p>2 ml-es minta a P-Biotikus védőkrémből – gyengéd ismerkedés, mielőtt a teljes, 30 ml-es kiszerelést választanád. A krém a bőr mikrobiomjának egyensúlyát támogatja, hogy bőröd nyugodt, kiegyensúlyozott és ragyogó maradjon.Black BeeOm – erjesztett fekete méhméz a bőrflóra egyensúlyáértFermentált zab – simább bőrérzet és természetes ragyogásTámogatja a bőr természetes védőgátját és hidratáltságátÉrzékeny bőrre is ideális választásHasználat: Vigyél fel kis mennyiséget a megtisztított arcbőrre reggel vagy este, gyengéden bemasszírozva.</p>

<p>2 ml-es minta a P-Biotikus védőkrémből – gyengéd ismerkedés, mielőtt a teljes, 30 ml-es kiszerelést választanád. A krém a bőr mikrobiomjának egyensúlyát támogatja, hogy bőröd nyugodt, kiegyensúlyozott és ragyogó maradjon.Black BeeOm – erjesztett fekete méhméz a bőrflóra egyensúlyáértFermentált zab – simább bőrérzet és természetes ragyogásTámogatja a bőr természetes védőgátját és hidratáltságátÉrzékeny bőrre is ideális választásHasználat: [&hellip;]</p>
