{"id":476915,"date":"2026-09-05T02:02:29","date_gmt":"2026-09-05T00:02:29","guid":{"rendered":"https:\/\/horgaszhely.hu\/hun\/termek\/panakeia-minta-peptid-ejszakai-krem-2ml\/"},"modified":"2026-09-05T02:02:32","modified_gmt":"2026-09-05T00:02:32","slug":"panakeia-minta-peptid-ejszakai-krem-2ml","status":"publish","type":"product","link":"https:\/\/horgaszhely.hu\/hun\/termek\/panakeia-minta-peptid-ejszakai-krem-2ml\/","title":{"rendered":"PANAKEIA (Minta) Peptid \u00e9jszakai kr\u00e9m 2ml"},"content":{"rendered":"<p>2 ml-es minta a Peptid \u00e9jszakai kr\u00e9mb\u0151l NovoRetin&#x2122;-nel \u2013 ismerd meg, miel\u0151tt a teljes, 30 ml-es v\u00e1ltozatot v\u00e1lasztod. Am\u00edg te pihensz, a peptidek \u00e9s a retinol n\u00f6v\u00e9nyi alternat\u00edv\u00e1ja gyeng\u00e9den dolgoznak b\u0151r\u00f6d meg\u00fajul\u00e1s\u00e1n.NovoRetin&#x2122; \u2013 a retinol n\u00f6v\u00e9nyi alap\u00fa alternat\u00edv\u00e1ja a chiosi masztixgyant\u00e1b\u00f3lPeptidek \u2013 t\u00e1mogatj\u00e1k a kollag\u00e9n- \u00e9s elasztintermel\u00e9stKisim\u00edtja a finom vonalakat, feszesebb b\u0151r\u00e9rzetet adM\u00e9lyen hidrat\u00e1l az \u00e9jszakai pihen\u00e9s alattHaszn\u00e1lat: Este vigy\u00e9l fel kis mennyis\u00e9get a megtiszt\u00edtott arcb\u0151rre, \u00e9s hagyd, hogy az \u00e9jszaka folyam\u00e1n kifejtse hat\u00e1s\u00e1t.<\/p>\n","protected":false},"excerpt":{"rendered":"<p>2 ml-es minta a Peptid \u00e9jszakai kr\u00e9mb\u0151l NovoRetin&#x2122;-nel \u2013 ismerd meg, miel\u0151tt a teljes, 30 ml-es v\u00e1ltozatot v\u00e1lasztod. Am\u00edg te pihensz, a peptidek \u00e9s a retinol n\u00f6v\u00e9nyi alternat\u00edv\u00e1ja gyeng\u00e9den dolgoznak b\u0151r\u00f6d meg\u00fajul\u00e1s\u00e1n.NovoRetin&#x2122; \u2013 a retinol n\u00f6v\u00e9nyi alap\u00fa alternat\u00edv\u00e1ja a chiosi masztixgyant\u00e1b\u00f3lPeptidek \u2013 t\u00e1mogatj\u00e1k a kollag\u00e9n- \u00e9s elasztintermel\u00e9stKisim\u00edtja a finom vonalakat, feszesebb b\u0151r\u00e9rzetet adM\u00e9lyen hidrat\u00e1l az [&hellip;]<\/p>\n","protected":false},"featured_media":477757,"template":"","meta":{"_acf_changed":false},"product_brand":[],"product_cat":[3429,3436,3459,3414,3380],"product_tag":[],"class_list":["post-476915","product","type-product","status-publish","has-post-thumbnail","product_cat-arckozmetikum","product_cat-nappali-kremek","product_cat-nappali-kremek-mintai","product_cat-panakeia-naturkozmetikumok","product_cat-termeszetes-kozmetikumok","first","instock","product-type-external"],"acf":[],"_links":{"self":[{"href":"https:\/\/horgaszhely.hu\/hun\/wp-json\/wp\/v2\/product\/476915","targetHints":{"allow":["GET"]}}],"collection":[{"href":"https:\/\/horgaszhely.hu\/hun\/wp-json\/wp\/v2\/product"}],"about":[{"href":"https:\/\/horgaszhely.hu\/hun\/wp-json\/wp\/v2\/types\/product"}],"wp:featuredmedia":[{"embeddable":true,"href":"https:\/\/horgaszhely.hu\/hun\/wp-json\/wp\/v2\/media\/477757"}],"wp:attachment":[{"href":"https:\/\/horgaszhely.hu\/hun\/wp-json\/wp\/v2\/media?parent=476915"}],"wp:term":[{"taxonomy":"product_brand","embeddable":true,"href":"https:\/\/horgaszhely.hu\/hun\/wp-json\/wp\/v2\/product_brand?post=476915"},{"taxonomy":"product_cat","embeddable":true,"href":"https:\/\/horgaszhely.hu\/hun\/wp-json\/wp\/v2\/product_cat?post=476915"},{"taxonomy":"product_tag","embeddable":true,"href":"https:\/\/horgaszhely.hu\/hun\/wp-json\/wp\/v2\/product_tag?post=476915"}],"curies":[{"name":"wp","href":"https:\/\/api.w.org\/{rel}","templated":true}]}}

PANAKEIA (Minta) Peptid éjszakai krém 2ml

<p>2 ml-es minta a Peptid éjszakai krémből NovoRetin&#x2122;-nel – ismerd meg, mielőtt a teljes, 30 ml-es változatot választod. Amíg te pihensz, a peptidek és a retinol növényi alternatívája gyengéden dolgoznak bőröd megújulásán.NovoRetin&#x2122; – a retinol növényi alapú alternatívája a chiosi masztixgyantábólPeptidek – támogatják a kollagén- és elasztintermeléstKisimítja a finom vonalakat, feszesebb bőrérzetet adMélyen hidratál az éjszakai pihenés alattHasználat: Este vigyél fel kis mennyiséget a megtisztított arcbőrre, és hagyd, hogy az éjszaka folyamán kifejtse hatását.</p>

<p>2 ml-es minta a Peptid éjszakai krémből NovoRetin&#x2122;-nel – ismerd meg, mielőtt a teljes, 30 ml-es változatot választod. Amíg te pihensz, a peptidek és a retinol növényi alternatívája gyengéden dolgoznak bőröd megújulásán.NovoRetin&#x2122; – a retinol növényi alapú alternatívája a chiosi masztixgyantábólPeptidek – támogatják a kollagén- és elasztintermeléstKisimítja a finom vonalakat, feszesebb bőrérzetet adMélyen hidratál az [&hellip;]</p>
