{"id":476921,"date":"2026-09-05T02:02:29","date_gmt":"2026-09-05T00:02:29","guid":{"rendered":"https:\/\/horgaszhely.hu\/hun\/termek\/panakeia-minta-stefka-hars-nappali-krem-akmellaval-es-selyemfeherjevel-2ml\/"},"modified":"2026-09-05T02:02:38","modified_gmt":"2026-09-05T00:02:38","slug":"panakeia-minta-stefka-hars-nappali-krem-akmellaval-es-selyemfeherjevel-2ml","status":"publish","type":"product","link":"https:\/\/horgaszhely.hu\/hun\/termek\/panakeia-minta-stefka-hars-nappali-krem-akmellaval-es-selyemfeherjevel-2ml\/","title":{"rendered":"PANAKEIA (Minta) \u0160TEFKA &#8211; H\u00e1rs nappali kr\u00e9m akmell\u00e1val \u00e9s selyemfeh\u00e9rj\u00e9vel 2ml"},"content":{"rendered":"<p>A \u0160TEFKA h\u00e1rs nappali kr\u00e9m 2 ml-es mint\u00e1ja \u2013 t\u00f6k\u00e9letes lehet\u0151s\u00e9g, hogy kipr\u00f3b\u00e1ld, miel\u0151tt a teljes, 30 ml-es kiszerel\u00e9s mellett d\u00f6nten\u00e9l. Extra hidrat\u00e1l\u00f3, b\u0151rsim\u00edt\u00f3 kr\u00e9m selyemmel, amely az \u00e9rz\u00e9keny b\u0151rt is gyeng\u00e9den \u00e1polja.A selyemfeh\u00e9rje \u00e9s a hialuronsav megk\u00f6ti a nedvess\u00e9get \u2013 a b\u0151r puha, \u00fcde tapint\u00e1s\u00fa leszA h\u00e1rsfavir\u00e1g-olaj nyugtatja az \u00e9rz\u00e9keny b\u0151rt, \u00e9s finom, aranyl\u00f3 ragyog\u00e1st k\u00f6lcs\u00f6n\u00f6zAz Acmella kivonat serkenti a kollag\u00e9ntermel\u00e9st, \u00e9s kisim\u00edtja a mimikai r\u00e1ncokatTerm\u00e9szetes, k\u00e9zzel k\u00e9sz\u00fclt kozmetikum a csal\u00e1di manufakt\u00far\u00e1nkb\u00f3lHaszn\u00e1lat: Vigy\u00e9l fel egy v\u00e9kony r\u00e9teget a megtiszt\u00edtott arcb\u0151rre, \u00e9s gyeng\u00e9den massz\u00edrozd be.<\/p>\n","protected":false},"excerpt":{"rendered":"<p>A \u0160TEFKA h\u00e1rs nappali kr\u00e9m 2 ml-es mint\u00e1ja \u2013 t\u00f6k\u00e9letes lehet\u0151s\u00e9g, hogy kipr\u00f3b\u00e1ld, miel\u0151tt a teljes, 30 ml-es kiszerel\u00e9s mellett d\u00f6nten\u00e9l. Extra hidrat\u00e1l\u00f3, b\u0151rsim\u00edt\u00f3 kr\u00e9m selyemmel, amely az \u00e9rz\u00e9keny b\u0151rt is gyeng\u00e9den \u00e1polja.A selyemfeh\u00e9rje \u00e9s a hialuronsav megk\u00f6ti a nedvess\u00e9get \u2013 a b\u0151r puha, \u00fcde tapint\u00e1s\u00fa leszA h\u00e1rsfavir\u00e1g-olaj nyugtatja az \u00e9rz\u00e9keny b\u0151rt, \u00e9s finom, aranyl\u00f3 [&hellip;]<\/p>\n","protected":false},"featured_media":477759,"template":"","meta":{"_acf_changed":false},"product_brand":[],"product_cat":[3429,3436,3459,3414,3380],"product_tag":[],"class_list":["post-476921","product","type-product","status-publish","has-post-thumbnail","product_cat-arckozmetikum","product_cat-nappali-kremek","product_cat-nappali-kremek-mintai","product_cat-panakeia-naturkozmetikumok","product_cat-termeszetes-kozmetikumok","first","instock","product-type-external"],"acf":[],"_links":{"self":[{"href":"https:\/\/horgaszhely.hu\/hun\/wp-json\/wp\/v2\/product\/476921","targetHints":{"allow":["GET"]}}],"collection":[{"href":"https:\/\/horgaszhely.hu\/hun\/wp-json\/wp\/v2\/product"}],"about":[{"href":"https:\/\/horgaszhely.hu\/hun\/wp-json\/wp\/v2\/types\/product"}],"wp:featuredmedia":[{"embeddable":true,"href":"https:\/\/horgaszhely.hu\/hun\/wp-json\/wp\/v2\/media\/477759"}],"wp:attachment":[{"href":"https:\/\/horgaszhely.hu\/hun\/wp-json\/wp\/v2\/media?parent=476921"}],"wp:term":[{"taxonomy":"product_brand","embeddable":true,"href":"https:\/\/horgaszhely.hu\/hun\/wp-json\/wp\/v2\/product_brand?post=476921"},{"taxonomy":"product_cat","embeddable":true,"href":"https:\/\/horgaszhely.hu\/hun\/wp-json\/wp\/v2\/product_cat?post=476921"},{"taxonomy":"product_tag","embeddable":true,"href":"https:\/\/horgaszhely.hu\/hun\/wp-json\/wp\/v2\/product_tag?post=476921"}],"curies":[{"name":"wp","href":"https:\/\/api.w.org\/{rel}","templated":true}]}}

PANAKEIA (Minta) ŠTEFKA &#8211; Hárs nappali krém akmellával és selyemfehérjével 2ml

<p>A ŠTEFKA hárs nappali krém 2 ml-es mintája – tökéletes lehetőség, hogy kipróbáld, mielőtt a teljes, 30 ml-es kiszerelés mellett döntenél. Extra hidratáló, bőrsimító krém selyemmel, amely az érzékeny bőrt is gyengéden ápolja.A selyemfehérje és a hialuronsav megköti a nedvességet – a bőr puha, üde tapintású leszA hársfavirág-olaj nyugtatja az érzékeny bőrt, és finom, aranyló ragyogást kölcsönözAz Acmella kivonat serkenti a kollagéntermelést, és kisimítja a mimikai ráncokatTermészetes, kézzel készült kozmetikum a családi manufaktúránkbólHasználat: Vigyél fel egy vékony réteget a megtisztított arcbőrre, és gyengéden masszírozd be.</p>

<p>A ŠTEFKA hárs nappali krém 2 ml-es mintája – tökéletes lehetőség, hogy kipróbáld, mielőtt a teljes, 30 ml-es kiszerelés mellett döntenél. Extra hidratáló, bőrsimító krém selyemmel, amely az érzékeny bőrt is gyengéden ápolja.A selyemfehérje és a hialuronsav megköti a nedvességet – a bőr puha, üde tapintású leszA hársfavirág-olaj nyugtatja az érzékeny bőrt, és finom, aranyló [&hellip;]</p>
