{"id":476935,"date":"2026-09-05T02:02:29","date_gmt":"2026-09-05T00:02:29","guid":{"rendered":"https:\/\/horgaszhely.hu\/hun\/termek\/panakeia-minta-za-kybel-krasy-mandulas-nappali-krem-2ml\/"},"modified":"2026-09-05T02:02:44","modified_gmt":"2026-09-05T00:02:44","slug":"panakeia-minta-za-kybel-krasy-mandulas-nappali-krem-2ml","status":"publish","type":"product","link":"https:\/\/horgaszhely.hu\/hun\/termek\/panakeia-minta-za-kybel-krasy-mandulas-nappali-krem-2ml\/","title":{"rendered":"PANAKEIA (Minta) ZA K\u00ddBEL KR\u00c1SY &#8211; mandul\u00e1s nappali kr\u00e9m 2ml"},"content":{"rendered":"<p>A SZ\u00c9PESS\u00c9G T\u00c1LY\u00c1N T\u00daL Mandulakr\u00e9m<br \/>\nHaszn\u00e1lati utas\u00edt\u00e1s: A kr\u00e9met v\u00e9kony r\u00e9tegben vigye fel a megtiszt\u00edtott arcra, majd massz\u00edrozza be.<\/p>\n<p>T\u00e1pl\u00e1l\u00f3, hidrat\u00e1l\u00f3 mandulakr\u00e9m er\u0151s regener\u00e1l\u00f3 hat\u00e1ssal, \u00e9rett b\u0151rre alkalmas. Hidrat\u00e1l\u00f3, antioxid\u00e1ns \u00e9s \u00f6reged\u00e9sg\u00e1tl\u00f3 \u00f6sszetev\u0151ket tartalmaz. A kr\u00e9m alapja hidegen sajtoltmandulaolaj. Ez az egyik leg\u00e9rt\u00e9kesebb n\u00f6v\u00e9nyi olaj. \u00d6sszet\u00e9tele a legk\u00f6zelebb \u00e1ll az emberi b\u0151rh\u00f6z, nem okoz allergi\u00e1s reakci\u00f3kat \u00e9s nem hagy zs\u00edros \u00e9rzetet.<\/p>\n<p>Ar\u00f3zsav\u00edz kiv\u00e1l\u00f3 term\u00e9k, amely regener\u00e1l\u00f3 \u00e9s hidrat\u00e1l\u00f3 hat\u00e1s\u00fa.<\/p>\n<p>A hialuronsav biztos\u00edtja az \u00faj kollag\u00e9n- \u00e9s elasztinrostok k\u00e9pz\u0151d\u00e9s\u00e9t. Sz\u00e9pen feszesen \u00e9s rugalmasan tartja a b\u0151rt.<\/p>\n<p>A feketeribizli-olaj gazdag regener\u00e1l\u00f3 \u00e9s antioxid\u00e1ns anyagokban, k\u00fcl\u00f6n\u00f6sen aj\u00e1nlott a fak\u00f3 \u00e9s \u00e9rett b\u0151rre.<\/p>\n<p>A niacinamid\/ B3-vitamin\/ er\u0151s\u00edti a b\u0151r term\u00e9szetes barrierj\u00e9t, jav\u00edtja a b\u0151r megjelen\u00e9s\u00e9t, hidrat\u00e1lts\u00e1g\u00e1t \u00e9s t\u00f3nus\u00e1t.<\/p>\n<p>Acmella Braz\u00edli\u00e1ban \u0151shonos n\u00f6v\u00e9ny, amelyet \u00e9vsz\u00e1zadok \u00f3ta gy\u00f3gyn\u00f6v\u00e9nyk\u00e9nt haszn\u00e1lnak.<br \/>\nA n\u00f6v\u00e9ny kivonata jav\u00edtja a b\u0151r s\u0171r\u0171s\u00e9g\u00e9t \u00e9s feszess\u00e9g\u00e9t, valamint cs\u00f6kkenti a b\u0151r \u00e9rdess\u00e9g\u00e9t. A spilanthes acmella n\u00f6v\u00e9ny kivonata serkenti a kollag\u00e9n \u00e9s a b\u0151r fibroblasztok k\u00f6z\u00f6tti k\u00f6lcs\u00f6nhat\u00e1sokat.<br \/>\nEr\u0151s\u00edti a b\u0151rt \u00e9s jav\u00edtja annak s\u0171r\u0171s\u00e9g\u00e9t. Seg\u00edt feszes\u00edteni az arcizmokat, ez\u00e1ltal cs\u00f6kkenti a r\u00e1ncok kialakul\u00e1s\u00e1t, a m\u00e1r kialakult r\u00e1ncokat hat\u00e9konyan kisim\u00edtja. Megfesz\u00edti \u00e9s kisim\u00edtja a b\u0151rt.<\/p>\n<p>B\u0151rgy\u00f3gy\u00e1szatilag tesztelt<\/p>\n<p>\u00d6sszetev\u0151k: mandulaolaj, feketeribizli olaj, r\u00f3zsav\u00edz, Acmella kivonat, olajbogy\u00f3 emulge\u00e1l\u00f3szer, hialuronsav, niacinamid B3, vit.e.<br \/>\nFigyelmeztet\u00e9s: Kiz\u00e1r\u00f3lag k\u00fcls\u0151leges haszn\u00e1latra.ker\u00fclje a szemmel \u00e9s a ny\u00e1lkah\u00e1rty\u00e1val val\u00f3 \u00e9rintkez\u00e9st. Ne haszn\u00e1lja irrit\u00e1lt vagy \u00e9rz\u00e9keny b\u0151r\u00f6n. Ne haszn\u00e1lja, ha \u00e9rz\u00e9keny a term\u00e9kben tal\u00e1lhat\u00f3 \u00f6sszetev\u0151kre. Ez a term\u00e9k nem alkalmas gyermekek sz\u00e1m\u00e1ra. Tartsa gyermekek sz\u00e1m\u00e1ra el\u00e9rhetetlen helyen.<br \/>\nT\u00e1rol\u00e1s.<\/p>\n<p>\u00d6sszetev\u0151k: Rosa Damascena vir\u00e1gv\u00edz, Prunus Amygdalus Dulcis olaj, Cetearyl Olivate, Sorbitan Olivate, Niacinamide, Ribes Nigrum magolaj, Caprylic\/Capric Triglyceride, Benzyl Alcohol, Parfum, Sodium Hyaluronate, Acmella Oleracea Extract, Salicylic Acid, Glycerin, Sorbic Acid.<\/p>\n<p>PANAKEIA SK s.r.o., \u017dabinsk\u00e1 2081\/2, 911 05 Trencs\u00e9n, Szlov\u00e1kia<br \/>\n&#8222;A sz\u00e9ps\u00e9g nem pontosan m\u00e9rhet\u0151, ez\u00e9rt a hegyekben megalkott\u00e1k a saj\u00e1t m\u00e9rc\u00e9j\u00fcket Egy v\u00f6d\u00f6r sz\u00e9ps\u00e9g pontosan annyi, amennyivel minden le\u00e1ny fel van ruh\u00e1zva. Egy kicsit m\u00e9g a mi kr\u00e9m\u00fcnkben is rejtve van&#8230;&#8221;<\/p>\n","protected":false},"excerpt":{"rendered":"<p>A SZ\u00c9PESS\u00c9G T\u00c1LY\u00c1N T\u00daL Mandulakr\u00e9m Haszn\u00e1lati utas\u00edt\u00e1s: A kr\u00e9met v\u00e9kony r\u00e9tegben vigye fel a megtiszt\u00edtott arcra, majd massz\u00edrozza be. T\u00e1pl\u00e1l\u00f3, hidrat\u00e1l\u00f3 mandulakr\u00e9m er\u0151s regener\u00e1l\u00f3 hat\u00e1ssal, \u00e9rett b\u0151rre alkalmas. Hidrat\u00e1l\u00f3, antioxid\u00e1ns \u00e9s \u00f6reged\u00e9sg\u00e1tl\u00f3 \u00f6sszetev\u0151ket tartalmaz. A kr\u00e9m alapja hidegen sajtoltmandulaolaj. Ez az egyik leg\u00e9rt\u00e9kesebb n\u00f6v\u00e9nyi olaj. \u00d6sszet\u00e9tele a legk\u00f6zelebb \u00e1ll az emberi b\u0151rh\u00f6z, nem okoz allergi\u00e1s [&hellip;]<\/p>\n","protected":false},"featured_media":477761,"template":"","meta":{"_acf_changed":false},"product_brand":[],"product_cat":[3429,3436,3459,3414,3380],"product_tag":[],"class_list":["post-476935","product","type-product","status-publish","has-post-thumbnail","product_cat-arckozmetikum","product_cat-nappali-kremek","product_cat-nappali-kremek-mintai","product_cat-panakeia-naturkozmetikumok","product_cat-termeszetes-kozmetikumok","first","instock","product-type-external"],"acf":[],"_links":{"self":[{"href":"https:\/\/horgaszhely.hu\/hun\/wp-json\/wp\/v2\/product\/476935","targetHints":{"allow":["GET"]}}],"collection":[{"href":"https:\/\/horgaszhely.hu\/hun\/wp-json\/wp\/v2\/product"}],"about":[{"href":"https:\/\/horgaszhely.hu\/hun\/wp-json\/wp\/v2\/types\/product"}],"wp:featuredmedia":[{"embeddable":true,"href":"https:\/\/horgaszhely.hu\/hun\/wp-json\/wp\/v2\/media\/477761"}],"wp:attachment":[{"href":"https:\/\/horgaszhely.hu\/hun\/wp-json\/wp\/v2\/media?parent=476935"}],"wp:term":[{"taxonomy":"product_brand","embeddable":true,"href":"https:\/\/horgaszhely.hu\/hun\/wp-json\/wp\/v2\/product_brand?post=476935"},{"taxonomy":"product_cat","embeddable":true,"href":"https:\/\/horgaszhely.hu\/hun\/wp-json\/wp\/v2\/product_cat?post=476935"},{"taxonomy":"product_tag","embeddable":true,"href":"https:\/\/horgaszhely.hu\/hun\/wp-json\/wp\/v2\/product_tag?post=476935"}],"curies":[{"name":"wp","href":"https:\/\/api.w.org\/{rel}","templated":true}]}}

PANAKEIA (Minta) ZA KÝBEL KRÁSY &#8211; mandulás nappali krém 2ml

<p>A SZÉPESSÉG TÁLYÁN TÚL Mandulakrém<br />
Használati utasítás: A krémet vékony rétegben vigye fel a megtisztított arcra, majd masszírozza be.</p>
<p>Tápláló, hidratáló mandulakrém erős regeneráló hatással, érett bőrre alkalmas. Hidratáló, antioxidáns és öregedésgátló összetevőket tartalmaz. A krém alapja hidegen sajtoltmandulaolaj. Ez az egyik legértékesebb növényi olaj. Összetétele a legközelebb áll az emberi bőrhöz, nem okoz allergiás reakciókat és nem hagy zsíros érzetet.</p>
<p>Arózsavíz kiváló termék, amely regeneráló és hidratáló hatású.</p>
<p>A hialuronsav biztosítja az új kollagén- és elasztinrostok képződését. Szépen feszesen és rugalmasan tartja a bőrt.</p>
<p>A feketeribizli-olaj gazdag regeneráló és antioxidáns anyagokban, különösen ajánlott a fakó és érett bőrre.</p>
<p>A niacinamid/ B3-vitamin/ erősíti a bőr természetes barrierjét, javítja a bőr megjelenését, hidratáltságát és tónusát.</p>
<p>Acmella Brazíliában őshonos növény, amelyet évszázadok óta gyógynövényként használnak.<br />
A növény kivonata javítja a bőr sűrűségét és feszességét, valamint csökkenti a bőr érdességét. A spilanthes acmella növény kivonata serkenti a kollagén és a bőr fibroblasztok közötti kölcsönhatásokat.<br />
Erősíti a bőrt és javítja annak sűrűségét. Segít feszesíteni az arcizmokat, ezáltal csökkenti a ráncok kialakulását, a már kialakult ráncokat hatékonyan kisimítja. Megfeszíti és kisimítja a bőrt.</p>
<p>Bőrgyógyászatilag tesztelt</p>
<p>Összetevők: mandulaolaj, feketeribizli olaj, rózsavíz, Acmella kivonat, olajbogyó emulgeálószer, hialuronsav, niacinamid B3, vit.e.<br />
Figyelmeztetés: Kizárólag külsőleges használatra.kerülje a szemmel és a nyálkahártyával való érintkezést. Ne használja irritált vagy érzékeny bőrön. Ne használja, ha érzékeny a termékben található összetevőkre. Ez a termék nem alkalmas gyermekek számára. Tartsa gyermekek számára elérhetetlen helyen.<br />
Tárolás.</p>
<p>Összetevők: Rosa Damascena virágvíz, Prunus Amygdalus Dulcis olaj, Cetearyl Olivate, Sorbitan Olivate, Niacinamide, Ribes Nigrum magolaj, Caprylic/Capric Triglyceride, Benzyl Alcohol, Parfum, Sodium Hyaluronate, Acmella Oleracea Extract, Salicylic Acid, Glycerin, Sorbic Acid.</p>
<p>PANAKEIA SK s.r.o., Žabinská 2081/2, 911 05 Trencsén, Szlovákia<br />
&#8222;A szépség nem pontosan mérhető, ezért a hegyekben megalkották a saját mércéjüket Egy vödör szépség pontosan annyi, amennyivel minden leány fel van ruházva. Egy kicsit még a mi krémünkben is rejtve van&#8230;&#8221;</p>

<p>A SZÉPESSÉG TÁLYÁN TÚL Mandulakrém Használati utasítás: A krémet vékony rétegben vigye fel a megtisztított arcra, majd masszírozza be. Tápláló, hidratáló mandulakrém erős regeneráló hatással, érett bőrre alkalmas. Hidratáló, antioxidáns és öregedésgátló összetevőket tartalmaz. A krém alapja hidegen sajtoltmandulaolaj. Ez az egyik legértékesebb növényi olaj. Összetétele a legközelebb áll az emberi bőrhöz, nem okoz allergiás [&hellip;]</p>
