{"id":476939,"date":"2026-08-29T19:55:13","date_gmt":"2026-08-29T17:55:13","guid":{"rendered":"https:\/\/horgaszhely.hu\/hun\/termek\/aromalampa-angyalokkal-farba-biela\/"},"modified":"2026-08-29T19:55:49","modified_gmt":"2026-08-29T17:55:49","slug":"aromalampa-angyalokkal-farba-biela","status":"publish","type":"product","link":"https:\/\/horgaszhely.hu\/hun\/termek\/aromalampa-angyalokkal-farba-biela\/","title":{"rendered":"Aromalampa angyalokkal Farba: Biela"},"content":{"rendered":"<p>Ez a gy\u00f6ny\u00f6r\u0171, angyalokkal d\u00edsz\u00edtett feh\u00e9r ker\u00e1mia aromal\u00e1mpa otthonod meghitt sarkainak igazi \u00e9kess\u00e9ge lesz. Ill\u00f3olajokkal vagy illatos\u00edtott viaszokkal egyar\u00e1nt haszn\u00e1lhatod, \u00e9s amikor \u00e9ppen nem illatozik, eleg\u00e1ns dekor\u00e1ci\u00f3k\u00e9nt var\u00e1zsol nyugalmat a szob\u00e1dba.Finom kidolgoz\u00e1s\u00fa, min\u0151s\u00e9gi feh\u00e9r ker\u00e1miaIll\u00f3olajokhoz \u00e9s illatviaszokhoz is alkalmasB\u00e1jos angyalmot\u00edvumok \u2013 t\u00f6k\u00e9letes aj\u00e1nd\u00e9k k\u00fcl\u00f6nleges alkalmakraGyertyaf\u00e9nye pihentet\u0151, meghitt hangulatot teremtHaszn\u00e1lat: A fels\u0151 t\u00e1lk\u00e1ba \u00f6nts egy kev\u00e9s vizet, csepegtess bele n\u00e9h\u00e1ny csepp ill\u00f3olajat, majd gy\u00fajts meg alatta egy team\u00e9csest, \u00e9s \u00e9lvezd a lassan sz\u00e9t\u00e1rad\u00f3 illatot.<\/p>\n","protected":false},"excerpt":{"rendered":"<p>Ez a gy\u00f6ny\u00f6r\u0171, angyalokkal d\u00edsz\u00edtett feh\u00e9r ker\u00e1mia aromal\u00e1mpa otthonod meghitt sarkainak igazi \u00e9kess\u00e9ge lesz. Ill\u00f3olajokkal vagy illatos\u00edtott viaszokkal egyar\u00e1nt haszn\u00e1lhatod, \u00e9s amikor \u00e9ppen nem illatozik, eleg\u00e1ns dekor\u00e1ci\u00f3k\u00e9nt var\u00e1zsol nyugalmat a szob\u00e1dba.Finom kidolgoz\u00e1s\u00fa, min\u0151s\u00e9gi feh\u00e9r ker\u00e1miaIll\u00f3olajokhoz \u00e9s illatviaszokhoz is alkalmasB\u00e1jos angyalmot\u00edvumok \u2013 t\u00f6k\u00e9letes aj\u00e1nd\u00e9k k\u00fcl\u00f6nleges alkalmakraGyertyaf\u00e9nye pihentet\u0151, meghitt hangulatot teremtHaszn\u00e1lat: A fels\u0151 t\u00e1lk\u00e1ba \u00f6nts egy kev\u00e9s [&hellip;]<\/p>\n","protected":false},"featured_media":476940,"template":"","meta":{"_acf_changed":false},"product_brand":[],"product_cat":[3461,3380],"product_tag":[],"class_list":["post-476939","product","type-product","status-publish","has-post-thumbnail","product_cat-aromaterapia-termeszetes-kozmetikumok","product_cat-termeszetes-kozmetikumok","first","instock","product-type-external"],"acf":[],"_links":{"self":[{"href":"https:\/\/horgaszhely.hu\/hun\/wp-json\/wp\/v2\/product\/476939","targetHints":{"allow":["GET"]}}],"collection":[{"href":"https:\/\/horgaszhely.hu\/hun\/wp-json\/wp\/v2\/product"}],"about":[{"href":"https:\/\/horgaszhely.hu\/hun\/wp-json\/wp\/v2\/types\/product"}],"wp:featuredmedia":[{"embeddable":true,"href":"https:\/\/horgaszhely.hu\/hun\/wp-json\/wp\/v2\/media\/476940"}],"wp:attachment":[{"href":"https:\/\/horgaszhely.hu\/hun\/wp-json\/wp\/v2\/media?parent=476939"}],"wp:term":[{"taxonomy":"product_brand","embeddable":true,"href":"https:\/\/horgaszhely.hu\/hun\/wp-json\/wp\/v2\/product_brand?post=476939"},{"taxonomy":"product_cat","embeddable":true,"href":"https:\/\/horgaszhely.hu\/hun\/wp-json\/wp\/v2\/product_cat?post=476939"},{"taxonomy":"product_tag","embeddable":true,"href":"https:\/\/horgaszhely.hu\/hun\/wp-json\/wp\/v2\/product_tag?post=476939"}],"curies":[{"name":"wp","href":"https:\/\/api.w.org\/{rel}","templated":true}]}}

<p>Ez a gyönyörű, angyalokkal díszített fehér kerámia aromalámpa otthonod meghitt sarkainak igazi ékessége lesz. Illóolajokkal vagy illatosított viaszokkal egyaránt használhatod, és amikor éppen nem illatozik, elegáns dekorációként varázsol nyugalmat a szobádba.Finom kidolgozású, minőségi fehér kerámiaIllóolajokhoz és illatviaszokhoz is alkalmasBájos angyalmotívumok – tökéletes ajándék különleges alkalmakraGyertyafénye pihentető, meghitt hangulatot teremtHasználat: A felső tálkába önts egy kevés vizet, csepegtess bele néhány csepp illóolajat, majd gyújts meg alatta egy teamécsest, és élvezd a lassan szétáradó illatot.</p>

<p>Ez a gyönyörű, angyalokkal díszített fehér kerámia aromalámpa otthonod meghitt sarkainak igazi ékessége lesz. Illóolajokkal vagy illatosított viaszokkal egyaránt használhatod, és amikor éppen nem illatozik, elegáns dekorációként varázsol nyugalmat a szobádba.Finom kidolgozású, minőségi fehér kerámiaIllóolajokhoz és illatviaszokhoz is alkalmasBájos angyalmotívumok – tökéletes ajándék különleges alkalmakraGyertyafénye pihentető, meghitt hangulatot teremtHasználat: A felső tálkába önts egy kevés [&hellip;]</p>
