{"id":476954,"date":"2026-08-29T19:55:54","date_gmt":"2026-08-29T17:55:54","guid":{"rendered":"https:\/\/horgaszhely.hu\/hun\/termek\/feher-aromalampa-hold-es-csillagok\/"},"modified":"2026-08-29T19:56:05","modified_gmt":"2026-08-29T17:56:05","slug":"feher-aromalampa-hold-es-csillagok","status":"publish","type":"product","link":"https:\/\/horgaszhely.hu\/hun\/termek\/feher-aromalampa-hold-es-csillagok\/","title":{"rendered":"Feh\u00e9r aromal\u00e1mpa &#8211; Hold \u00e9s csillagok"},"content":{"rendered":"<p>Feh\u00e9r ker\u00e1mia aromal\u00e1mpa hold- \u00e9s csillagmint\u00e1val \u2013 gyeng\u00e9d f\u00e9nnyel \u00e9s kedvenc illataiddal var\u00e1zsol nyugalmat az otthonodba. T\u00f6k\u00e9letes t\u00e1rs az esti pihen\u00e9shez \u00e9s a lelassul\u00e1shoz.A legfinomabb ker\u00e1mi\u00e1b\u00f3l k\u00e9sz\u00fclt, ig\u00e9nyes kivitelbenIll\u00f3olajokkal \u00e9s illatos\u00edtott viaszokkal egyar\u00e1nt haszn\u00e1lhat\u00f3A hold- \u00e9s csillagmint\u00e1n \u00e1tragyog\u00f3 gyertyaf\u00e9ny meghitt hangulatot teremtGy\u00f6ny\u00f6r\u0171 dekor\u00e1ci\u00f3 b\u00e1rmely helyis\u00e9gben, \u00e9s kedves aj\u00e1nd\u00e9k k\u00fcl\u00f6nleges alkalmakraHaszn\u00e1lat: A fels\u0151 t\u00e1lk\u00e1ba tegy\u00e9l vizet n\u00e9h\u00e1ny csepp ill\u00f3olajjal vagy egy darabka illatviaszt, al\u00e1 pedig gy\u00fajts team\u00e9csest \u2013 \u00e9s hagyd, hogy az illat bet\u00f6ltse a teret.<\/p>\n","protected":false},"excerpt":{"rendered":"<p>Feh\u00e9r ker\u00e1mia aromal\u00e1mpa hold- \u00e9s csillagmint\u00e1val \u2013 gyeng\u00e9d f\u00e9nnyel \u00e9s kedvenc illataiddal var\u00e1zsol nyugalmat az otthonodba. T\u00f6k\u00e9letes t\u00e1rs az esti pihen\u00e9shez \u00e9s a lelassul\u00e1shoz.A legfinomabb ker\u00e1mi\u00e1b\u00f3l k\u00e9sz\u00fclt, ig\u00e9nyes kivitelbenIll\u00f3olajokkal \u00e9s illatos\u00edtott viaszokkal egyar\u00e1nt haszn\u00e1lhat\u00f3A hold- \u00e9s csillagmint\u00e1n \u00e1tragyog\u00f3 gyertyaf\u00e9ny meghitt hangulatot teremtGy\u00f6ny\u00f6r\u0171 dekor\u00e1ci\u00f3 b\u00e1rmely helyis\u00e9gben, \u00e9s kedves aj\u00e1nd\u00e9k k\u00fcl\u00f6nleges alkalmakraHaszn\u00e1lat: A fels\u0151 t\u00e1lk\u00e1ba tegy\u00e9l vizet [&hellip;]<\/p>\n","protected":false},"featured_media":476955,"template":"","meta":{"_acf_changed":false},"product_brand":[],"product_cat":[3463,3461,3380],"product_tag":[],"class_list":["post-476954","product","type-product","status-publish","has-post-thumbnail","product_cat-aromalampak","product_cat-aromaterapia-termeszetes-kozmetikumok","product_cat-termeszetes-kozmetikumok","first","instock","product-type-external"],"acf":[],"_links":{"self":[{"href":"https:\/\/horgaszhely.hu\/hun\/wp-json\/wp\/v2\/product\/476954","targetHints":{"allow":["GET"]}}],"collection":[{"href":"https:\/\/horgaszhely.hu\/hun\/wp-json\/wp\/v2\/product"}],"about":[{"href":"https:\/\/horgaszhely.hu\/hun\/wp-json\/wp\/v2\/types\/product"}],"wp:featuredmedia":[{"embeddable":true,"href":"https:\/\/horgaszhely.hu\/hun\/wp-json\/wp\/v2\/media\/476955"}],"wp:attachment":[{"href":"https:\/\/horgaszhely.hu\/hun\/wp-json\/wp\/v2\/media?parent=476954"}],"wp:term":[{"taxonomy":"product_brand","embeddable":true,"href":"https:\/\/horgaszhely.hu\/hun\/wp-json\/wp\/v2\/product_brand?post=476954"},{"taxonomy":"product_cat","embeddable":true,"href":"https:\/\/horgaszhely.hu\/hun\/wp-json\/wp\/v2\/product_cat?post=476954"},{"taxonomy":"product_tag","embeddable":true,"href":"https:\/\/horgaszhely.hu\/hun\/wp-json\/wp\/v2\/product_tag?post=476954"}],"curies":[{"name":"wp","href":"https:\/\/api.w.org\/{rel}","templated":true}]}}

Fehér aromalámpa &#8211; Hold és csillagok

<p>Fehér kerámia aromalámpa hold- és csillagmintával – gyengéd fénnyel és kedvenc illataiddal varázsol nyugalmat az otthonodba. Tökéletes társ az esti pihenéshez és a lelassuláshoz.A legfinomabb kerámiából készült, igényes kivitelbenIllóolajokkal és illatosított viaszokkal egyaránt használhatóA hold- és csillagmintán átragyogó gyertyafény meghitt hangulatot teremtGyönyörű dekoráció bármely helyiségben, és kedves ajándék különleges alkalmakraHasználat: A felső tálkába tegyél vizet néhány csepp illóolajjal vagy egy darabka illatviaszt, alá pedig gyújts teamécsest – és hagyd, hogy az illat betöltse a teret.</p>

<p>Fehér kerámia aromalámpa hold- és csillagmintával – gyengéd fénnyel és kedvenc illataiddal varázsol nyugalmat az otthonodba. Tökéletes társ az esti pihenéshez és a lelassuláshoz.A legfinomabb kerámiából készült, igényes kivitelbenIllóolajokkal és illatosított viaszokkal egyaránt használhatóA hold- és csillagmintán átragyogó gyertyafény meghitt hangulatot teremtGyönyörű dekoráció bármely helyiségben, és kedves ajándék különleges alkalmakraHasználat: A felső tálkába tegyél vizet [&hellip;]</p>
