{"id":476956,"date":"2026-08-29T19:55:54","date_gmt":"2026-08-29T17:55:54","guid":{"rendered":"https:\/\/horgaszhely.hu\/hun\/termek\/feher-aromalampa-low-owl\/"},"modified":"2026-08-29T19:56:07","modified_gmt":"2026-08-29T17:56:07","slug":"feher-aromalampa-low-owl","status":"publish","type":"product","link":"https:\/\/horgaszhely.hu\/hun\/termek\/feher-aromalampa-low-owl\/","title":{"rendered":"Feh\u00e9r aromal\u00e1mpa &#8211; Low Owl"},"content":{"rendered":"<p>A Low Owl feh\u00e9r ker\u00e1mia aromal\u00e1mpa kedves bagolymot\u00edvum\u00e1val nemcsak illatos\u00edt, hanem az otthonod b\u00e1jos d\u00edsze is lesz. Gy\u00fajts al\u00e1 egy team\u00e9csest, csepegtess a t\u00e1lk\u00e1j\u00e1ba kedvenc ill\u00f3olajodb\u00f3l, \u00e9s \u00e9lvezd a pihen\u00e9s gyeng\u00e9d pillanatait.A legfinomabb ker\u00e1mi\u00e1b\u00f3l k\u00e9sz\u00fclt, magas min\u0151s\u00e9gbenIll\u00f3olajokkal \u00e9s illatos\u00edtott viaszokkal egyar\u00e1nt haszn\u00e1lhat\u00f3A mint\u00e1zaton \u00e1tragyog\u00f3 gyertyaf\u00e9ny kellemes, meghitt hangulatot teremtT\u00f6k\u00e9letes aj\u00e1nd\u00e9k b\u00e1rmilyen k\u00fcl\u00f6nleges alkalomraHaszn\u00e1lat: A fels\u0151 t\u00e1lk\u00e1ba \u00f6nts vizet n\u00e9h\u00e1ny csepp ill\u00f3olajjal vagy tegy\u00e9l bele illatviaszt, majd gy\u00fajts al\u00e1 team\u00e9csest.<\/p>\n","protected":false},"excerpt":{"rendered":"<p>A Low Owl feh\u00e9r ker\u00e1mia aromal\u00e1mpa kedves bagolymot\u00edvum\u00e1val nemcsak illatos\u00edt, hanem az otthonod b\u00e1jos d\u00edsze is lesz. Gy\u00fajts al\u00e1 egy team\u00e9csest, csepegtess a t\u00e1lk\u00e1j\u00e1ba kedvenc ill\u00f3olajodb\u00f3l, \u00e9s \u00e9lvezd a pihen\u00e9s gyeng\u00e9d pillanatait.A legfinomabb ker\u00e1mi\u00e1b\u00f3l k\u00e9sz\u00fclt, magas min\u0151s\u00e9gbenIll\u00f3olajokkal \u00e9s illatos\u00edtott viaszokkal egyar\u00e1nt haszn\u00e1lhat\u00f3A mint\u00e1zaton \u00e1tragyog\u00f3 gyertyaf\u00e9ny kellemes, meghitt hangulatot teremtT\u00f6k\u00e9letes aj\u00e1nd\u00e9k b\u00e1rmilyen k\u00fcl\u00f6nleges alkalomraHaszn\u00e1lat: A fels\u0151 [&hellip;]<\/p>\n","protected":false},"featured_media":476957,"template":"","meta":{"_acf_changed":false},"product_brand":[],"product_cat":[3463,3461,3380],"product_tag":[],"class_list":["post-476956","product","type-product","status-publish","has-post-thumbnail","product_cat-aromalampak","product_cat-aromaterapia-termeszetes-kozmetikumok","product_cat-termeszetes-kozmetikumok","first","instock","product-type-external"],"acf":[],"_links":{"self":[{"href":"https:\/\/horgaszhely.hu\/hun\/wp-json\/wp\/v2\/product\/476956","targetHints":{"allow":["GET"]}}],"collection":[{"href":"https:\/\/horgaszhely.hu\/hun\/wp-json\/wp\/v2\/product"}],"about":[{"href":"https:\/\/horgaszhely.hu\/hun\/wp-json\/wp\/v2\/types\/product"}],"wp:featuredmedia":[{"embeddable":true,"href":"https:\/\/horgaszhely.hu\/hun\/wp-json\/wp\/v2\/media\/476957"}],"wp:attachment":[{"href":"https:\/\/horgaszhely.hu\/hun\/wp-json\/wp\/v2\/media?parent=476956"}],"wp:term":[{"taxonomy":"product_brand","embeddable":true,"href":"https:\/\/horgaszhely.hu\/hun\/wp-json\/wp\/v2\/product_brand?post=476956"},{"taxonomy":"product_cat","embeddable":true,"href":"https:\/\/horgaszhely.hu\/hun\/wp-json\/wp\/v2\/product_cat?post=476956"},{"taxonomy":"product_tag","embeddable":true,"href":"https:\/\/horgaszhely.hu\/hun\/wp-json\/wp\/v2\/product_tag?post=476956"}],"curies":[{"name":"wp","href":"https:\/\/api.w.org\/{rel}","templated":true}]}}

Fehér aromalámpa &#8211; Low Owl

<p>A Low Owl fehér kerámia aromalámpa kedves bagolymotívumával nemcsak illatosít, hanem az otthonod bájos dísze is lesz. Gyújts alá egy teamécsest, csepegtess a tálkájába kedvenc illóolajodból, és élvezd a pihenés gyengéd pillanatait.A legfinomabb kerámiából készült, magas minőségbenIllóolajokkal és illatosított viaszokkal egyaránt használhatóA mintázaton átragyogó gyertyafény kellemes, meghitt hangulatot teremtTökéletes ajándék bármilyen különleges alkalomraHasználat: A felső tálkába önts vizet néhány csepp illóolajjal vagy tegyél bele illatviaszt, majd gyújts alá teamécsest.</p>

<p>A Low Owl fehér kerámia aromalámpa kedves bagolymotívumával nemcsak illatosít, hanem az otthonod bájos dísze is lesz. Gyújts alá egy teamécsest, csepegtess a tálkájába kedvenc illóolajodból, és élvezd a pihenés gyengéd pillanatait.A legfinomabb kerámiából készült, magas minőségbenIllóolajokkal és illatosított viaszokkal egyaránt használhatóA mintázaton átragyogó gyertyafény kellemes, meghitt hangulatot teremtTökéletes ajándék bármilyen különleges alkalomraHasználat: A felső [&hellip;]</p>
