{"id":476958,"date":"2026-08-29T19:55:54","date_gmt":"2026-08-29T17:55:54","guid":{"rendered":"https:\/\/horgaszhely.hu\/hun\/termek\/feher-aromalampa-bagoly\/"},"modified":"2026-08-29T19:56:09","modified_gmt":"2026-08-29T17:56:09","slug":"feher-aromalampa-bagoly","status":"publish","type":"product","link":"https:\/\/horgaszhely.hu\/hun\/termek\/feher-aromalampa-bagoly\/","title":{"rendered":"Feh\u00e9r aromal\u00e1mpa &#8211; Bagoly"},"content":{"rendered":"<p>Feh\u00e9r ker\u00e1mia aromal\u00e1mpa bagolymint\u00e1val \u2013 hozz egy kis meghitts\u00e9get az otthonodba. A gyertya l\u00e1gy f\u00e9nye \u00e1tragyog a finom mint\u00e1zaton, mik\u00f6zben kedvenc illatod lassan bet\u00f6lti a szob\u00e1t.A legfinomabb ker\u00e1mi\u00e1b\u00f3l k\u00e9sz\u00fclt, ig\u00e9nyes, tart\u00f3s kivitelbenIll\u00f3olajokkal \u00e9s illatos\u00edtott viaszokkal egyar\u00e1nt haszn\u00e1lhat\u00f3A bagolymint\u00e1n \u00e1tsz\u0171r\u0151d\u0151 gyertyaf\u00e9ny nyugodt, pihentet\u0151 hangulatot teremtVonz\u00f3 dekor\u00e1ci\u00f3 b\u00e1rmely helyis\u00e9gben, \u00e9s sz\u00e9p aj\u00e1nd\u00e9k k\u00fcl\u00f6nleges alkalmakraHaszn\u00e1lat: A fels\u0151 t\u00e1lk\u00e1ba tegy\u00e9l vizet n\u00e9h\u00e1ny csepp ill\u00f3olajjal vagy egy darabka illatviaszt, al\u00e1 pedig gy\u00fajts team\u00e9csest.<\/p>\n","protected":false},"excerpt":{"rendered":"<p>Feh\u00e9r ker\u00e1mia aromal\u00e1mpa bagolymint\u00e1val \u2013 hozz egy kis meghitts\u00e9get az otthonodba. A gyertya l\u00e1gy f\u00e9nye \u00e1tragyog a finom mint\u00e1zaton, mik\u00f6zben kedvenc illatod lassan bet\u00f6lti a szob\u00e1t.A legfinomabb ker\u00e1mi\u00e1b\u00f3l k\u00e9sz\u00fclt, ig\u00e9nyes, tart\u00f3s kivitelbenIll\u00f3olajokkal \u00e9s illatos\u00edtott viaszokkal egyar\u00e1nt haszn\u00e1lhat\u00f3A bagolymint\u00e1n \u00e1tsz\u0171r\u0151d\u0151 gyertyaf\u00e9ny nyugodt, pihentet\u0151 hangulatot teremtVonz\u00f3 dekor\u00e1ci\u00f3 b\u00e1rmely helyis\u00e9gben, \u00e9s sz\u00e9p aj\u00e1nd\u00e9k k\u00fcl\u00f6nleges alkalmakraHaszn\u00e1lat: A fels\u0151 t\u00e1lk\u00e1ba [&hellip;]<\/p>\n","protected":false},"featured_media":476959,"template":"","meta":{"_acf_changed":false},"product_brand":[],"product_cat":[3463,3461,3380],"product_tag":[],"class_list":["post-476958","product","type-product","status-publish","has-post-thumbnail","product_cat-aromalampak","product_cat-aromaterapia-termeszetes-kozmetikumok","product_cat-termeszetes-kozmetikumok","first","instock","product-type-external"],"acf":[],"_links":{"self":[{"href":"https:\/\/horgaszhely.hu\/hun\/wp-json\/wp\/v2\/product\/476958","targetHints":{"allow":["GET"]}}],"collection":[{"href":"https:\/\/horgaszhely.hu\/hun\/wp-json\/wp\/v2\/product"}],"about":[{"href":"https:\/\/horgaszhely.hu\/hun\/wp-json\/wp\/v2\/types\/product"}],"wp:featuredmedia":[{"embeddable":true,"href":"https:\/\/horgaszhely.hu\/hun\/wp-json\/wp\/v2\/media\/476959"}],"wp:attachment":[{"href":"https:\/\/horgaszhely.hu\/hun\/wp-json\/wp\/v2\/media?parent=476958"}],"wp:term":[{"taxonomy":"product_brand","embeddable":true,"href":"https:\/\/horgaszhely.hu\/hun\/wp-json\/wp\/v2\/product_brand?post=476958"},{"taxonomy":"product_cat","embeddable":true,"href":"https:\/\/horgaszhely.hu\/hun\/wp-json\/wp\/v2\/product_cat?post=476958"},{"taxonomy":"product_tag","embeddable":true,"href":"https:\/\/horgaszhely.hu\/hun\/wp-json\/wp\/v2\/product_tag?post=476958"}],"curies":[{"name":"wp","href":"https:\/\/api.w.org\/{rel}","templated":true}]}}

Fehér aromalámpa &#8211; Bagoly

<p>Fehér kerámia aromalámpa bagolymintával – hozz egy kis meghittséget az otthonodba. A gyertya lágy fénye átragyog a finom mintázaton, miközben kedvenc illatod lassan betölti a szobát.A legfinomabb kerámiából készült, igényes, tartós kivitelbenIllóolajokkal és illatosított viaszokkal egyaránt használhatóA bagolymintán átszűrődő gyertyafény nyugodt, pihentető hangulatot teremtVonzó dekoráció bármely helyiségben, és szép ajándék különleges alkalmakraHasználat: A felső tálkába tegyél vizet néhány csepp illóolajjal vagy egy darabka illatviaszt, alá pedig gyújts teamécsest.</p>

<p>Fehér kerámia aromalámpa bagolymintával – hozz egy kis meghittséget az otthonodba. A gyertya lágy fénye átragyog a finom mintázaton, miközben kedvenc illatod lassan betölti a szobát.A legfinomabb kerámiából készült, igényes, tartós kivitelbenIllóolajokkal és illatosított viaszokkal egyaránt használhatóA bagolymintán átszűrődő gyertyafény nyugodt, pihentető hangulatot teremtVonzó dekoráció bármely helyiségben, és szép ajándék különleges alkalmakraHasználat: A felső tálkába [&hellip;]</p>
