{"id":476968,"date":"2026-08-29T19:55:54","date_gmt":"2026-08-29T17:55:54","guid":{"rendered":"https:\/\/horgaszhely.hu\/hun\/termek\/gyogynovenyes-organikus-viz-rozmaring-100ml\/"},"modified":"2026-08-29T19:56:20","modified_gmt":"2026-08-29T17:56:20","slug":"gyogynovenyes-organikus-viz-rozmaring-100ml","status":"publish","type":"product","link":"https:\/\/horgaszhely.hu\/hun\/termek\/gyogynovenyes-organikus-viz-rozmaring-100ml\/","title":{"rendered":"Gy\u00f3gyn\u00f6v\u00e9nyes organikus v\u00edz Rozmaring 100ml"},"content":{"rendered":"<p>A rozmaringvizet sokf\u00e9lek\u00e9ppen haszn\u00e1lj\u00e1k a kozmetikumokban. J\u00f3t\u00e9kony hat\u00e1sainak k\u00f6sz\u00f6nhet\u0151en egyre n\u00e9pszer\u0171bb\u00e9 v\u00e1lik a b\u0151r\u00e1pol\u00e1sban \u00e9s a haj\u00e1pol\u00e1sban egyar\u00e1nt:<\/p>\n<p>Nyugtatja az irrit\u00e1lt b\u0151rt: A rozmaringv\u00edz nyugtat\u00f3 tulajdons\u00e1gokkal rendelkezik, amelyek seg\u00edthetnek enyh\u00edteni a b\u0151rirrit\u00e1ci\u00f3t \u00e9s a b\u0151rp\u00edrt.<\/p>\n<p>Toniz\u00e1lja a b\u0151rt: A rozmaringv\u00edz toniz\u00e1l\u00f3 tulajdons\u00e1gokkal rendelkezik, amelyek seg\u00edthetnek jav\u00edtani a b\u0151r t\u00f3nus\u00e1t \u00e9s text\u00far\u00e1j\u00e1t. Arcmos\u00e1s ut\u00e1n tonikk\u00e9nt haszn\u00e1lhat\u00f3, hogy jav\u00edtsa a hidrat\u00e1lts\u00e1got, \u00e9s puh\u00e1v\u00e1 \u00e9s sim\u00e1v\u00e1 tegye a b\u0151rt.<\/p>\n<p>Szab\u00e1lyozza a t\u00falzott faggy\u00fatermel\u00e9st: A rozmaringv\u00edz \u00f6sszeh\u00faz\u00f3 tulajdons\u00e1gokkal rendelkezik, amelyek seg\u00edthetnek a t\u00falzott faggy\u00fatermel\u00e9s szab\u00e1lyoz\u00e1s\u00e1ban \u00e9s a b\u0151r text\u00far\u00e1j\u00e1nak jav\u00edt\u00e1s\u00e1ban. Haszn\u00e1lhat\u00f3 tonerk\u00e9nt zs\u00edros vagy kombin\u00e1lt b\u0151rre.<\/p>\n<p>El\u0151seg\u00edti a haj n\u00f6veked\u00e9s\u00e9t: A rozmaringv\u00edz serkent\u0151 tulajdons\u00e1gokkal rendelkezik, amelyek el\u0151seg\u00edthetik a haj n\u00f6veked\u00e9s\u00e9t. K\u00f6zvetlen\u00fcl a fejb\u0151rre kenve jav\u00edtja a v\u00e9rkering\u00e9st \u00e9s el\u0151seg\u00edti az eg\u00e9szs\u00e9ges hajn\u00f6veked\u00e9st.<\/p>\n<p>Friss\u00edti \u00e9s hidrat\u00e1lja a hajat: A rozmaringv\u00edz friss\u00edt\u0151 \u00e9s hidrat\u00e1l\u00f3 tulajdons\u00e1gokkal rendelkezik, amelyek seg\u00edthetnek jav\u00edtani a haj hidrat\u00e1lts\u00e1g\u00e1t \u00e9s text\u00far\u00e1j\u00e1t. Hajszeszk\u00e9nt is haszn\u00e1lhat\u00f3, hogy a haj friss \u00e9s puha maradjon.<\/p>\n","protected":false},"excerpt":{"rendered":"<p>A rozmaringvizet sokf\u00e9lek\u00e9ppen haszn\u00e1lj\u00e1k a kozmetikumokban. J\u00f3t\u00e9kony hat\u00e1sainak k\u00f6sz\u00f6nhet\u0151en egyre n\u00e9pszer\u0171bb\u00e9 v\u00e1lik a b\u0151r\u00e1pol\u00e1sban \u00e9s a haj\u00e1pol\u00e1sban egyar\u00e1nt: Nyugtatja az irrit\u00e1lt b\u0151rt: A rozmaringv\u00edz nyugtat\u00f3 tulajdons\u00e1gokkal rendelkezik, amelyek seg\u00edthetnek enyh\u00edteni a b\u0151rirrit\u00e1ci\u00f3t \u00e9s a b\u0151rp\u00edrt. Toniz\u00e1lja a b\u0151rt: A rozmaringv\u00edz toniz\u00e1l\u00f3 tulajdons\u00e1gokkal rendelkezik, amelyek seg\u00edthetnek jav\u00edtani a b\u0151r t\u00f3nus\u00e1t \u00e9s text\u00far\u00e1j\u00e1t. Arcmos\u00e1s ut\u00e1n tonikk\u00e9nt haszn\u00e1lhat\u00f3, [&hellip;]<\/p>\n","protected":false},"featured_media":476969,"template":"","meta":{"_acf_changed":false},"product_brand":[],"product_cat":[3429,3414,3380,3440],"product_tag":[],"class_list":["post-476968","product","type-product","status-publish","has-post-thumbnail","product_cat-arckozmetikum","product_cat-panakeia-naturkozmetikumok","product_cat-termeszetes-kozmetikumok","product_cat-viragos-vizek","first","instock","product-type-external"],"acf":[],"_links":{"self":[{"href":"https:\/\/horgaszhely.hu\/hun\/wp-json\/wp\/v2\/product\/476968","targetHints":{"allow":["GET"]}}],"collection":[{"href":"https:\/\/horgaszhely.hu\/hun\/wp-json\/wp\/v2\/product"}],"about":[{"href":"https:\/\/horgaszhely.hu\/hun\/wp-json\/wp\/v2\/types\/product"}],"wp:featuredmedia":[{"embeddable":true,"href":"https:\/\/horgaszhely.hu\/hun\/wp-json\/wp\/v2\/media\/476969"}],"wp:attachment":[{"href":"https:\/\/horgaszhely.hu\/hun\/wp-json\/wp\/v2\/media?parent=476968"}],"wp:term":[{"taxonomy":"product_brand","embeddable":true,"href":"https:\/\/horgaszhely.hu\/hun\/wp-json\/wp\/v2\/product_brand?post=476968"},{"taxonomy":"product_cat","embeddable":true,"href":"https:\/\/horgaszhely.hu\/hun\/wp-json\/wp\/v2\/product_cat?post=476968"},{"taxonomy":"product_tag","embeddable":true,"href":"https:\/\/horgaszhely.hu\/hun\/wp-json\/wp\/v2\/product_tag?post=476968"}],"curies":[{"name":"wp","href":"https:\/\/api.w.org\/{rel}","templated":true}]}}

Gyógynövényes organikus víz Rozmaring 100ml

<p>A rozmaringvizet sokféleképpen használják a kozmetikumokban. Jótékony hatásainak köszönhetően egyre népszerűbbé válik a bőrápolásban és a hajápolásban egyaránt:</p>
<p>Nyugtatja az irritált bőrt: A rozmaringvíz nyugtató tulajdonságokkal rendelkezik, amelyek segíthetnek enyhíteni a bőrirritációt és a bőrpírt.</p>
<p>Tonizálja a bőrt: A rozmaringvíz tonizáló tulajdonságokkal rendelkezik, amelyek segíthetnek javítani a bőr tónusát és textúráját. Arcmosás után tonikként használható, hogy javítsa a hidratáltságot, és puhává és simává tegye a bőrt.</p>
<p>Szabályozza a túlzott faggyútermelést: A rozmaringvíz összehúzó tulajdonságokkal rendelkezik, amelyek segíthetnek a túlzott faggyútermelés szabályozásában és a bőr textúrájának javításában. Használható tonerként zsíros vagy kombinált bőrre.</p>
<p>Elősegíti a haj növekedését: A rozmaringvíz serkentő tulajdonságokkal rendelkezik, amelyek elősegíthetik a haj növekedését. Közvetlenül a fejbőrre kenve javítja a vérkeringést és elősegíti az egészséges hajnövekedést.</p>
<p>Frissíti és hidratálja a hajat: A rozmaringvíz frissítő és hidratáló tulajdonságokkal rendelkezik, amelyek segíthetnek javítani a haj hidratáltságát és textúráját. Hajszeszként is használható, hogy a haj friss és puha maradjon.</p>

<p>A rozmaringvizet sokféleképpen használják a kozmetikumokban. Jótékony hatásainak köszönhetően egyre népszerűbbé válik a bőrápolásban és a hajápolásban egyaránt: Nyugtatja az irritált bőrt: A rozmaringvíz nyugtató tulajdonságokkal rendelkezik, amelyek segíthetnek enyhíteni a bőrirritációt és a bőrpírt. Tonizálja a bőrt: A rozmaringvíz tonizáló tulajdonságokkal rendelkezik, amelyek segíthetnek javítani a bőr tónusát és textúráját. Arcmosás után tonikként használható, [&hellip;]</p>
