{"id":477007,"date":"2026-08-29T19:56:37","date_gmt":"2026-08-29T17:56:37","guid":{"rendered":"https:\/\/horgaszhely.hu\/hun\/termek\/panalux-by-panakeia-kaviar-arcszerum-30ml\/"},"modified":"2026-08-29T19:57:08","modified_gmt":"2026-08-29T17:57:08","slug":"panalux-by-panakeia-kaviar-arcszerum-30ml","status":"publish","type":"product","link":"https:\/\/horgaszhely.hu\/hun\/termek\/panalux-by-panakeia-kaviar-arcszerum-30ml\/","title":{"rendered":"PANALUX by PANAKEIA Kavi\u00e1r arcsz\u00e9rum 30ml"},"content":{"rendered":"<p>\u00d6sszetev\u0151i antioxid\u00e1ns, gyullad\u00e1scs\u00f6kkent\u0151 \u00e9s nyugtat\u00f3 hat\u00e1s\u00faak. A benne l\u00e9v\u0151 kavi\u00e1rkivonat megtartja a vizet, mik\u00f6zben elnyomja a b\u0151r \u00f6reged\u00e9s\u00e9nek jeleit. Kisim\u00edtja a r\u00e1ncokat \u00e9s jav\u00edtja a b\u0151r \u00e1ltal\u00e1nos megjelen\u00e9s\u00e9t. A hialuronsav hidrat\u00e1lts\u00e1got, rugalmass\u00e1got \u00e9s feszess\u00e9get biztos\u00edt.<\/p>\n<p>B\u0151rt\u00edpus: minden b\u0151rt\u00edpusra, bele\u00e9rtve az \u00e9rz\u00e9keny b\u0151rt is.<\/p>\n<p>&nbsp;<br \/>\nK\u00f6nny\u0171, vizes text\u00fara k\u00f6nnyed\u00e9n felsz\u00edv\u00f3dik, \u00e9s friss\u00edt\u0151, nem zs\u00edros \u00e9rzetet biztos\u00edt.<\/p>\n<p>&nbsp;<br \/>\nHat\u00e1s: hidrat\u00e1l\u00e1s, ragyog\u00e1s, feszes\u00edt\u00e9s.<\/p>\n<p>&nbsp;<\/p>\n<p>Az \u00f6reged\u00e9sg\u00e1tl\u00f3 \u00f6sszetev\u0151k t\u00fal er\u0151sek \u00e9s irrit\u00e1l\u00f3ak lehetnek az \u00e9rz\u00e9keny b\u0151r sz\u00e1m\u00e1ra. A PANALUX Caviar sz\u00e9rummal azonban nem kell lemondania az \u00e1tfog\u00f3 \u00e1pol\u00e1sr\u00f3l. A h\u00e1rom egzotikus kivonat kombin\u00e1ci\u00f3ja a t\u0151zeg\u00e1fonya hidro-kivonattal megnyugtatja az \u00e9rz\u00e9keny b\u0151rt \u00e9s enyh\u00edti az irrit\u00e1ci\u00f3t, emellett cs\u00f6kkenti a r\u00e1ncokat \u00e9s feldobja a b\u0151rt.<\/p>\n<p>&nbsp;<br \/>\nAkt\u00edv \u00f6sszetev\u0151k:<\/p>\n<p>&nbsp;<\/p>\n<p>Az AMINO GLYCO CAVIAR PF egy term\u00e9szetes tengeri hat\u00f3anyag, amely tiszta kavi\u00e1rkivonatot kombin\u00e1l \u00e9s glikozaminoglik\u00e1nokkal d\u00fas\u00edtott. A b\u0151rsejtek regener\u00e1l\u00e1s\u00e1ra \u00e9s a b\u0151r kezel\u00e9s\u00e9re k\u00e9sz\u00fclt, a hat\u00e9konys\u00e1got, a luxust \u00e9s a kifinomults\u00e1got \u00f6tv\u00f6zi. Ezzel a vegy\u00fclettel a b\u0151r minden sz\u00fcks\u00e9ges t\u00e1pl\u00e1l\u00f3 elemmel, valamint a feldolgoz\u00e1sukhoz sz\u00fcks\u00e9ges energi\u00e1val van ell\u00e1tva. A f\u00e1radt \u00e9s id\u0151 el\u0151tt el\u00f6regedett b\u0151r regener\u00e1ci\u00f3s folyamatai intenz\u00edvebb\u00e9 \u00e9s hat\u00e9konyabb\u00e1 v\u00e1lnak. B\u0151r\u00fcnknek teh\u00e1t az AMINO-GLYCO KAVIAR egy er\u0151s sz\u00f6vets\u00e9gese van a b\u0151rben zajl\u00f3 agresszi\u00f3k elleni k\u00fczdelemben; ez az alapanyag seg\u00edt helyre\u00e1ll\u00edtani a b\u0151r \u00e1llapot\u00e1t a ragyog\u00f3, megnyugtatott \u00e9s puha b\u0151rh\u00f6z sz\u00fcks\u00e9ges term\u00e9szetes elemekkel.<\/p>\n<p>A BIO-MARINE COLLAGEN 6PH koncentr\u00e1lt \u00e9s nagym\u00e9rt\u00e9kben tiszt\u00edtott tengeri eredet\u0171 term\u00e9szetes kollag\u00e9n. Tisztas\u00e1ga 99% akt\u00edv kollag\u00e9n. A tengeri kollag\u00e9nt koncentr\u00e1lt form\u00e1ban a fiatals\u00e1g elix\u00edrj\u00e9nek is nevezhetj\u00fck, k\u00fcls\u0151leg a b\u0151r\u00f6n alkalmazva l\u00e1that\u00f3an kisim\u00edtja a finom vonalakat \u00e9s r\u00e1ncokat, \u00e9s jelent\u0151sen n\u00f6veli a b\u0151r rugalmass\u00e1g\u00e1t \u00e9s feszess\u00e9g\u00e9t. Vil\u00e1gos\u00edtja a pigmentfoltokat \u00e9s hidrat\u00e1lja a sz\u00e1raz b\u0151rt. A kollag\u00e9n a b\u0151r extracellul\u00e1ris m\u00e1trix\u00e1ban tal\u00e1lhat\u00f3 f\u0151 oldhatatlan rostos feh\u00e9rje az elasztinnal \u00e9s a hialuronsavval egy\u00fctt. Ez a fajta kollag\u00e9n nem ment \u00e1t semmilyen m\u00f3dos\u00edt\u00e1son eredeti szerkezet\u00e9ben, \u00edgy nagy molekulas\u00faly\u00fa aminosavak hossz\u00fa l\u00e1ncak\u00e9nt maradt meg.<\/p>\n<p>Hat\u00e1sai:<\/p>\n<p>Kisim\u00edt\u00f3 \u00e9s felhajt\u00f3 hat\u00e1s<br \/>\nNyugtat\u00f3 \u00e9s nyugtat\u00f3<br \/>\nJav\u00edtja a b\u0151r rugalmass\u00e1g\u00e1t<br \/>\nVil\u00e1gos\u00edt\u00f3 hat\u00e1s<br \/>\nAminosavakban \u00e9s polipeptidekben gazdag<br \/>\nA b\u0151r morfol\u00f3gi\u00e1j\u00e1nak szerkezet\u00e1talak\u00edt\u00e1sa \u00e9s meger\u0151s\u00edt\u00e9se, valamint a haj mikro-reliefje<\/p>\n<p>&nbsp;<\/p>\n<p>Tartalmazza a Black BeeOm prebiotikus \u00f6sszetev\u0151t, egy olyan elix\u00edrt, amelyet egy ritka \u00e9s \u0151si m\u00e9zel\u0151 m\u00e9hfaj m\u00e9z\u00e9nek erjeszt\u00e9s\u00e9vel nyernek. Ennek a rendk\u00edv\u00fcl sz\u00edv\u00f3s s\u00f6t\u00e9t m\u00e9hnek a m\u00e9z\u00e9t elszigetelt sv\u00e1jci hegyi v\u00f6lgyekben termelik, \u00e9s a Zymomonas mobilis bakt\u00e9riummal erjesztik. A fekete m\u00e9h m\u00e9z erjeszt\u00e9se helyre\u00e1ll\u00edtja a b\u0151r term\u00e9szetes mikrofl\u00f3r\u00e1j\u00e1t. El\u0151seg\u00edti a b\u0151rfl\u00f3ra gyorsabb regener\u00e1l\u00f3d\u00e1s\u00e1t \u00e9s a b\u0151rg\u00e1t helyre\u00e1ll\u00edt\u00e1s\u00e1t. Ezenk\u00edv\u00fcl az erjesztett fekete m\u00e9hm\u00e9z cs\u00f6kkenti a faggy\u00fatermel\u00e9st \u00e9s jav\u00edtja az arcb\u0151r egyenletess\u00e9g\u00e9t.<\/p>\n<p>A zab ferment\u00e1lt probiotikus, prebiotikus, posztbiotikus aurafirm N term\u00e9szetes ferment\u00e1lt zab, amely jav\u00edtja a b\u0151r eg\u00e9szs\u00e9g\u00e9t, n\u00f6veli a sejtek v\u00e9dekez\u0151k\u00e9pess\u00e9g\u00e9t \u00e9s jav\u00edtja a b\u0151r ragyog\u00e1s\u00e1t a mikroorganizmusok regener\u00e1ci\u00f3j\u00e1nak felgyors\u00edt\u00e1s\u00e1val. B\u0151rsim\u00edt\u00e1st biztos\u00edt. Glikol- \u00e9s tejsavat, b\u00e9ta-gl\u00fck\u00e1nt, zab b\u0151rjelz\u0151 peptideket, foszfolipideket \u00e9s poliolokat tartalmaz\u00f3 hat\u00f3anyag, amelyek seg\u00edtenek a b\u0151r feszes\u00edt\u00e9s\u00e9ben \u00e9s \u00fajj\u00e1\u00e9p\u00edt\u00e9s\u00e9ben. Ezek a mikrobiol\u00f3giai hordoz\u00f3k a zab erej\u00e9vel egy\u00fctt el\u0151seg\u00edtik az eg\u00e9szs\u00e9ges b\u0151r kialakul\u00e1s\u00e1t. El\u0151seg\u00edtik a sejtek meg\u00fajul\u00e1s\u00e1t, \u00e9s j\u00f3t\u00e9konyan hatnak a pattan\u00e1sos \u00e9s rosacea-s b\u0151rre.<\/p>\n<p>Az erjeszt\u00e9ssel nyert t\u0151zeg\u00e1fonya kivonat t\u00e1pl\u00e1l\u00f3, hidrat\u00e1l\u00f3, nyugtat\u00f3, sejtszint\u0171, citoprotekt\u00edv \u00e9s revitaliz\u00e1l\u00f3 hat\u00e1ssal b\u00edr.<\/p>\n<p>A bio r\u00f3zsav\u00edz tele van antioxid\u00e1nsokkal. Az antioxid\u00e1nsok n\u00e9lk\u00fcl\u00f6zhetetlenek ahhoz, hogy megel\u0151zz\u00fck b\u0151r\u00fcnk oxidat\u00edv stressz okozta k\u00e1rosod\u00e1s\u00e1t. A r\u00f3zsav\u00edz seg\u00edt b\u0151r\u00fcnknek felvenni a harcot a k\u00e1ros szabad gy\u00f6k\u00f6kkel \u00e9s az UV-sugarak, a k\u00f6rnyezetszennyez\u00e9s \u00e9s a stressz okozta b\u0151rk\u00e1rosod\u00e1ssal szemben.<\/p>\n<p>&nbsp;<br \/>\n&nbsp;<\/p>\n<p>&nbsp;<br \/>\nHogyan kell haszn\u00e1lni?<br \/>\nAlkalmazza minden reggel \u00e9s este a tiszta, toniz\u00e1lt b\u0151rre. Vigyen fel 2-3 csepp sz\u00e9rumot az ujjbegyekre, majd gyeng\u00e9den massz\u00edrozza be az arcra, nyakra \u00e9s dekolt\u00e1zsra a k\u00f6zep\u00e9t\u0151l kifel\u00e9 haladva. Ker\u00fclje a szem k\u00f6rny\u00e9k\u00e9t.<\/p>\n<p>A napi rutinban a m\u00e9g jobb hat\u00e1s \u00e9rdek\u00e9ben javasoljuk a PANALUX Caviar hidrat\u00e1l\u00f3val \u00e9s a PANALUX Caviar \u00e9s P-Biotic Tonerrel egy\u00fctt haszn\u00e1lni.<br \/>\n&nbsp;<br \/>\n\u00d6sszetev\u0151k:<br \/>\nRosa Damascena Flower Water, Propanediol, Soluble Collagen, Glycerin, Aqua, Vaccinium Macrocarpon Fruit Juice , Pentylene Glycol, Zymomonas Ferment Extract, Phenylpropanol, Lactobacillus Ferment, Alcohol, Xanthan Gum, Glycosaminoglycans, Glycogen, Hydrolyzed Caviar Extract, Avena Sativa Kernel Extract, Mel Extract, Sodium Hyaluronate, Sodium Benzoate, Glucomannan, Schizophyllan,<\/p>\n","protected":false},"excerpt":{"rendered":"<p>\u00d6sszetev\u0151i antioxid\u00e1ns, gyullad\u00e1scs\u00f6kkent\u0151 \u00e9s nyugtat\u00f3 hat\u00e1s\u00faak. A benne l\u00e9v\u0151 kavi\u00e1rkivonat megtartja a vizet, mik\u00f6zben elnyomja a b\u0151r \u00f6reged\u00e9s\u00e9nek jeleit. Kisim\u00edtja a r\u00e1ncokat \u00e9s jav\u00edtja a b\u0151r \u00e1ltal\u00e1nos megjelen\u00e9s\u00e9t. A hialuronsav hidrat\u00e1lts\u00e1got, rugalmass\u00e1got \u00e9s feszess\u00e9get biztos\u00edt. B\u0151rt\u00edpus: minden b\u0151rt\u00edpusra, bele\u00e9rtve az \u00e9rz\u00e9keny b\u0151rt is. &nbsp; K\u00f6nny\u0171, vizes text\u00fara k\u00f6nnyed\u00e9n felsz\u00edv\u00f3dik, \u00e9s friss\u00edt\u0151, nem zs\u00edros \u00e9rzetet biztos\u00edt. [&hellip;]<\/p>\n","protected":false},"featured_media":477008,"template":"","meta":{"_acf_changed":false},"product_brand":[],"product_cat":[3414,3466,3380],"product_tag":[],"class_list":["post-477007","product","type-product","status-publish","has-post-thumbnail","product_cat-panakeia-naturkozmetikumok","product_cat-panalux-luxus-naturkozmetikumok","product_cat-termeszetes-kozmetikumok","first","instock","product-type-external"],"acf":[],"_links":{"self":[{"href":"https:\/\/horgaszhely.hu\/hun\/wp-json\/wp\/v2\/product\/477007","targetHints":{"allow":["GET"]}}],"collection":[{"href":"https:\/\/horgaszhely.hu\/hun\/wp-json\/wp\/v2\/product"}],"about":[{"href":"https:\/\/horgaszhely.hu\/hun\/wp-json\/wp\/v2\/types\/product"}],"wp:featuredmedia":[{"embeddable":true,"href":"https:\/\/horgaszhely.hu\/hun\/wp-json\/wp\/v2\/media\/477008"}],"wp:attachment":[{"href":"https:\/\/horgaszhely.hu\/hun\/wp-json\/wp\/v2\/media?parent=477007"}],"wp:term":[{"taxonomy":"product_brand","embeddable":true,"href":"https:\/\/horgaszhely.hu\/hun\/wp-json\/wp\/v2\/product_brand?post=477007"},{"taxonomy":"product_cat","embeddable":true,"href":"https:\/\/horgaszhely.hu\/hun\/wp-json\/wp\/v2\/product_cat?post=477007"},{"taxonomy":"product_tag","embeddable":true,"href":"https:\/\/horgaszhely.hu\/hun\/wp-json\/wp\/v2\/product_tag?post=477007"}],"curies":[{"name":"wp","href":"https:\/\/api.w.org\/{rel}","templated":true}]}}

PANALUX by PANAKEIA Kaviár arcszérum 30ml

<p>Összetevői antioxidáns, gyulladáscsökkentő és nyugtató hatásúak. A benne lévő kaviárkivonat megtartja a vizet, miközben elnyomja a bőr öregedésének jeleit. Kisimítja a ráncokat és javítja a bőr általános megjelenését. A hialuronsav hidratáltságot, rugalmasságot és feszességet biztosít.</p>
<p>Bőrtípus: minden bőrtípusra, beleértve az érzékeny bőrt is.</p>
<p>&nbsp;<br />
Könnyű, vizes textúra könnyedén felszívódik, és frissítő, nem zsíros érzetet biztosít.</p>
<p>&nbsp;<br />
Hatás: hidratálás, ragyogás, feszesítés.</p>
<p>&nbsp;</p>
<p>Az öregedésgátló összetevők túl erősek és irritálóak lehetnek az érzékeny bőr számára. A PANALUX Caviar szérummal azonban nem kell lemondania az átfogó ápolásról. A három egzotikus kivonat kombinációja a tőzegáfonya hidro-kivonattal megnyugtatja az érzékeny bőrt és enyhíti az irritációt, emellett csökkenti a ráncokat és feldobja a bőrt.</p>
<p>&nbsp;<br />
Aktív összetevők:</p>
<p>&nbsp;</p>
<p>Az AMINO GLYCO CAVIAR PF egy természetes tengeri hatóanyag, amely tiszta kaviárkivonatot kombinál és glikozaminoglikánokkal dúsított. A bőrsejtek regenerálására és a bőr kezelésére készült, a hatékonyságot, a luxust és a kifinomultságot ötvözi. Ezzel a vegyülettel a bőr minden szükséges tápláló elemmel, valamint a feldolgozásukhoz szükséges energiával van ellátva. A fáradt és idő előtt elöregedett bőr regenerációs folyamatai intenzívebbé és hatékonyabbá válnak. Bőrünknek tehát az AMINO-GLYCO KAVIAR egy erős szövetségese van a bőrben zajló agressziók elleni küzdelemben; ez az alapanyag segít helyreállítani a bőr állapotát a ragyogó, megnyugtatott és puha bőrhöz szükséges természetes elemekkel.</p>
<p>A BIO-MARINE COLLAGEN 6PH koncentrált és nagymértékben tisztított tengeri eredetű természetes kollagén. Tisztasága 99% aktív kollagén. A tengeri kollagént koncentrált formában a fiatalság elixírjének is nevezhetjük, külsőleg a bőrön alkalmazva láthatóan kisimítja a finom vonalakat és ráncokat, és jelentősen növeli a bőr rugalmasságát és feszességét. Világosítja a pigmentfoltokat és hidratálja a száraz bőrt. A kollagén a bőr extracelluláris mátrixában található fő oldhatatlan rostos fehérje az elasztinnal és a hialuronsavval együtt. Ez a fajta kollagén nem ment át semmilyen módosításon eredeti szerkezetében, így nagy molekulasúlyú aminosavak hosszú láncaként maradt meg.</p>
<p>Hatásai:</p>
<p>Kisimító és felhajtó hatás<br />
Nyugtató és nyugtató<br />
Javítja a bőr rugalmasságát<br />
Világosító hatás<br />
Aminosavakban és polipeptidekben gazdag<br />
A bőr morfológiájának szerkezetátalakítása és megerősítése, valamint a haj mikro-reliefje</p>
<p>&nbsp;</p>
<p>Tartalmazza a Black BeeOm prebiotikus összetevőt, egy olyan elixírt, amelyet egy ritka és ősi mézelő méhfaj mézének erjesztésével nyernek. Ennek a rendkívül szívós sötét méhnek a mézét elszigetelt svájci hegyi völgyekben termelik, és a Zymomonas mobilis baktériummal erjesztik. A fekete méh méz erjesztése helyreállítja a bőr természetes mikroflóráját. Elősegíti a bőrflóra gyorsabb regenerálódását és a bőrgát helyreállítását. Ezenkívül az erjesztett fekete méhméz csökkenti a faggyútermelést és javítja az arcbőr egyenletességét.</p>
<p>A zab fermentált probiotikus, prebiotikus, posztbiotikus aurafirm N természetes fermentált zab, amely javítja a bőr egészségét, növeli a sejtek védekezőképességét és javítja a bőr ragyogását a mikroorganizmusok regenerációjának felgyorsításával. Bőrsimítást biztosít. Glikol- és tejsavat, béta-glükánt, zab bőrjelző peptideket, foszfolipideket és poliolokat tartalmazó hatóanyag, amelyek segítenek a bőr feszesítésében és újjáépítésében. Ezek a mikrobiológiai hordozók a zab erejével együtt elősegítik az egészséges bőr kialakulását. Elősegítik a sejtek megújulását, és jótékonyan hatnak a pattanásos és rosacea-s bőrre.</p>
<p>Az erjesztéssel nyert tőzegáfonya kivonat tápláló, hidratáló, nyugtató, sejtszintű, citoprotektív és revitalizáló hatással bír.</p>
<p>A bio rózsavíz tele van antioxidánsokkal. Az antioxidánsok nélkülözhetetlenek ahhoz, hogy megelőzzük bőrünk oxidatív stressz okozta károsodását. A rózsavíz segít bőrünknek felvenni a harcot a káros szabad gyökökkel és az UV-sugarak, a környezetszennyezés és a stressz okozta bőrkárosodással szemben.</p>
<p>&nbsp;<br />
&nbsp;</p>
<p>&nbsp;<br />
Hogyan kell használni?<br />
Alkalmazza minden reggel és este a tiszta, tonizált bőrre. Vigyen fel 2-3 csepp szérumot az ujjbegyekre, majd gyengéden masszírozza be az arcra, nyakra és dekoltázsra a közepétől kifelé haladva. Kerülje a szem környékét.</p>
<p>A napi rutinban a még jobb hatás érdekében javasoljuk a PANALUX Caviar hidratálóval és a PANALUX Caviar és P-Biotic Tonerrel együtt használni.<br />
&nbsp;<br />
Összetevők:<br />
Rosa Damascena Flower Water, Propanediol, Soluble Collagen, Glycerin, Aqua, Vaccinium Macrocarpon Fruit Juice , Pentylene Glycol, Zymomonas Ferment Extract, Phenylpropanol, Lactobacillus Ferment, Alcohol, Xanthan Gum, Glycosaminoglycans, Glycogen, Hydrolyzed Caviar Extract, Avena Sativa Kernel Extract, Mel Extract, Sodium Hyaluronate, Sodium Benzoate, Glucomannan, Schizophyllan,</p>

<p>Összetevői antioxidáns, gyulladáscsökkentő és nyugtató hatásúak. A benne lévő kaviárkivonat megtartja a vizet, miközben elnyomja a bőr öregedésének jeleit. Kisimítja a ráncokat és javítja a bőr általános megjelenését. A hialuronsav hidratáltságot, rugalmasságot és feszességet biztosít. Bőrtípus: minden bőrtípusra, beleértve az érzékeny bőrt is. &nbsp; Könnyű, vizes textúra könnyedén felszívódik, és frissítő, nem zsíros érzetet biztosít. [&hellip;]</p>
