{"id":477009,"date":"2026-08-29T19:56:37","date_gmt":"2026-08-29T17:56:37","guid":{"rendered":"https:\/\/horgaszhely.hu\/hun\/termek\/panalux-by-panakeia-kaviar-nappali-krem-30ml\/"},"modified":"2026-08-29T19:57:10","modified_gmt":"2026-08-29T17:57:10","slug":"panalux-by-panakeia-kaviar-nappali-krem-30ml","status":"publish","type":"product","link":"https:\/\/horgaszhely.hu\/hun\/termek\/panalux-by-panakeia-kaviar-nappali-krem-30ml\/","title":{"rendered":"PANALUX by PANAKEIA Kavi\u00e1r nappali kr\u00e9m 30ml"},"content":{"rendered":"<p>Ez a fiatal\u00edt\u00f3 kr\u00e9m fenomen\u00e1lis d\u00fas\u00edt\u00e1st, feszes\u00edt\u00e9st \u00e9s rugalmass\u00e1got biztos\u00edt a b\u0151rnek. A hidrat\u00e1l\u00f3 hat\u00f3anyagok vonzz\u00e1k, megk\u00f6tik \u00e9s p\u00f3tolj\u00e1k a hidrat\u00e1lts\u00e1got a b\u0151rben, hat\u00e9konyan fiatal\u00edtj\u00e1k \u00e9s \u00e9l\u00e9nk\u00edtik a f\u00e1radt b\u0151rt is. K\u00f6nnyed text\u00far\u00e1j\u00e1val ez a hidrat\u00e1l\u00f3 kr\u00e9m kiv\u00e9teles k\u00e9nyeztet\u00e9ssel gazdag\u00edtja a napi ritu\u00e1l\u00e9t. Helyre\u00e1ll\u00edtja a t\u00f3nust \u00e9s a s\u0171r\u0171s\u00e9get a jobb b\u0151r telts\u00e9g\u00e9t \u00e9s a l\u00e1gyabb kont\u00farokat. A b\u0151rt \u00e1titatja a fiatals\u00e1g harm\u00f3ni\u00e1ja.<\/p>\n<p>&nbsp;<br \/>\nAzAMINO-GLYCO CAViar PF egy term\u00e9szetes tengeri hat\u00f3anyag, amely tiszta kavi\u00e1rkivonatot kombin\u00e1l \u00e9s glikozaminoglik\u00e1nokkal d\u00fas\u00edtott. A b\u0151rsejtek regener\u00e1l\u00e1s\u00e1ra \u00e9s a b\u0151r kezel\u00e9s\u00e9re k\u00e9sz\u00fclt, a hat\u00e9konys\u00e1got, a luxust \u00e9s a kifinomults\u00e1got \u00f6tv\u00f6zi. Ezzel a vegy\u00fclettel a b\u0151r minden sz\u00fcks\u00e9ges t\u00e1pl\u00e1l\u00f3 elemmel, valamint a feldolgoz\u00e1sukhoz sz\u00fcks\u00e9ges energi\u00e1val van ell\u00e1tva. A f\u00e1radt \u00e9s id\u0151 el\u0151tt el\u00f6regedett b\u0151r regener\u00e1ci\u00f3s folyamatai intenz\u00edvebb\u00e9 \u00e9s hat\u00e9konyabb\u00e1 v\u00e1lnak. B\u0151r\u00fcnknek teh\u00e1t az AMINO-GLYCO KVIAR er\u0151s sz\u00f6vets\u00e9gese van a b\u0151rben zajl\u00f3 agresszi\u00f3k elleni k\u00fczdelemben; ez az alapanyag seg\u00edt helyre\u00e1ll\u00edtani a b\u0151r \u00e1llapot\u00e1t a ragyog\u00f3, nyugodt \u00e9s puha b\u0151rh\u00f6z sz\u00fcks\u00e9ges term\u00e9szetes elemekkel.<\/p>\n<p>&nbsp;<br \/>\nABIO-MARINE COLLAGEN 6PH koncentr\u00e1lt \u00e9s nagym\u00e9rt\u00e9kben tiszt\u00edtott tengeri eredet\u0171 term\u00e9szetes kollag\u00e9n. Tisztas\u00e1ga 99% akt\u00edv kollag\u00e9n. A tengeri kollag\u00e9nt koncentr\u00e1lt form\u00e1ban a fiatals\u00e1g elix\u00edrj\u00e9nek is nevezhetj\u00fck, k\u00fcls\u0151leg a b\u0151r\u00f6n alkalmazva l\u00e1that\u00f3an kisim\u00edtja a finom vonalakat \u00e9s r\u00e1ncokat, \u00e9s jelent\u0151sen n\u00f6veli a b\u0151r rugalmass\u00e1g\u00e1t \u00e9s feszess\u00e9g\u00e9t. Vil\u00e1gos\u00edtja a pigmentfoltokat \u00e9s hidrat\u00e1lja a sz\u00e1raz b\u0151rt. A kollag\u00e9n a b\u0151r extracellul\u00e1ris m\u00e1trix\u00e1ban tal\u00e1lhat\u00f3 f\u0151 oldhatatlan rostos feh\u00e9rje az elasztinnal \u00e9s a hialuronsavval egy\u00fctt. Ez a fajta kollag\u00e9n nem ment \u00e1t semmilyen m\u00f3dos\u00edt\u00e1son eredeti szerkezet\u00e9ben, \u00edgy nagy molekulas\u00faly\u00fa aminosavak hossz\u00fa l\u00e1ncak\u00e9nt maradt meg.<\/p>\n<p>&nbsp;<br \/>\nHat\u00e1sai:<\/p>\n<p>Kisim\u00edt\u00f3 \u00e9s felhajt\u00f3 hat\u00e1s<br \/>\nNyugtat\u00f3 \u00e9s nyugtat\u00f3<br \/>\nJav\u00edtja a b\u0151r rugalmass\u00e1g\u00e1t<br \/>\nVil\u00e1gos\u00edt\u00f3 hat\u00e1s<br \/>\nGazdag aminosavakban \u00e9s polipeptidekben \u2606A b\u0151r \u00e9s a haj morfol\u00f3gi\u00e1j\u00e1nak \u00fajrastruktur\u00e1l\u00e1sa \u00e9s meger\u0151s\u00edt\u00e9se mikro-reliefek form\u00e1j\u00e1ban<\/p>\n<p>ABiEau\u00ae Actif Green Algae egy fenntarthat\u00f3 forr\u00e1sb\u00f3l sz\u00e1rmaz\u00f3 spirulina platensis esszencia, amelyet a b\u0151r nedvess\u00e9gtartalm\u00e1nak n\u00f6vel\u00e9s\u00e9re \u00e9s a hat\u00e9kony, k\u00f6rnyezetbar\u00e1t sz\u00e9ps\u00e9g\u00e1pol\u00e1s el\u0151seg\u00edt\u00e9s\u00e9re terveztek. A spirulina platensis egy k\u00e9k-z\u00f6ld alga, amelyet a tengerek szuper\u00e9lelmiszer\u00e9nek tartanak, \u00e9s elismert t\u00e1panyagforr\u00e1sk\u00e9nt, t\u00f6bbek k\u00f6z\u00f6tt niacinamid, azaz B3-vitamin gazdag forr\u00e1sak\u00e9nt tartj\u00e1k sz\u00e1mon. A niacinamid helyi alkalmaz\u00e1sa seg\u00edthet a b\u0151rg\u00e1t er\u0151s\u00edt\u00e9s\u00e9ben \u00e9s a b\u0151r nedvess\u00e9gtartalm\u00e1nak n\u00f6vel\u00e9s\u00e9ben.<\/p>\n<p>&nbsp;<br \/>\nTerm\u00e9szetes glikog\u00e9n<br \/>\n&nbsp;<br \/>\nAPhytoSpherix&#x2122; n\u00f6v\u00e9nyi eredet\u0171 glikog\u00e9n a b\u0151r energetiz\u00e1l\u00e1s\u00e1ra. A PhytoSpherix&#x2122; egy \u00faj, szabadalmaztatott z\u00f6ld elj\u00e1r\u00e1ssal a csemegekukorica magj\u00e1b\u00f3l kivont fitoglikog\u00e9n.<\/p>\n<p>Term\u00e9szetes bioidentikus szerkezet\u00e9nek k\u00f6sz\u00f6nhet\u0151en a PhytoSpherix&#x2122; az \u00e1llati eredet\u0171 glikog\u00e9nhez hasonl\u00f3 hat\u00e1ssal rendelkezik.<\/p>\n<p>Fokozza a sejtek anyagcser\u00e9j\u00e9t, \u00e9s el\u0151seg\u00edti a b\u0151rsejtek kollag\u00e9n- \u00e9s hialuronsav termel\u00e9s\u00e9t.<br \/>\nCs\u00f6kkenti a r\u00e1ncokat \u00e9s a finom vonalakat<br \/>\nJav\u00edtja a b\u0151r hidrat\u00e1lts\u00e1g\u00e1t<br \/>\nEnergiz\u00e1lja a b\u0151rsejteket<br \/>\nEl\u0151seg\u00edti a kollag\u00e9n- \u00e9s hialuronsavtermel\u00e9st<br \/>\nCs\u00f6kkenti a pigmentfoltokat<\/p>\n<p>B\u0151rt\u00edpus: minden b\u0151rt\u00edpusra<\/p>\n<p>Hat\u00e1s: hidrat\u00e1l\u00e1s, ragyog\u00e1s, feszes\u00edt\u00e9s<\/p>\n<p>&nbsp;<br \/>\nHogyan kell haszn\u00e1lni?<br \/>\nAlkalmaz\u00e1s: Minden reggel \u00e9s este vigye fel a tiszta, toniz\u00e1lt b\u0151rre. Vigye fel a kr\u00e9met az ujjbegyekre, majd gyeng\u00e9den massz\u00edrozza be az arcra, a nyakra \u00e9s a dekolt\u00e1zsra a k\u00f6zep\u00e9t\u0151l kifel\u00e9 haladva. Ker\u00fclje a szem k\u00f6rny\u00e9k\u00e9t.<\/p>\n<p>A m\u00e9g jobb hat\u00e1s \u00e9rdek\u00e9ben javasoljuk, hogy a napi rutinban haszn\u00e1lja a Hidrat\u00e1l\u00f3 kavi\u00e1ros arcsz\u00e9rumot is.<br \/>\n&nbsp;<br \/>\n\u00d6sszetev\u0151k:<\/p>\n<p>Rosa Damascena Flower Water, Sclerocarya Birrea Seed Oil, Coffea Arabica Seed Oil, Squalane, Theobroma Grandiflorum Seed Butter, Polyglyceryl-3 Rice Branate, Glycerin, Aqua, Soluble Collagen, Spirulina Platensis&nbsp;Extract , Cetearyl Alcohol, Sucrose Stearate, Rosa Damascena Flower Cera, Opuntia Tuna Flower\/Stem Extract,&nbsp;Glycogen, Sodium Hyaluronate, Glycosaminoglycans, Hydrolyzed Caviar Extract, Leuconostoc\/Radish Root Ferment Filtrate, Glucomannan, Schizophyllan, Sodium Hyaluronate Crosspolymer, Palmitoyl Tripeptide-5, Lactic Acid, Benzyl Alcohol, Salicylic Acid, Sorbic Acid<\/p>\n","protected":false},"excerpt":{"rendered":"<p>Ez a fiatal\u00edt\u00f3 kr\u00e9m fenomen\u00e1lis d\u00fas\u00edt\u00e1st, feszes\u00edt\u00e9st \u00e9s rugalmass\u00e1got biztos\u00edt a b\u0151rnek. A hidrat\u00e1l\u00f3 hat\u00f3anyagok vonzz\u00e1k, megk\u00f6tik \u00e9s p\u00f3tolj\u00e1k a hidrat\u00e1lts\u00e1got a b\u0151rben, hat\u00e9konyan fiatal\u00edtj\u00e1k \u00e9s \u00e9l\u00e9nk\u00edtik a f\u00e1radt b\u0151rt is. K\u00f6nnyed text\u00far\u00e1j\u00e1val ez a hidrat\u00e1l\u00f3 kr\u00e9m kiv\u00e9teles k\u00e9nyeztet\u00e9ssel gazdag\u00edtja a napi ritu\u00e1l\u00e9t. Helyre\u00e1ll\u00edtja a t\u00f3nust \u00e9s a s\u0171r\u0171s\u00e9get a jobb b\u0151r telts\u00e9g\u00e9t \u00e9s a [&hellip;]<\/p>\n","protected":false},"featured_media":477010,"template":"","meta":{"_acf_changed":false},"product_brand":[],"product_cat":[3414,3466,3380],"product_tag":[],"class_list":["post-477009","product","type-product","status-publish","has-post-thumbnail","product_cat-panakeia-naturkozmetikumok","product_cat-panalux-luxus-naturkozmetikumok","product_cat-termeszetes-kozmetikumok","first","instock","product-type-external"],"acf":[],"_links":{"self":[{"href":"https:\/\/horgaszhely.hu\/hun\/wp-json\/wp\/v2\/product\/477009","targetHints":{"allow":["GET"]}}],"collection":[{"href":"https:\/\/horgaszhely.hu\/hun\/wp-json\/wp\/v2\/product"}],"about":[{"href":"https:\/\/horgaszhely.hu\/hun\/wp-json\/wp\/v2\/types\/product"}],"wp:featuredmedia":[{"embeddable":true,"href":"https:\/\/horgaszhely.hu\/hun\/wp-json\/wp\/v2\/media\/477010"}],"wp:attachment":[{"href":"https:\/\/horgaszhely.hu\/hun\/wp-json\/wp\/v2\/media?parent=477009"}],"wp:term":[{"taxonomy":"product_brand","embeddable":true,"href":"https:\/\/horgaszhely.hu\/hun\/wp-json\/wp\/v2\/product_brand?post=477009"},{"taxonomy":"product_cat","embeddable":true,"href":"https:\/\/horgaszhely.hu\/hun\/wp-json\/wp\/v2\/product_cat?post=477009"},{"taxonomy":"product_tag","embeddable":true,"href":"https:\/\/horgaszhely.hu\/hun\/wp-json\/wp\/v2\/product_tag?post=477009"}],"curies":[{"name":"wp","href":"https:\/\/api.w.org\/{rel}","templated":true}]}}

PANALUX by PANAKEIA Kaviár nappali krém 30ml

<p>Ez a fiatalító krém fenomenális dúsítást, feszesítést és rugalmasságot biztosít a bőrnek. A hidratáló hatóanyagok vonzzák, megkötik és pótolják a hidratáltságot a bőrben, hatékonyan fiatalítják és élénkítik a fáradt bőrt is. Könnyed textúrájával ez a hidratáló krém kivételes kényeztetéssel gazdagítja a napi rituálét. Helyreállítja a tónust és a sűrűséget a jobb bőr teltségét és a lágyabb kontúrokat. A bőrt átitatja a fiatalság harmóniája.</p>
<p>&nbsp;<br />
AzAMINO-GLYCO CAViar PF egy természetes tengeri hatóanyag, amely tiszta kaviárkivonatot kombinál és glikozaminoglikánokkal dúsított. A bőrsejtek regenerálására és a bőr kezelésére készült, a hatékonyságot, a luxust és a kifinomultságot ötvözi. Ezzel a vegyülettel a bőr minden szükséges tápláló elemmel, valamint a feldolgozásukhoz szükséges energiával van ellátva. A fáradt és idő előtt elöregedett bőr regenerációs folyamatai intenzívebbé és hatékonyabbá válnak. Bőrünknek tehát az AMINO-GLYCO KVIAR erős szövetségese van a bőrben zajló agressziók elleni küzdelemben; ez az alapanyag segít helyreállítani a bőr állapotát a ragyogó, nyugodt és puha bőrhöz szükséges természetes elemekkel.</p>
<p>&nbsp;<br />
ABIO-MARINE COLLAGEN 6PH koncentrált és nagymértékben tisztított tengeri eredetű természetes kollagén. Tisztasága 99% aktív kollagén. A tengeri kollagént koncentrált formában a fiatalság elixírjének is nevezhetjük, külsőleg a bőrön alkalmazva láthatóan kisimítja a finom vonalakat és ráncokat, és jelentősen növeli a bőr rugalmasságát és feszességét. Világosítja a pigmentfoltokat és hidratálja a száraz bőrt. A kollagén a bőr extracelluláris mátrixában található fő oldhatatlan rostos fehérje az elasztinnal és a hialuronsavval együtt. Ez a fajta kollagén nem ment át semmilyen módosításon eredeti szerkezetében, így nagy molekulasúlyú aminosavak hosszú láncaként maradt meg.</p>
<p>&nbsp;<br />
Hatásai:</p>
<p>Kisimító és felhajtó hatás<br />
Nyugtató és nyugtató<br />
Javítja a bőr rugalmasságát<br />
Világosító hatás<br />
Gazdag aminosavakban és polipeptidekben ☆A bőr és a haj morfológiájának újrastrukturálása és megerősítése mikro-reliefek formájában</p>
<p>ABiEau® Actif Green Algae egy fenntartható forrásból származó spirulina platensis esszencia, amelyet a bőr nedvességtartalmának növelésére és a hatékony, környezetbarát szépségápolás elősegítésére terveztek. A spirulina platensis egy kék-zöld alga, amelyet a tengerek szuperélelmiszerének tartanak, és elismert tápanyagforrásként, többek között niacinamid, azaz B3-vitamin gazdag forrásaként tartják számon. A niacinamid helyi alkalmazása segíthet a bőrgát erősítésében és a bőr nedvességtartalmának növelésében.</p>
<p>&nbsp;<br />
Természetes glikogén<br />
&nbsp;<br />
APhytoSpherix&#x2122; növényi eredetű glikogén a bőr energetizálására. A PhytoSpherix&#x2122; egy új, szabadalmaztatott zöld eljárással a csemegekukorica magjából kivont fitoglikogén.</p>
<p>Természetes bioidentikus szerkezetének köszönhetően a PhytoSpherix&#x2122; az állati eredetű glikogénhez hasonló hatással rendelkezik.</p>
<p>Fokozza a sejtek anyagcseréjét, és elősegíti a bőrsejtek kollagén- és hialuronsav termelését.<br />
Csökkenti a ráncokat és a finom vonalakat<br />
Javítja a bőr hidratáltságát<br />
Energizálja a bőrsejteket<br />
Elősegíti a kollagén- és hialuronsavtermelést<br />
Csökkenti a pigmentfoltokat</p>
<p>Bőrtípus: minden bőrtípusra</p>
<p>Hatás: hidratálás, ragyogás, feszesítés</p>
<p>&nbsp;<br />
Hogyan kell használni?<br />
Alkalmazás: Minden reggel és este vigye fel a tiszta, tonizált bőrre. Vigye fel a krémet az ujjbegyekre, majd gyengéden masszírozza be az arcra, a nyakra és a dekoltázsra a közepétől kifelé haladva. Kerülje a szem környékét.</p>
<p>A még jobb hatás érdekében javasoljuk, hogy a napi rutinban használja a Hidratáló kaviáros arcszérumot is.<br />
&nbsp;<br />
Összetevők:</p>
<p>Rosa Damascena Flower Water, Sclerocarya Birrea Seed Oil, Coffea Arabica Seed Oil, Squalane, Theobroma Grandiflorum Seed Butter, Polyglyceryl-3 Rice Branate, Glycerin, Aqua, Soluble Collagen, Spirulina Platensis&nbsp;Extract , Cetearyl Alcohol, Sucrose Stearate, Rosa Damascena Flower Cera, Opuntia Tuna Flower/Stem Extract,&nbsp;Glycogen, Sodium Hyaluronate, Glycosaminoglycans, Hydrolyzed Caviar Extract, Leuconostoc/Radish Root Ferment Filtrate, Glucomannan, Schizophyllan, Sodium Hyaluronate Crosspolymer, Palmitoyl Tripeptide-5, Lactic Acid, Benzyl Alcohol, Salicylic Acid, Sorbic Acid</p>

<p>Ez a fiatalító krém fenomenális dúsítást, feszesítést és rugalmasságot biztosít a bőrnek. A hidratáló hatóanyagok vonzzák, megkötik és pótolják a hidratáltságot a bőrben, hatékonyan fiatalítják és élénkítik a fáradt bőrt is. Könnyed textúrájával ez a hidratáló krém kivételes kényeztetéssel gazdagítja a napi rituálét. Helyreállítja a tónust és a sűrűséget a jobb bőr teltségét és a [&hellip;]</p>
