{"id":477015,"date":"2026-08-29T19:56:37","date_gmt":"2026-08-29T17:56:37","guid":{"rendered":"https:\/\/horgaszhely.hu\/hun\/termek\/panakeia-kleopatra-ejszakai-krem-30ml\/"},"modified":"2026-08-29T19:57:16","modified_gmt":"2026-08-29T17:57:16","slug":"panakeia-kleopatra-ejszakai-krem-30ml","status":"publish","type":"product","link":"https:\/\/horgaszhely.hu\/hun\/termek\/panakeia-kleopatra-ejszakai-krem-30ml\/","title":{"rendered":"PANAKEIA KLEOPATRA &#8211; \u00e9jszakai kr\u00e9m 30ml"},"content":{"rendered":"<p>M\u00e9lyen hidrat\u00e1lja, intenz\u00edven helyre\u00e1ll\u00edtja a b\u0151rt, el\u0151seg\u00edti annak rugalmass\u00e1g\u00e1t, toniz\u00e1lja \u00e9s serkenti a sejtregener\u00e1ci\u00f3t. Mang\u00f3vajjal, homokt\u00f6vis kivonattal, ceramidokkal, hialuronsavval \u00e9s gy\u00f6ngyporral formul\u00e1zva nagyon hat\u00e9konyan t\u00e1pl\u00e1lja a b\u0151rt, emellett gyullad\u00e1scs\u00f6kkent\u0151 \u00e9s antioxid\u00e1ns tulajdons\u00e1gokkal rendelkezik, amelyek lass\u00edtj\u00e1k az \u00f6reged\u00e9si folyamatot.<br \/>\n&nbsp;<br \/>\nAz antioxid\u00e1nsokban gazdag, le nem moshat\u00f3 maszkk\u00e9nt haszn\u00e1lt kr\u00e9m azonnali \u00e9s hosszan tart\u00f3 eredm\u00e9nyt biztos\u00edt a meg\u00fajult, ragyog\u00f3 \u00e9s m\u00e9lyen hidrat\u00e1lt b\u0151r sz\u00e1m\u00e1ra.<br \/>\n&nbsp;<br \/>\nAlkalmaz\u00e1s el\u0151tt b\u0151s\u00e9gesen hidrat\u00e1lja az arcot Cleopatra tonikkal. Vigye fel a nedves b\u0151rre.<br \/>\n&nbsp;<\/p>\n<p>Haszn\u00e1lati utas\u00edt\u00e1s:<\/p>\n<p>Vigyen fel egy v\u00e9kony r\u00e9teg kr\u00e9met a megtiszt\u00edtott arcra \u00e9s massz\u00edrozza be.<\/p>\n<p>Figyelmeztet\u00e9s:<\/p>\n<p>Kiz\u00e1r\u00f3lag k\u00fcls\u0151 haszn\u00e1latra. Kiz\u00e1r\u00f3lag haszn\u00e1latra. Ne haszn\u00e1lja irrit\u00e1lt vagy \u00e9rz\u00e9keny b\u0151r\u00f6n. Ne haszn\u00e1lja, ha \u00e9rz\u00e9keny a term\u00e9kben tal\u00e1lhat\u00f3 \u00f6sszetev\u0151kre. Ez a term\u00e9k nem alkalmas gyermekek sz\u00e1m\u00e1ra. Gyermekek el\u0151l elz\u00e1rva tartand\u00f3.<\/p>\n<p>T\u00e1rol\u00e1s:<\/p>\n<p>A term\u00e9ket szobah\u0151m\u00e9rs\u00e9kleten, h\u0151forr\u00e1st\u00f3l \u00e9s k\u00f6zvetlen napf\u00e9nyt\u0151l v\u00e9dve t\u00e1rolja.<\/p>\n<p>Tartalom: A k\u00e9sz\u00edtm\u00e9nyt a csomagol\u00e1sban l\u00e9v\u0151 term\u00e9kekhez nem szabad felhaszn\u00e1lni:<\/p>\n<p>30 ml.<\/p>\n<p>\u00d6sszetev\u0151k:<\/p>\n<p>Butyrospermum Parkii Butter, Helianthus Annuus Seed Oil, Mangifera Indica Seed Butter, Tilia Cordata Flower Extract, Pearl Powder, Hippophae Rhamnoides Kernel Extract,<br \/>\nC10-18 Triglycerides, Caprylic\/Capric Triglyceride, Isocetyl Alcohol, Hydrogenated Castor Oil, Parfum, Sodium Hyaluronate, Tocopherol, Ceramide NP, Ricinus Communis Seed Oil, Cetyl Alcohol, Spilanthes Acmella Flower Extract, Rosmarinus Officinalis Leaf Extract, Benzyl Salicylate, Geraniol<\/p>\n<p>Felel\u0151s szem\u00e9ly \u00e9s gy\u00e1rt\u00f3:<\/p>\n<p>PANAKEIA SK s.r.o., \u017dabinsk\u00e1 2, 911 05 Trencs\u00e9n, Szlov\u00e1kia,<br \/>\nwww.panakeia.hu<\/p>\n","protected":false},"excerpt":{"rendered":"<p>M\u00e9lyen hidrat\u00e1lja, intenz\u00edven helyre\u00e1ll\u00edtja a b\u0151rt, el\u0151seg\u00edti annak rugalmass\u00e1g\u00e1t, toniz\u00e1lja \u00e9s serkenti a sejtregener\u00e1ci\u00f3t. Mang\u00f3vajjal, homokt\u00f6vis kivonattal, ceramidokkal, hialuronsavval \u00e9s gy\u00f6ngyporral formul\u00e1zva nagyon hat\u00e9konyan t\u00e1pl\u00e1lja a b\u0151rt, emellett gyullad\u00e1scs\u00f6kkent\u0151 \u00e9s antioxid\u00e1ns tulajdons\u00e1gokkal rendelkezik, amelyek lass\u00edtj\u00e1k az \u00f6reged\u00e9si folyamatot. &nbsp; Az antioxid\u00e1nsokban gazdag, le nem moshat\u00f3 maszkk\u00e9nt haszn\u00e1lt kr\u00e9m azonnali \u00e9s hosszan tart\u00f3 eredm\u00e9nyt biztos\u00edt a [&hellip;]<\/p>\n","protected":false},"featured_media":477016,"template":"","meta":{"_acf_changed":false},"product_brand":[],"product_cat":[3429,3462,3414,3380],"product_tag":[],"class_list":["post-477015","product","type-product","status-publish","has-post-thumbnail","product_cat-arckozmetikum","product_cat-ejszakai-kremek","product_cat-panakeia-naturkozmetikumok","product_cat-termeszetes-kozmetikumok","first","instock","product-type-external"],"acf":[],"_links":{"self":[{"href":"https:\/\/horgaszhely.hu\/hun\/wp-json\/wp\/v2\/product\/477015","targetHints":{"allow":["GET"]}}],"collection":[{"href":"https:\/\/horgaszhely.hu\/hun\/wp-json\/wp\/v2\/product"}],"about":[{"href":"https:\/\/horgaszhely.hu\/hun\/wp-json\/wp\/v2\/types\/product"}],"wp:featuredmedia":[{"embeddable":true,"href":"https:\/\/horgaszhely.hu\/hun\/wp-json\/wp\/v2\/media\/477016"}],"wp:attachment":[{"href":"https:\/\/horgaszhely.hu\/hun\/wp-json\/wp\/v2\/media?parent=477015"}],"wp:term":[{"taxonomy":"product_brand","embeddable":true,"href":"https:\/\/horgaszhely.hu\/hun\/wp-json\/wp\/v2\/product_brand?post=477015"},{"taxonomy":"product_cat","embeddable":true,"href":"https:\/\/horgaszhely.hu\/hun\/wp-json\/wp\/v2\/product_cat?post=477015"},{"taxonomy":"product_tag","embeddable":true,"href":"https:\/\/horgaszhely.hu\/hun\/wp-json\/wp\/v2\/product_tag?post=477015"}],"curies":[{"name":"wp","href":"https:\/\/api.w.org\/{rel}","templated":true}]}}

PANAKEIA KLEOPATRA &#8211; éjszakai krém 30ml

<p>Mélyen hidratálja, intenzíven helyreállítja a bőrt, elősegíti annak rugalmasságát, tonizálja és serkenti a sejtregenerációt. Mangóvajjal, homoktövis kivonattal, ceramidokkal, hialuronsavval és gyöngyporral formulázva nagyon hatékonyan táplálja a bőrt, emellett gyulladáscsökkentő és antioxidáns tulajdonságokkal rendelkezik, amelyek lassítják az öregedési folyamatot.<br />
&nbsp;<br />
Az antioxidánsokban gazdag, le nem mosható maszkként használt krém azonnali és hosszan tartó eredményt biztosít a megújult, ragyogó és mélyen hidratált bőr számára.<br />
&nbsp;<br />
Alkalmazás előtt bőségesen hidratálja az arcot Cleopatra tonikkal. Vigye fel a nedves bőrre.<br />
&nbsp;</p>
<p>Használati utasítás:</p>
<p>Vigyen fel egy vékony réteg krémet a megtisztított arcra és masszírozza be.</p>
<p>Figyelmeztetés:</p>
<p>Kizárólag külső használatra. Kizárólag használatra. Ne használja irritált vagy érzékeny bőrön. Ne használja, ha érzékeny a termékben található összetevőkre. Ez a termék nem alkalmas gyermekek számára. Gyermekek elől elzárva tartandó.</p>
<p>Tárolás:</p>
<p>A terméket szobahőmérsékleten, hőforrástól és közvetlen napfénytől védve tárolja.</p>
<p>Tartalom: A készítményt a csomagolásban lévő termékekhez nem szabad felhasználni:</p>
<p>30 ml.</p>
<p>Összetevők:</p>
<p>Butyrospermum Parkii Butter, Helianthus Annuus Seed Oil, Mangifera Indica Seed Butter, Tilia Cordata Flower Extract, Pearl Powder, Hippophae Rhamnoides Kernel Extract,<br />
C10-18 Triglycerides, Caprylic/Capric Triglyceride, Isocetyl Alcohol, Hydrogenated Castor Oil, Parfum, Sodium Hyaluronate, Tocopherol, Ceramide NP, Ricinus Communis Seed Oil, Cetyl Alcohol, Spilanthes Acmella Flower Extract, Rosmarinus Officinalis Leaf Extract, Benzyl Salicylate, Geraniol</p>
<p>Felelős személy és gyártó:</p>
<p>PANAKEIA SK s.r.o., Žabinská 2, 911 05 Trencsén, Szlovákia,<br />
www.panakeia.hu</p>

<p>Mélyen hidratálja, intenzíven helyreállítja a bőrt, elősegíti annak rugalmasságát, tonizálja és serkenti a sejtregenerációt. Mangóvajjal, homoktövis kivonattal, ceramidokkal, hialuronsavval és gyöngyporral formulázva nagyon hatékonyan táplálja a bőrt, emellett gyulladáscsökkentő és antioxidáns tulajdonságokkal rendelkezik, amelyek lassítják az öregedési folyamatot. &nbsp; Az antioxidánsokban gazdag, le nem mosható maszkként használt krém azonnali és hosszan tartó eredményt biztosít a [&hellip;]</p>
