{"id":477021,"date":"2026-08-29T19:57:19","date_gmt":"2026-08-29T17:57:19","guid":{"rendered":"https:\/\/horgaszhely.hu\/hun\/termek\/konjac-szivacs-konnycsepp-voros-agyag-fiatalito\/"},"modified":"2026-08-29T19:57:22","modified_gmt":"2026-08-29T17:57:22","slug":"konjac-szivacs-konnycsepp-voros-agyag-fiatalito","status":"publish","type":"product","link":"https:\/\/horgaszhely.hu\/hun\/termek\/konjac-szivacs-konnycsepp-voros-agyag-fiatalito\/","title":{"rendered":"Konjac szivacs k\u00f6nnycsepp &#8211; V\u00f6r\u00f6s agyag &#8211; Fiatal\u00edt\u00f3"},"content":{"rendered":"<p>Nagyon j\u00f3l k\u00e9pes megtartani a vizet. Amikor a szivacs v\u00edzzel tel\u00edt\u0151dik, egy v\u00edzr\u00e9teg bor\u00edtja a fel\u00fclet\u00e9t.<br \/>\nEz a szivacs fel\u00fclet\u00e9n l\u00e9v\u0151 v\u00edzr\u00e9teg pufferk\u00e9nt hat a b\u0151rre, \u00e9s g\u00e1tat k\u00e9pez a szivacs \u00e9s a b\u0151r k\u00f6z\u00f6tt. Ennek k\u00f6sz\u00f6nhet\u0151en a b\u0151r soha nem \u00e9rintkezik k\u00f6zvetlen\u00fcl a szivaccsal, \u00e9s m\u00e9g intenz\u00edv mos\u00e1s eset\u00e9n sem karcol\u00f3dik vagy s\u00e9r\u00fcl.<\/p>\n","protected":false},"excerpt":{"rendered":"<p>Nagyon j\u00f3l k\u00e9pes megtartani a vizet. Amikor a szivacs v\u00edzzel tel\u00edt\u0151dik, egy v\u00edzr\u00e9teg bor\u00edtja a fel\u00fclet\u00e9t. Ez a szivacs fel\u00fclet\u00e9n l\u00e9v\u0151 v\u00edzr\u00e9teg pufferk\u00e9nt hat a b\u0151rre, \u00e9s g\u00e1tat k\u00e9pez a szivacs \u00e9s a b\u0151r k\u00f6z\u00f6tt. Ennek k\u00f6sz\u00f6nhet\u0151en a b\u0151r soha nem \u00e9rintkezik k\u00f6zvetlen\u00fcl a szivaccsal, \u00e9s m\u00e9g intenz\u00edv mos\u00e1s eset\u00e9n sem karcol\u00f3dik vagy s\u00e9r\u00fcl.<\/p>\n","protected":false},"featured_media":477022,"template":"","meta":{"_acf_changed":false},"product_brand":[],"product_cat":[3415,3414,3380],"product_tag":[],"class_list":["post-477021","product","type-product","status-publish","has-post-thumbnail","product_cat-kozmetikai-kiegeszitok","product_cat-panakeia-naturkozmetikumok","product_cat-termeszetes-kozmetikumok","first","instock","product-type-external"],"acf":[],"_links":{"self":[{"href":"https:\/\/horgaszhely.hu\/hun\/wp-json\/wp\/v2\/product\/477021","targetHints":{"allow":["GET"]}}],"collection":[{"href":"https:\/\/horgaszhely.hu\/hun\/wp-json\/wp\/v2\/product"}],"about":[{"href":"https:\/\/horgaszhely.hu\/hun\/wp-json\/wp\/v2\/types\/product"}],"wp:featuredmedia":[{"embeddable":true,"href":"https:\/\/horgaszhely.hu\/hun\/wp-json\/wp\/v2\/media\/477022"}],"wp:attachment":[{"href":"https:\/\/horgaszhely.hu\/hun\/wp-json\/wp\/v2\/media?parent=477021"}],"wp:term":[{"taxonomy":"product_brand","embeddable":true,"href":"https:\/\/horgaszhely.hu\/hun\/wp-json\/wp\/v2\/product_brand?post=477021"},{"taxonomy":"product_cat","embeddable":true,"href":"https:\/\/horgaszhely.hu\/hun\/wp-json\/wp\/v2\/product_cat?post=477021"},{"taxonomy":"product_tag","embeddable":true,"href":"https:\/\/horgaszhely.hu\/hun\/wp-json\/wp\/v2\/product_tag?post=477021"}],"curies":[{"name":"wp","href":"https:\/\/api.w.org\/{rel}","templated":true}]}}

Konjac szivacs könnycsepp &#8211; Vörös agyag &#8211; Fiatalító

<p>Nagyon jól képes megtartani a vizet. Amikor a szivacs vízzel telítődik, egy vízréteg borítja a felületét.<br />
Ez a szivacs felületén lévő vízréteg pufferként hat a bőrre, és gátat képez a szivacs és a bőr között. Ennek köszönhetően a bőr soha nem érintkezik közvetlenül a szivaccsal, és még intenzív mosás esetén sem karcolódik vagy sérül.</p>

<p>Nagyon jól képes megtartani a vizet. Amikor a szivacs vízzel telítődik, egy vízréteg borítja a felületét. Ez a szivacs felületén lévő vízréteg pufferként hat a bőrre, és gátat képez a szivacs és a bőr között. Ennek köszönhetően a bőr soha nem érintkezik közvetlenül a szivaccsal, és még intenzív mosás esetén sem karcolódik vagy sérül.</p>
