{"id":477057,"date":"2026-08-29T19:57:53","date_gmt":"2026-08-29T17:57:53","guid":{"rendered":"https:\/\/horgaszhely.hu\/hun\/termek\/panakeia-malachit-vilagosito-tisztito-hab-100ml\/"},"modified":"2026-08-29T19:57:59","modified_gmt":"2026-08-29T17:57:59","slug":"panakeia-malachit-vilagosito-tisztito-hab-100ml","status":"publish","type":"product","link":"https:\/\/horgaszhely.hu\/hun\/termek\/panakeia-malachit-vilagosito-tisztito-hab-100ml\/","title":{"rendered":"PANAKEIA MALACHIT &#8211; Vil\u00e1gos\u00edt\u00f3 tiszt\u00edt\u00f3 hab 100ml"},"content":{"rendered":"<p>Tartalmazza:<\/p>\n<p>Serkenti a kollag\u00e9n- \u00e9s elasztintermel\u00e9st, ez\u00e1ltal cs\u00f6kkenti a l\u00e1that\u00f3 r\u00e1ncokat. Ezenk\u00edv\u00fcl oxig\u00e9nnel l\u00e1tja el \u00e9s ragyog\u00f3v\u00e1 teszi a b\u0151rt. Alkalmas azoknak, akik szeretn\u00e9k megfiatal\u00edtani b\u0151r\u00fcket &#8211; a r\u00e1ncok, a f\u00e9ny\u00f6reged\u00e9s jelei, a t\u00falzott pigment\u00e1ci\u00f3, valamint a pattan\u00e1sok \u00e9s kisebb hegek elt\u00fcntet\u00e9s\u00e9re. A glikolsavat az alfa-hidroxisavak k\u00f6z\u00e9 sorolj\u00e1k. Term\u00e9szetes m\u00f3don a cukorn\u00e1dban tal\u00e1lhat\u00f3 meg.<br \/>\nA malachit dr\u00e1gak\u0151b\u0151l kivont v\u00e9d\u0151 r\u00e9zkomplex. Ez a kivonat seg\u00edt megv\u00e9deni a b\u0151rt \u00e9s a hajat a k\u00f6rnyezeti agresszi\u00f3val szemben. Er\u0151teljes szabadgy\u00f6kfog\u00f3, amely el\u0151seg\u00edti a sejtek v\u00e9delm\u00e9t.<br \/>\nMentavir\u00e1gv\u00edz, amely antiszeptikus tulajdons\u00e1gokkal rendelkezik. Megsemmis\u00edti a b\u0151r\u00f6n tal\u00e1lhat\u00f3 bakt\u00e9riumokat. Seg\u00edt meg\u0151rizni a b\u0151r eg\u00e9szs\u00e9g\u00e9t \u00e9s rugalmass\u00e1g\u00e1t.<br \/>\nAk\u00f3kuszbetain egy term\u00e9szetes eredet\u0171 amfoterikus fel\u00fcletakt\u00edv anyag, amelyet k\u00f3kuszolajb\u00f3l \u00e1ll\u00edtanak el\u0151.<\/p>\n<p>A term\u00e9k jellemz\u0151i:<\/p>\n<p>elt\u00e1vol\u00edtja a szennyez\u0151d\u00e9seket<br \/>\nelt\u00e1vol\u00edtja az elhalt h\u00e1msejteket<br \/>\nminimaliz\u00e1lja a pigmentfoltokat<\/p>\n<p>Minden b\u0151rt\u00edpusra aj\u00e1nlott.<br \/>\nHaszn\u00e1lat. Ker\u00fclje a szemet \u00e9s a sz\u00e1jat. Haszn\u00e1lja este, hetente 1x-3x.<br \/>\nAz els\u0151 haszn\u00e1lat el\u0151tt v\u00e9gezzen tolerancia tesztet.<br \/>\n&nbsp;<\/p>\n<p>Haszn\u00e1lati utas\u00edt\u00e1s:<\/p>\n<p>Vigyen fel egy kis mennyis\u00e9g\u0171 habot a nedves arcra, kiv\u00e9ve a szemk\u00f6rny\u00e9kre, \u00e9s k\u00f6rk\u00f6r\u00f6s mozdulatokkal massz\u00edrozza be. Ezut\u00e1n \u00f6bl\u00edtse le v\u00edzzel.<\/p>\n<p>Figyelmeztet\u00e9s:<\/p>\n<p>Kiz\u00e1r\u00f3lag k\u00fcls\u0151 haszn\u00e1latra. Kiz\u00e1r\u00f3lag k\u00fcls\u0151 haszn\u00e1latra. Ne haszn\u00e1lja irrit\u00e1lt vagy \u00e9rz\u00e9keny b\u0151r\u00f6n. Ne haszn\u00e1lja, ha \u00e9rz\u00e9keny a term\u00e9kben tal\u00e1lhat\u00f3 \u00f6sszetev\u0151kre. Ez a term\u00e9k nem alkalmas gyermekek sz\u00e1m\u00e1ra. Gyermekek el\u0151l elz\u00e1rva tartand\u00f3.<\/p>\n<p>T\u00e1rol\u00e1s:<\/p>\n<p>A term\u00e9ket szobah\u0151m\u00e9rs\u00e9kleten, h\u0151forr\u00e1st\u00f3l \u00e9s k\u00f6zvetlen napf\u00e9nyt\u0151l v\u00e9dve t\u00e1rolja.<\/p>\n<p>Tartalom: A k\u00e9sz\u00edtm\u00e9nyt a csomagol\u00e1sban l\u00e9v\u0151 term\u00e9kekhez nem szabad felhaszn\u00e1lni:<\/p>\n<p>Tartalom: 100 ml.<\/p>\n<p>\u00d6sszetev\u0151k:<\/p>\n<p>Aqua, Mentha Piperita Leaf Water, Cocamidopropyl Betaine, Glycerin, Sodium Lactate, Glycolic Acid, Arginine, Malachite Extract, Benzyl Alcohol, Salicylic Acid, Sorbic Acid<\/p>\n<p>Felel\u0151s szem\u00e9ly \u00e9s gy\u00e1rt\u00f3:<\/p>\n<p>PANAKEIA SK s.r.o., \u017dabinsk\u00e1 2, 91105 Trencs\u00e9n, Szlov\u00e1k K\u00f6zt\u00e1rsas\u00e1g,<br \/>\nwww.panakeia.hu<\/p>\n","protected":false},"excerpt":{"rendered":"<p>Tartalmazza: Serkenti a kollag\u00e9n- \u00e9s elasztintermel\u00e9st, ez\u00e1ltal cs\u00f6kkenti a l\u00e1that\u00f3 r\u00e1ncokat. Ezenk\u00edv\u00fcl oxig\u00e9nnel l\u00e1tja el \u00e9s ragyog\u00f3v\u00e1 teszi a b\u0151rt. Alkalmas azoknak, akik szeretn\u00e9k megfiatal\u00edtani b\u0151r\u00fcket &#8211; a r\u00e1ncok, a f\u00e9ny\u00f6reged\u00e9s jelei, a t\u00falzott pigment\u00e1ci\u00f3, valamint a pattan\u00e1sok \u00e9s kisebb hegek elt\u00fcntet\u00e9s\u00e9re. A glikolsavat az alfa-hidroxisavak k\u00f6z\u00e9 sorolj\u00e1k. Term\u00e9szetes m\u00f3don a cukorn\u00e1dban tal\u00e1lhat\u00f3 meg. A [&hellip;]<\/p>\n","protected":false},"featured_media":477058,"template":"","meta":{"_acf_changed":false},"product_brand":[],"product_cat":[3429,3454,3414,3380],"product_tag":[],"class_list":["post-477057","product","type-product","status-publish","has-post-thumbnail","product_cat-arckozmetikum","product_cat-borhamlasztas-es-tisztitas","product_cat-panakeia-naturkozmetikumok","product_cat-termeszetes-kozmetikumok","first","instock","product-type-external"],"acf":[],"_links":{"self":[{"href":"https:\/\/horgaszhely.hu\/hun\/wp-json\/wp\/v2\/product\/477057","targetHints":{"allow":["GET"]}}],"collection":[{"href":"https:\/\/horgaszhely.hu\/hun\/wp-json\/wp\/v2\/product"}],"about":[{"href":"https:\/\/horgaszhely.hu\/hun\/wp-json\/wp\/v2\/types\/product"}],"wp:featuredmedia":[{"embeddable":true,"href":"https:\/\/horgaszhely.hu\/hun\/wp-json\/wp\/v2\/media\/477058"}],"wp:attachment":[{"href":"https:\/\/horgaszhely.hu\/hun\/wp-json\/wp\/v2\/media?parent=477057"}],"wp:term":[{"taxonomy":"product_brand","embeddable":true,"href":"https:\/\/horgaszhely.hu\/hun\/wp-json\/wp\/v2\/product_brand?post=477057"},{"taxonomy":"product_cat","embeddable":true,"href":"https:\/\/horgaszhely.hu\/hun\/wp-json\/wp\/v2\/product_cat?post=477057"},{"taxonomy":"product_tag","embeddable":true,"href":"https:\/\/horgaszhely.hu\/hun\/wp-json\/wp\/v2\/product_tag?post=477057"}],"curies":[{"name":"wp","href":"https:\/\/api.w.org\/{rel}","templated":true}]}}

PANAKEIA MALACHIT &#8211; Világosító tisztító hab 100ml

<p>Tartalmazza:</p>
<p>Serkenti a kollagén- és elasztintermelést, ezáltal csökkenti a látható ráncokat. Ezenkívül oxigénnel látja el és ragyogóvá teszi a bőrt. Alkalmas azoknak, akik szeretnék megfiatalítani bőrüket &#8211; a ráncok, a fényöregedés jelei, a túlzott pigmentáció, valamint a pattanások és kisebb hegek eltüntetésére. A glikolsavat az alfa-hidroxisavak közé sorolják. Természetes módon a cukornádban található meg.<br />
A malachit drágakőből kivont védő rézkomplex. Ez a kivonat segít megvédeni a bőrt és a hajat a környezeti agresszióval szemben. Erőteljes szabadgyökfogó, amely elősegíti a sejtek védelmét.<br />
Mentavirágvíz, amely antiszeptikus tulajdonságokkal rendelkezik. Megsemmisíti a bőrön található baktériumokat. Segít megőrizni a bőr egészségét és rugalmasságát.<br />
Akókuszbetain egy természetes eredetű amfoterikus felületaktív anyag, amelyet kókuszolajból állítanak elő.</p>
<p>A termék jellemzői:</p>
<p>eltávolítja a szennyeződéseket<br />
eltávolítja az elhalt hámsejteket<br />
minimalizálja a pigmentfoltokat</p>
<p>Minden bőrtípusra ajánlott.<br />
Használat. Kerülje a szemet és a szájat. Használja este, hetente 1x-3x.<br />
Az első használat előtt végezzen tolerancia tesztet.<br />
&nbsp;</p>
<p>Használati utasítás:</p>
<p>Vigyen fel egy kis mennyiségű habot a nedves arcra, kivéve a szemkörnyékre, és körkörös mozdulatokkal masszírozza be. Ezután öblítse le vízzel.</p>
<p>Figyelmeztetés:</p>
<p>Kizárólag külső használatra. Kizárólag külső használatra. Ne használja irritált vagy érzékeny bőrön. Ne használja, ha érzékeny a termékben található összetevőkre. Ez a termék nem alkalmas gyermekek számára. Gyermekek elől elzárva tartandó.</p>
<p>Tárolás:</p>
<p>A terméket szobahőmérsékleten, hőforrástól és közvetlen napfénytől védve tárolja.</p>
<p>Tartalom: A készítményt a csomagolásban lévő termékekhez nem szabad felhasználni:</p>
<p>Tartalom: 100 ml.</p>
<p>Összetevők:</p>
<p>Aqua, Mentha Piperita Leaf Water, Cocamidopropyl Betaine, Glycerin, Sodium Lactate, Glycolic Acid, Arginine, Malachite Extract, Benzyl Alcohol, Salicylic Acid, Sorbic Acid</p>
<p>Felelős személy és gyártó:</p>
<p>PANAKEIA SK s.r.o., Žabinská 2, 91105 Trencsén, Szlovák Köztársaság,<br />
www.panakeia.hu</p>

<p>Tartalmazza: Serkenti a kollagén- és elasztintermelést, ezáltal csökkenti a látható ráncokat. Ezenkívül oxigénnel látja el és ragyogóvá teszi a bőrt. Alkalmas azoknak, akik szeretnék megfiatalítani bőrüket &#8211; a ráncok, a fényöregedés jelei, a túlzott pigmentáció, valamint a pattanások és kisebb hegek eltüntetésére. A glikolsavat az alfa-hidroxisavak közé sorolják. Természetes módon a cukornádban található meg. A [&hellip;]</p>
