{"id":477076,"date":"2026-08-29T19:57:53","date_gmt":"2026-08-29T17:57:53","guid":{"rendered":"https:\/\/horgaszhely.hu\/hun\/termek\/organikus-narancsvirag-neroli-100ml\/"},"modified":"2026-08-29T19:58:23","modified_gmt":"2026-08-29T17:58:23","slug":"organikus-narancsvirag-neroli-100ml","status":"publish","type":"product","link":"https:\/\/horgaszhely.hu\/hun\/termek\/organikus-narancsvirag-neroli-100ml\/","title":{"rendered":"Organikus narancsvir\u00e1g (Neroli) 100ml"},"content":{"rendered":"<p>A neroli vizet, m\u00e1s n\u00e9ven narancsvir\u00e1g hidrol\u00e1tumot, hidrat\u00e1l\u00f3, toniz\u00e1l\u00f3, regener\u00e1l\u00f3, b\u0151rkiegyenl\u00edt\u0151 tulajdons\u00e1gai\u00e9rt \u00e9s felemel\u0151 illat\u00e1\u00e9rt becs\u00fclik. A neroli a keser\u0171 narancsfa vir\u00e1ga, nev\u00e9t Anna Maria de Nerola olasz hercegn\u0151r\u0151l kapta.<br \/>\nIngredients.<br \/>\nAz \u00f6sszetev\u0151k 100%-a biogazd\u00e1lkod\u00e1sb\u00f3l sz\u00e1rmazik. Az Ecocert Greenlife \u00e1ltal az ECOCERT szabv\u00e1ny szerint tan\u00fas\u00edtott.<br \/>\nEL\u0150NY\u00d6K<\/p>\n<p>Seg\u00edt visszaadni a fak\u00f3 b\u0151r ragyog\u00e1s\u00e1t<br \/>\njav\u00edtja a nedvess\u00e9g egyens\u00faly\u00e1t<br \/>\ntoniz\u00e1l\u00f3, \u00f6reged\u00e9sg\u00e1tl\u00f3<br \/>\nb\u0151rregener\u00e1ci\u00f3<br \/>\nfelemel\u0151 illat<br \/>\nfinom vir\u00e1gillatot k\u00f6lcs\u00f6n\u00f6z a sz\u00e9ps\u00e9g\u00e1pol\u00e1si term\u00e9keknek<\/p>\n<p>HASZN\u00c1LATI JAVASLATOK<\/p>\n<p>\u00f6nmag\u00e1ban is haszn\u00e1lhat\u00f3, mint b\u0151rfeszes\u00edt\u0151, arctiszt\u00edt\u00f3, borotv\u00e1lkoz\u00e1s ut\u00e1ni, b\u0151rfriss\u00edt\u0151 k\u00f6d, borogat\u00e1sk\u00e9nt alkalmazva<br \/>\nel\u00e9g gyeng\u00e9d ahhoz, hogy k\u00f6zvetlen\u00fcl a b\u0151r\u00f6n is haszn\u00e1lhat\u00f3 legyen, \u00e9s gyermekek eset\u00e9ben is alkalmazhat\u00f3.<br \/>\nr\u00e9szben vagy teljesen helyettes\u00edtheti a vizet olyan kozmetikai term\u00e9kekben, mint tonik, tiszt\u00edt\u00f3szerek, test\u00e1pol\u00f3k, kr\u00e9mek, emulzi\u00f3k, samponok, g\u00e9lek, dezodorok, piperecikkek, micell\u00e1s vizek, babab\u0151r\u00e1pol\u00e1s<br \/>\nA vir\u00e1gkr\u00e9mek mikrob\u00e1k elszaporod\u00e1s\u00e1ra hajlamos term\u00e9kek, javasoljuk, hogy a felbont\u00e1st\u00f3l sz\u00e1m\u00edtott 6 h\u00f3napon bel\u00fcl fogyassz\u00e1k el, tiszta k\u00e9zzel \u00e9s eszk\u00f6z\u00f6kkel haszn\u00e1lj\u00e1k. Ha v\u00e1ltoz\u00e1st \u00e9szlel a megjelen\u00e9sben vagy az illatban, hagyja abba a vir\u00e1gos v\u00edz haszn\u00e1lat\u00e1t.<\/p>\n<p>BIZTONS\u00c1GI INFORM\u00c1CI\u00d3K<\/p>\n<p>kiz\u00e1r\u00f3lag kozmetikai felhaszn\u00e1l\u00e1sra<\/p>\n","protected":false},"excerpt":{"rendered":"<p>A neroli vizet, m\u00e1s n\u00e9ven narancsvir\u00e1g hidrol\u00e1tumot, hidrat\u00e1l\u00f3, toniz\u00e1l\u00f3, regener\u00e1l\u00f3, b\u0151rkiegyenl\u00edt\u0151 tulajdons\u00e1gai\u00e9rt \u00e9s felemel\u0151 illat\u00e1\u00e9rt becs\u00fclik. A neroli a keser\u0171 narancsfa vir\u00e1ga, nev\u00e9t Anna Maria de Nerola olasz hercegn\u0151r\u0151l kapta. Ingredients. Az \u00f6sszetev\u0151k 100%-a biogazd\u00e1lkod\u00e1sb\u00f3l sz\u00e1rmazik. Az Ecocert Greenlife \u00e1ltal az ECOCERT szabv\u00e1ny szerint tan\u00fas\u00edtott. EL\u0150NY\u00d6K Seg\u00edt visszaadni a fak\u00f3 b\u0151r ragyog\u00e1s\u00e1t jav\u00edtja a nedvess\u00e9g [&hellip;]<\/p>\n","protected":false},"featured_media":477077,"template":"","meta":{"_acf_changed":false},"product_brand":[],"product_cat":[3429,3414,3380,3440],"product_tag":[],"class_list":["post-477076","product","type-product","status-publish","has-post-thumbnail","product_cat-arckozmetikum","product_cat-panakeia-naturkozmetikumok","product_cat-termeszetes-kozmetikumok","product_cat-viragos-vizek","first","instock","product-type-external"],"acf":[],"_links":{"self":[{"href":"https:\/\/horgaszhely.hu\/hun\/wp-json\/wp\/v2\/product\/477076","targetHints":{"allow":["GET"]}}],"collection":[{"href":"https:\/\/horgaszhely.hu\/hun\/wp-json\/wp\/v2\/product"}],"about":[{"href":"https:\/\/horgaszhely.hu\/hun\/wp-json\/wp\/v2\/types\/product"}],"wp:featuredmedia":[{"embeddable":true,"href":"https:\/\/horgaszhely.hu\/hun\/wp-json\/wp\/v2\/media\/477077"}],"wp:attachment":[{"href":"https:\/\/horgaszhely.hu\/hun\/wp-json\/wp\/v2\/media?parent=477076"}],"wp:term":[{"taxonomy":"product_brand","embeddable":true,"href":"https:\/\/horgaszhely.hu\/hun\/wp-json\/wp\/v2\/product_brand?post=477076"},{"taxonomy":"product_cat","embeddable":true,"href":"https:\/\/horgaszhely.hu\/hun\/wp-json\/wp\/v2\/product_cat?post=477076"},{"taxonomy":"product_tag","embeddable":true,"href":"https:\/\/horgaszhely.hu\/hun\/wp-json\/wp\/v2\/product_tag?post=477076"}],"curies":[{"name":"wp","href":"https:\/\/api.w.org\/{rel}","templated":true}]}}

Organikus narancsvirág (Neroli) 100ml

<p>A neroli vizet, más néven narancsvirág hidrolátumot, hidratáló, tonizáló, regeneráló, bőrkiegyenlítő tulajdonságaiért és felemelő illatáért becsülik. A neroli a keserű narancsfa virága, nevét Anna Maria de Nerola olasz hercegnőről kapta.<br />
Ingredients.<br />
Az összetevők 100%-a biogazdálkodásból származik. Az Ecocert Greenlife által az ECOCERT szabvány szerint tanúsított.<br />
ELŐNYÖK</p>
<p>Segít visszaadni a fakó bőr ragyogását<br />
javítja a nedvesség egyensúlyát<br />
tonizáló, öregedésgátló<br />
bőrregeneráció<br />
felemelő illat<br />
finom virágillatot kölcsönöz a szépségápolási termékeknek</p>
<p>HASZNÁLATI JAVASLATOK</p>
<p>önmagában is használható, mint bőrfeszesítő, arctisztító, borotválkozás utáni, bőrfrissítő köd, borogatásként alkalmazva<br />
elég gyengéd ahhoz, hogy közvetlenül a bőrön is használható legyen, és gyermekek esetében is alkalmazható.<br />
részben vagy teljesen helyettesítheti a vizet olyan kozmetikai termékekben, mint tonik, tisztítószerek, testápolók, krémek, emulziók, samponok, gélek, dezodorok, piperecikkek, micellás vizek, bababőrápolás<br />
A virágkrémek mikrobák elszaporodására hajlamos termékek, javasoljuk, hogy a felbontástól számított 6 hónapon belül fogyasszák el, tiszta kézzel és eszközökkel használják. Ha változást észlel a megjelenésben vagy az illatban, hagyja abba a virágos víz használatát.</p>
<p>BIZTONSÁGI INFORMÁCIÓK</p>
<p>kizárólag kozmetikai felhasználásra</p>

<p>A neroli vizet, más néven narancsvirág hidrolátumot, hidratáló, tonizáló, regeneráló, bőrkiegyenlítő tulajdonságaiért és felemelő illatáért becsülik. A neroli a keserű narancsfa virága, nevét Anna Maria de Nerola olasz hercegnőről kapta. Ingredients. Az összetevők 100%-a biogazdálkodásból származik. Az Ecocert Greenlife által az ECOCERT szabvány szerint tanúsított. ELŐNYÖK Segít visszaadni a fakó bőr ragyogását javítja a nedvesség [&hellip;]</p>
